{"id":695698,"date":"2025-08-27T14:30:48","date_gmt":"2025-08-27T11:30:48","guid":{"rendered":"https:\/\/roveyayinevi.com.tr\/index.php\/urun\/kucuk-insanlardan-buyuk-sorular-hayli-muhim-insanlardan-basit-cevaplar\/"},"modified":"2026-04-16T02:05:43","modified_gmt":"2026-04-15T23:05:43","slug":"kucuk-insanlardan-buyuk-sorular-hayli-muhim-insanlardan-basit-cevaplar","status":"publish","type":"product","link":"https:\/\/roveyayinevi.com.tr\/index.php\/urun\/kucuk-insanlardan-buyuk-sorular-hayli-muhim-insanlardan-basit-cevaplar\/","title":{"rendered":"K\u00fc\u00e7\u00fck \u0130nsanlardan B\u00fcy\u00fck Sorular Hayli M\u00fchim \u0130nsanlardan Basit Cevaplar"},"content":{"rendered":"<p>\u00d6nce \u00c7ocuklar en iyi olduklar\u0131 \u015feyi yapt\u0131lar ve yeti\u015fkinleri \u015fa\u015fk\u0131na \u00e7eviren ak\u0131l ve hayal g\u00fcc\u00fc dolu sorular\u0131n\u0131 s\u0131ralad\u0131lar: Deniz neden tuzludur? Neden kendimi g\u0131d\u0131klayam\u0131yorum? Solucan yemek normal mi? Nas\u0131l a\u015f\u0131k oluruz? Tanr\u0131 kimdir? Neden u\u00e7am\u0131yoruz? \u00c7i\u015fimiz neden sar\u0131? Uzay ne kadar uzak? R\u00fcyalar neden yap\u0131lm\u0131\u015ft\u0131r? Hepimiz akraba m\u0131y\u0131z? Neden baz\u0131 insanlar k\u00f6t\u00fcd\u00fcr? D\u00fcnya neden yuvarlak? Zamanda yolculuk m\u00fcmk\u00fcn m\u00fc? Ar\u0131 ar\u0131y\u0131 sokar m\u0131? Ve daha onlarca soru&#8230; Sonra d\u00fcnyaca \u00fcnl\u00fc bilim insanlar\u0131, yazarlar, filozoflar, sanat\u00e7\u0131lar her soruyo, sanki kendi \u00e7ocuklar\u0131na anlat\u0131rm\u0131\u015f gibi basit ve keyifli bir dille yan\u0131tlad\u0131r: Alain De Botton, Richard Dawkins, Noam Chomsky, David Nicholls, Jarvis Cocker, Marcus Chown, Jim Al-Khalili, Philippa Gregory, David Eagleman, Philip Pullman, Sir David Attenborough, A. C. Grayling, Kelly Holmes ve daha onlarca hayli m\u00fchim insan. Ve Ortaya, g\u00f6rece\u011fi ilgi y\u00fcz\u00fcnden kapaktaki ine\u011fi (ve onun uzun zamand\u0131r i\u00e7ine att\u0131\u011f\u0131 s\u0131k\u0131nt\u0131s\u0131n\u0131!) \u00fcnl\u00fc yapacak bu kitap ortaya \u00e7\u0131kt\u0131.<\/p>\n","protected":false},"excerpt":{"rendered":"<p>\u00d6nce \u00c7ocuklar en iyi olduklar\u0131 \u015feyi yapt\u0131lar ve yeti\u015fkinleri \u015fa\u015fk\u0131na \u00e7eviren ak\u0131l ve hayal g\u00fcc\u00fc dolu sorular\u0131n\u0131 s\u0131ralad\u0131lar: Deniz neden tuzludur? Neden kendimi g\u0131d\u0131klayam\u0131yorum? Solucan yemek<span class=\"excerpt-hellip\"> [\u2026]<\/span><\/p>\n","protected":false},"featured_media":0,"template":"","meta":{"_monsterinsights_skip_tracking":false,"_monsterinsights_sitenote_active":false,"_monsterinsights_sitenote_note":"","_monsterinsights_sitenote_category":0},"product_brand":[],"product_cat":[15563],"product_tag":[],"class_list":{"0":"post-695698","1":"product","2":"type-product","3":"status-publish","5":"product_cat-hobi","6":"pa_cilt-ciltsiz","7":"pa_tur-kitap","8":"pa_yayinevi-domingo-yayinevi","9":"pa_yazar-kolektif","11":"first","12":"instock","13":"sale","14":"shipping-taxable","15":"purchasable","16":"product-type-simple"},"_links":{"self":[{"href":"https:\/\/roveyayinevi.com.tr\/index.php\/wp-json\/wp\/v2\/product\/695698","targetHints":{"allow":["GET"]}}],"collection":[{"href":"https:\/\/roveyayinevi.com.tr\/index.php\/wp-json\/wp\/v2\/product"}],"about":[{"href":"https:\/\/roveyayinevi.com.tr\/index.php\/wp-json\/wp\/v2\/types\/product"}],"wp:attachment":[{"href":"https:\/\/roveyayinevi.com.tr\/index.php\/wp-json\/wp\/v2\/media?parent=695698"}],"wp:term":[{"taxonomy":"product_brand","embeddable":true,"href":"https:\/\/roveyayinevi.com.tr\/index.php\/wp-json\/wp\/v2\/product_brand?post=695698"},{"taxonomy":"product_cat","embeddable":true,"href":"https:\/\/roveyayinevi.com.tr\/index.php\/wp-json\/wp\/v2\/product_cat?post=695698"},{"taxonomy":"product_tag","embeddable":true,"href":"https:\/\/roveyayinevi.com.tr\/index.php\/wp-json\/wp\/v2\/product_tag?post=695698"}],"curies":[{"name":"wp","href":"https:\/\/api.w.org\/{rel}","templated":true}]}}