{"id":695687,"date":"2025-08-27T14:30:46","date_gmt":"2025-08-27T11:30:46","guid":{"rendered":"https:\/\/roveyayinevi.com.tr\/index.php\/urun\/barnabas-incili\/"},"modified":"2026-04-16T02:05:43","modified_gmt":"2026-04-15T23:05:43","slug":"barnabas-incili","status":"publish","type":"product","link":"https:\/\/roveyayinevi.com.tr\/index.php\/urun\/barnabas-incili\/","title":{"rendered":"Barnabas \u0130ncili"},"content":{"rendered":"<p>Barnabas \u0130ncili M. 325 y\u0131l\u0131na kadar Ortado\u011fu ve \u0130skenderiye kiliselerinde okunuyor ve elden ele dola\u015f\u0131yordu. Putperest Roma; \u015firki devlet eliyle kilise ve papazlara onaylatt\u0131. Tevhidi anlatan Barnabas \u0130ncili yak\u0131larak ortadan kald\u0131r\u0131lmaya \u00e7al\u0131\u015f\u0131ld\u0131\u2026Barnabas \u0130ncili\u2019nin \u0130ngilizce \u00e7evirisine esas olan \u0130talyanca el yazmas\u0131 Papa Sextus\u2019un (1589-1590) elindeydi. \u0130talyanca el yazma Canon ve Bayan Reggo taraf\u0131ndan \u0130ngilizceye \u00e7evrilerek 1907\u2019de Oxford \u00dcniversitesi Bas\u0131mevi\u2019nce bas\u0131l\u0131p yay\u0131mland\u0131. Ancak bu \u0130ngilizce \u00e7evirinin b\u00fct\u00fcn n\u00fcshalar\u0131 birden ve esrarengiz bir \u015fekilde piyasadan kayboldu. \u015eu anda biri British Museum\u2019da di\u011feri Washington Kongre K\u00fct\u00fcphanesi\u2019nde olmak \u00fczere yaln\u0131zca iki n\u00fcshas\u0131n\u0131n var oldu\u011fu biliniyor. Elinizdeki kitap, Washington Kongre K\u00fct\u00fcphanesi\u2019ndeki n\u00fcshadan yap\u0131lm\u0131\u015f olan tam metin \u00e7eviridir.Ka\u00e7\u0131r\u0131lan \u0130ncil\u2019in tarihi ser\u00fcvenini okuyuculara b\u0131rak\u0131yoruz. <\/p>\n","protected":false},"excerpt":{"rendered":"<p>Barnabas \u0130ncili M. 325 y\u0131l\u0131na kadar Ortado\u011fu ve \u0130skenderiye kiliselerinde okunuyor ve elden ele dola\u015f\u0131yordu. Putperest Roma; \u015firki devlet eliyle kilise ve papazlara onaylatt\u0131. Tevhidi anlatan<span class=\"excerpt-hellip\"> [\u2026]<\/span><\/p>\n","protected":false},"featured_media":0,"template":"","meta":{"_monsterinsights_skip_tracking":false,"_monsterinsights_sitenote_active":false,"_monsterinsights_sitenote_note":"","_monsterinsights_sitenote_category":0},"product_brand":[],"product_cat":[12718,12807],"product_tag":[],"class_list":{"0":"post-695687","1":"product","2":"type-product","3":"status-publish","5":"product_cat-din","6":"product_cat-hristiyanlik","7":"pa_cilt-ciltsiz","8":"pa_tur-kitap","9":"pa_yayinevi-bilge-kultur-sanat","10":"pa_yazar-kolektif","12":"first","13":"instock","14":"sale","15":"shipping-taxable","16":"purchasable","17":"product-type-simple"},"_links":{"self":[{"href":"https:\/\/roveyayinevi.com.tr\/index.php\/wp-json\/wp\/v2\/product\/695687","targetHints":{"allow":["GET"]}}],"collection":[{"href":"https:\/\/roveyayinevi.com.tr\/index.php\/wp-json\/wp\/v2\/product"}],"about":[{"href":"https:\/\/roveyayinevi.com.tr\/index.php\/wp-json\/wp\/v2\/types\/product"}],"wp:attachment":[{"href":"https:\/\/roveyayinevi.com.tr\/index.php\/wp-json\/wp\/v2\/media?parent=695687"}],"wp:term":[{"taxonomy":"product_brand","embeddable":true,"href":"https:\/\/roveyayinevi.com.tr\/index.php\/wp-json\/wp\/v2\/product_brand?post=695687"},{"taxonomy":"product_cat","embeddable":true,"href":"https:\/\/roveyayinevi.com.tr\/index.php\/wp-json\/wp\/v2\/product_cat?post=695687"},{"taxonomy":"product_tag","embeddable":true,"href":"https:\/\/roveyayinevi.com.tr\/index.php\/wp-json\/wp\/v2\/product_tag?post=695687"}],"curies":[{"name":"wp","href":"https:\/\/api.w.org\/{rel}","templated":true}]}}