{"id":695671,"date":"2025-08-27T14:30:42","date_gmt":"2025-08-27T11:30:42","guid":{"rendered":"https:\/\/roveyayinevi.com.tr\/index.php\/urun\/cumhuriyet-oncesi-yazarlardan-cocuklara-hikayeler\/"},"modified":"2026-04-16T02:05:43","modified_gmt":"2026-04-15T23:05:43","slug":"cumhuriyet-oncesi-yazarlardan-cocuklara-hikayeler","status":"publish","type":"product","link":"https:\/\/roveyayinevi.com.tr\/index.php\/urun\/cumhuriyet-oncesi-yazarlardan-cocuklara-hikayeler\/","title":{"rendered":"Cumhuriyet \u00d6ncesi Yazarlardan \u00c7ocuklara Hikayeler"},"content":{"rendered":"<p>Mehmet Seyda\u2019n\u0131n Cumhuriyet \u00f6ncesi do\u011fumlu yazarlardan derledi\u011fi bu ba\u015f ucu kitab\u0131, her biri okuru bamba\u015fka duygulara s\u00fcr\u00fckleyen, bamba\u015fka yerlerde, bamba\u015fka insanlar aras\u0131nda dola\u015ft\u0131ran otuz bir hik\u00e2yeden olu\u015fuyor. Neler yok ki bu hik\u00e2yeler aras\u0131nda: Aziz Nesin\u2019in, y\u00fcz\u00fcn\u00fcze kocaman bir g\u00fcl\u00fcmseme yerle\u015ftirecek \u2018Mu Ni?\u2019si, Halit Ziya U\u015fakl\u0131gil\u2019in, bu g\u00fcl\u00fcmsemeyi ac\u0131yla kar\u0131\u015f\u0131k bir tebess\u00fcme d\u00f6n\u00fc\u015ft\u00fcrecek \u2018Ferhunde Kalfa\u2019s\u0131, Sabahattin \u00c2li\u2019nin, bo\u011faz\u0131n\u0131za bir yumruk gibi oturacak \u2018Ayran\u2019\u0131, Ahmet Naim\u2019in t\u00fcyler \u00fcrperten \u2018Kuduz D\u00fc\u011f\u00fcn\u00fc\u2019&#8230; <\/p>\n","protected":false},"excerpt":{"rendered":"<p>Mehmet Seyda\u2019n\u0131n Cumhuriyet \u00f6ncesi do\u011fumlu yazarlardan derledi\u011fi bu ba\u015f ucu kitab\u0131, her biri okuru bamba\u015fka duygulara s\u00fcr\u00fckleyen, bamba\u015fka yerlerde, bamba\u015fka insanlar aras\u0131nda dola\u015ft\u0131ran otuz bir hik\u00e2yeden<span class=\"excerpt-hellip\"> [\u2026]<\/span><\/p>\n","protected":false},"featured_media":0,"template":"","meta":{"_monsterinsights_skip_tracking":false,"_monsterinsights_sitenote_active":false,"_monsterinsights_sitenote_note":"","_monsterinsights_sitenote_category":0},"product_brand":[],"product_cat":[12291,12292],"product_tag":[],"class_list":{"0":"post-695671","1":"product","2":"type-product","3":"status-publish","5":"product_cat-edebiyat","6":"product_cat-turk-edebiyati","7":"pa_cilt-ciltsiz","8":"pa_tur-kitap","9":"pa_yayinevi-bilge-kultur-sanat","10":"pa_yazar-mehmet-seyda","12":"first","13":"instock","14":"sale","15":"shipping-taxable","16":"purchasable","17":"product-type-simple"},"_links":{"self":[{"href":"https:\/\/roveyayinevi.com.tr\/index.php\/wp-json\/wp\/v2\/product\/695671","targetHints":{"allow":["GET"]}}],"collection":[{"href":"https:\/\/roveyayinevi.com.tr\/index.php\/wp-json\/wp\/v2\/product"}],"about":[{"href":"https:\/\/roveyayinevi.com.tr\/index.php\/wp-json\/wp\/v2\/types\/product"}],"wp:attachment":[{"href":"https:\/\/roveyayinevi.com.tr\/index.php\/wp-json\/wp\/v2\/media?parent=695671"}],"wp:term":[{"taxonomy":"product_brand","embeddable":true,"href":"https:\/\/roveyayinevi.com.tr\/index.php\/wp-json\/wp\/v2\/product_brand?post=695671"},{"taxonomy":"product_cat","embeddable":true,"href":"https:\/\/roveyayinevi.com.tr\/index.php\/wp-json\/wp\/v2\/product_cat?post=695671"},{"taxonomy":"product_tag","embeddable":true,"href":"https:\/\/roveyayinevi.com.tr\/index.php\/wp-json\/wp\/v2\/product_tag?post=695671"}],"curies":[{"name":"wp","href":"https:\/\/api.w.org\/{rel}","templated":true}]}}