{"id":695641,"date":"2025-08-27T14:30:35","date_gmt":"2025-08-27T11:30:35","guid":{"rendered":"https:\/\/roveyayinevi.com.tr\/index.php\/urun\/aile-sohbetleri\/"},"modified":"2026-04-16T02:05:42","modified_gmt":"2026-04-15T23:05:42","slug":"aile-sohbetleri","status":"publish","type":"product","link":"https:\/\/roveyayinevi.com.tr\/index.php\/urun\/aile-sohbetleri\/","title":{"rendered":"Aile Sohbetleri"},"content":{"rendered":"<p>Aile i\u00e7inde zaman zaman \u00e7\u0131kan anla\u015fmazl\u0131klar etraf\u0131nda konu\u015fmalar \u015eevket Rado, milletleri ormana; aileleri de bu orman\u0131 meydana getiren meyve a\u011fa\u00e7lar\u0131na benzetiyor. Aileler sa\u011flam ve s\u00fcrekli olduk\u00e7a milletlerin hayatlar\u0131 kuvvet bulacakt\u0131r. A\u011fa\u00e7 o g\u00fczelim meyvelerini verecek ki orman sa\u011fl\u0131k ve ne\u015fe i\u00e7inde, g\u00f6z alabildi\u011fine uzay\u0131p gitsin. <\/p>\n","protected":false},"excerpt":{"rendered":"<p>Aile i\u00e7inde zaman zaman \u00e7\u0131kan anla\u015fmazl\u0131klar etraf\u0131nda konu\u015fmalar \u015eevket Rado, milletleri ormana; aileleri de bu orman\u0131 meydana getiren meyve a\u011fa\u00e7lar\u0131na benzetiyor. Aileler sa\u011flam ve s\u00fcrekli olduk\u00e7a<span class=\"excerpt-hellip\"> [\u2026]<\/span><\/p>\n","protected":false},"featured_media":0,"template":"","meta":{"_monsterinsights_skip_tracking":false,"_monsterinsights_sitenote_active":false,"_monsterinsights_sitenote_note":"","_monsterinsights_sitenote_category":0},"product_brand":[],"product_cat":[12364,12826],"product_tag":[],"class_list":{"0":"post-695641","1":"product","2":"type-product","3":"status-publish","5":"product_cat-genel-konular","6":"product_cat-soylesi","7":"pa_cilt-ciltsiz","8":"pa_tur-kitap","9":"pa_yayinevi-bilge-kultur-sanat","10":"pa_yazar-sevket-rado","12":"first","13":"instock","14":"sale","15":"shipping-taxable","16":"purchasable","17":"product-type-simple"},"_links":{"self":[{"href":"https:\/\/roveyayinevi.com.tr\/index.php\/wp-json\/wp\/v2\/product\/695641","targetHints":{"allow":["GET"]}}],"collection":[{"href":"https:\/\/roveyayinevi.com.tr\/index.php\/wp-json\/wp\/v2\/product"}],"about":[{"href":"https:\/\/roveyayinevi.com.tr\/index.php\/wp-json\/wp\/v2\/types\/product"}],"wp:attachment":[{"href":"https:\/\/roveyayinevi.com.tr\/index.php\/wp-json\/wp\/v2\/media?parent=695641"}],"wp:term":[{"taxonomy":"product_brand","embeddable":true,"href":"https:\/\/roveyayinevi.com.tr\/index.php\/wp-json\/wp\/v2\/product_brand?post=695641"},{"taxonomy":"product_cat","embeddable":true,"href":"https:\/\/roveyayinevi.com.tr\/index.php\/wp-json\/wp\/v2\/product_cat?post=695641"},{"taxonomy":"product_tag","embeddable":true,"href":"https:\/\/roveyayinevi.com.tr\/index.php\/wp-json\/wp\/v2\/product_tag?post=695641"}],"curies":[{"name":"wp","href":"https:\/\/api.w.org\/{rel}","templated":true}]}}