{"id":695632,"date":"2025-08-27T14:29:51","date_gmt":"2025-08-27T11:29:51","guid":{"rendered":"https:\/\/roveyayinevi.com.tr\/index.php\/urun\/soylev-cilt-1-2\/"},"modified":"2026-04-16T02:05:42","modified_gmt":"2026-04-15T23:05:42","slug":"soylev-cilt-1-2","status":"publish","type":"product","link":"https:\/\/roveyayinevi.com.tr\/index.php\/urun\/soylev-cilt-1-2\/","title":{"rendered":"S\u00f6ylev Cilt: 1-2"},"content":{"rendered":"<p>S\u00f6ylev Cilt: 1-2 S\u00d6YLEV, 1919-1927 d\u00f6neminde Atat\u00fcrk&#8217;\u00fcn kendi kaleminden \u00e7\u0131km\u0131\u015f bir \u00f6zya\u015fam \u00f6yk\u00fcs\u00fcd\u00fcr.   S\u00f6ylev, Ulusal Kurtulu\u015f Sava\u015f\u0131&#8217;n\u0131n ve T\u00fcrk Devrimi a\u015famalar\u0131n\u0131n \u00fcst d\u00fczeyde, ilk elden tutulmu\u015f bir g\u00fcncesi niteli\u011findedir.   Bu nedenle S\u00f6ylev, T\u00fcrkiye&#8217;nin en \u00f6nemli bir d\u00f6neminin belgelere dayal\u0131 siyasal tarihidir.   S\u00f6ylev, asker, devlet adam\u0131, \u00fcst\u00fcn konu\u015fmac\u0131 ve devrimci B\u00fcy\u00fck \u00d6nder Gazi Mustafa Kemal Atat\u00fcrk&#8217;\u00fc en iyi anlatan kitapt\u0131r.   Atat\u00fcrk&#8217;\u00fcn isten\u00e7li, dayan\u00e7l\u0131, uzak g\u00f6r\u00fcl\u00fc, sab\u0131rl\u0131 ve y\u00fcrekli ki\u015fili\u011fi bu yap\u0131t\u0131n her sayfas\u0131ndan yans\u0131maktad\u0131r. S\u00f6ylev, gelecek ku\u015faklar i\u00e7in bir yol g\u00f6stericidir. <\/p>\n","protected":false},"excerpt":{"rendered":"<p>S\u00f6ylev Cilt: 1-2 S\u00d6YLEV, 1919-1927 d\u00f6neminde Atat\u00fcrk&#8217;\u00fcn kendi kaleminden \u00e7\u0131km\u0131\u015f bir \u00f6zya\u015fam \u00f6yk\u00fcs\u00fcd\u00fcr. S\u00f6ylev, Ulusal Kurtulu\u015f Sava\u015f\u0131&#8217;n\u0131n ve T\u00fcrk Devrimi a\u015famalar\u0131n\u0131n \u00fcst d\u00fczeyde, ilk elden tutulmu\u015f<span class=\"excerpt-hellip\"> [\u2026]<\/span><\/p>\n","protected":false},"featured_media":0,"template":"","meta":{"_monsterinsights_skip_tracking":false,"_monsterinsights_sitenote_active":false,"_monsterinsights_sitenote_note":"","_monsterinsights_sitenote_category":0},"product_brand":[],"product_cat":[12530,12304],"product_tag":[],"class_list":{"0":"post-695632","1":"product","2":"type-product","3":"status-publish","5":"product_cat-mustafa-kemal-ataturk","6":"product_cat-tarih","7":"pa_cilt-ciltsiz","8":"pa_tur-kitap","9":"pa_yayinevi-cumhuriyet-kitaplari","10":"pa_yazar-mustafa-kemal-ataturk","12":"first","13":"instock","14":"sale","15":"shipping-taxable","16":"purchasable","17":"product-type-simple"},"_links":{"self":[{"href":"https:\/\/roveyayinevi.com.tr\/index.php\/wp-json\/wp\/v2\/product\/695632","targetHints":{"allow":["GET"]}}],"collection":[{"href":"https:\/\/roveyayinevi.com.tr\/index.php\/wp-json\/wp\/v2\/product"}],"about":[{"href":"https:\/\/roveyayinevi.com.tr\/index.php\/wp-json\/wp\/v2\/types\/product"}],"wp:attachment":[{"href":"https:\/\/roveyayinevi.com.tr\/index.php\/wp-json\/wp\/v2\/media?parent=695632"}],"wp:term":[{"taxonomy":"product_brand","embeddable":true,"href":"https:\/\/roveyayinevi.com.tr\/index.php\/wp-json\/wp\/v2\/product_brand?post=695632"},{"taxonomy":"product_cat","embeddable":true,"href":"https:\/\/roveyayinevi.com.tr\/index.php\/wp-json\/wp\/v2\/product_cat?post=695632"},{"taxonomy":"product_tag","embeddable":true,"href":"https:\/\/roveyayinevi.com.tr\/index.php\/wp-json\/wp\/v2\/product_tag?post=695632"}],"curies":[{"name":"wp","href":"https:\/\/api.w.org\/{rel}","templated":true}]}}

Söylev Cilt: 1-2

<p>Söylev Cilt: 1-2 SÖYLEV, 1919-1927 döneminde Atatürk&#8217;ün kendi kaleminden çıkmış bir özyaşam öyküsüdür.   Söylev, Ulusal Kurtuluş Savaşı&#8217;nın ve Türk Devrimi aşamalarının üst düzeyde, ilk elden tutulmuş bir güncesi niteliğindedir.   Bu nedenle Söylev, Türkiye&#8217;nin en önemli bir döneminin belgelere dayalı siyasal tarihidir.   Söylev, asker, devlet adamı, üstün konuşmacı ve devrimci Büyük Önder Gazi Mustafa Kemal Atatürk&#8217;ü en iyi anlatan kitaptır.   Atatürk&#8217;ün istençli, dayançlı, uzak görülü, sabırlı ve yürekli kişiliği bu yapıtın her sayfasından yansımaktadır. Söylev, gelecek kuşaklar için bir yol göstericidir. </p>

<p>Söylev Cilt: 1-2 SÖYLEV, 1919-1927 döneminde Atatürk&#8217;ün kendi kaleminden çıkmış bir özyaşam öyküsüdür. Söylev, Ulusal Kurtuluş Savaşı&#8217;nın ve Türk Devrimi aşamalarının üst düzeyde, ilk elden tutulmuş<span class="excerpt-hellip"> […]</span></p>
