{"id":695604,"date":"2025-08-27T14:29:44","date_gmt":"2025-08-27T11:29:44","guid":{"rendered":"https:\/\/roveyayinevi.com.tr\/index.php\/urun\/sosyoloji-ve-antropoloji\/"},"modified":"2026-04-16T02:05:41","modified_gmt":"2026-04-15T23:05:41","slug":"sosyoloji-ve-antropoloji","status":"publish","type":"product","link":"https:\/\/roveyayinevi.com.tr\/index.php\/urun\/sosyoloji-ve-antropoloji\/","title":{"rendered":"Sosyoloji ve Antropoloji"},"content":{"rendered":"<p>Marcel Mauss\u2019un insan bilimlerine b\u00fcy\u00fck katk\u0131 sa\u011flayan klasik \u00e7al\u0131\u015fmas\u0131, ilk defa ve kapsaml\u0131 bi\u00e7imde T\u00fcrk\u00e7ede. Sosyoloji ve Antropoloji, insanla ilgilenen herkesin her zaman ba\u015fvurabilece\u011fi \u00f6nemli bir kaynak.   Mauss, mitoloji, dilbilim, etnografya, psikoloji, din, hukuk ve ekonomi alanlar\u0131nda ola\u011fan\u00fcst\u00fc bilgi birikimiyle yaz\u0131s\u0131z toplumlar\u0131n d\u00fcnyas\u0131na yolculuk yapmaktad\u0131r. B\u00fcy\u00fcn\u00fcn, dinin, bu ikisi aras\u0131ndaki ili\u015fkilerin ve bunun toplumlar\u0131n organizasyonunda oynad\u0131\u011f\u0131 rol\u00fcn analizine yer verilen bu kitapta, ilkel denilen toplumlar ile uygar toplumlar aras\u0131ndaki derin tarihsel ba\u011flant\u0131lar ortaya konulmaktad\u0131r. \u00d6zel anlamda bireylerin, genel anlamda topluluklar\u0131n do\u011fayla ve birbirleriyle olan ili\u015fkileri, m\u00fccadeleleri, toplumsalla\u015fma ara\u00e7 ve y\u00f6ntemleri (\u00f6rne\u011fin potla\u00e7lar, de\u011fi\u015f-toku\u015f ve arma\u011fanlar) ve bunun nas\u0131l bir uygarl\u0131k s\u00fcreci h\u00e2line d\u00f6n\u00fc\u015ft\u00fc\u011f\u00fc anlat\u0131lmaktad\u0131r. \u0130nsan\u0131n kendini do\u011fay\u0131, \u00f6l\u00fcm\u00fc, Tanr\u0131\u2019y\u0131 ve i\u00e7inde ya\u015fad\u0131\u011f\u0131 toplulu\u011fu a\u00e7\u0131klama, yorumlama, anlamland\u0131rma ve di\u011fer taraftan hayatta kalma \u00e7abas\u0131 olarak tan\u0131mlayabilece\u011fimiz uygarl\u0131k s\u00fcreci, bu kitapta, b\u00fcy\u00fc, din, tabu ve mana t\u00fcr\u00fcnden olgular\u0131n bir sentezi olarak kar\u015f\u0131m\u0131za \u00e7\u0131kmaktad\u0131r.   Claude L\u00e9vi-Strauss\u2019un kapsaml\u0131 bir \u00f6ns\u00f6z\u00fcyle ba\u015flayan bu kitap, antropoloji ve sosyoloji \u00f6\u011frenimi i\u00e7in olmazsa olmaz bir yere sahiptir ve bu konuda b\u00fcy\u00fck bir bo\u015flu\u011fu doldurmaktad\u0131r. <\/p>\n","protected":false},"excerpt":{"rendered":"<p>Marcel Mauss\u2019un insan bilimlerine b\u00fcy\u00fck katk\u0131 sa\u011flayan klasik \u00e7al\u0131\u015fmas\u0131, ilk defa ve kapsaml\u0131 bi\u00e7imde T\u00fcrk\u00e7ede. Sosyoloji ve Antropoloji, insanla ilgilenen herkesin her zaman ba\u015fvurabilece\u011fi \u00f6nemli bir<span class=\"excerpt-hellip\"> [\u2026]<\/span><\/p>\n","protected":false},"featured_media":0,"template":"","meta":{"_monsterinsights_skip_tracking":false,"_monsterinsights_sitenote_active":false,"_monsterinsights_sitenote_note":"","_monsterinsights_sitenote_category":0},"product_brand":[],"product_cat":[12325,12324],"product_tag":[],"class_list":{"0":"post-695604","1":"product","2":"type-product","3":"status-publish","5":"product_cat-diger-sosyoloji","6":"product_cat-sosyoloji","7":"pa_cilt-ciltsiz","8":"pa_tur-dergi","9":"pa_yayinevi-dogu-bati-yayinlari","10":"pa_yazar-marcel-mauss","12":"first","13":"instock","14":"sale","15":"shipping-taxable","16":"purchasable","17":"product-type-simple"},"_links":{"self":[{"href":"https:\/\/roveyayinevi.com.tr\/index.php\/wp-json\/wp\/v2\/product\/695604","targetHints":{"allow":["GET"]}}],"collection":[{"href":"https:\/\/roveyayinevi.com.tr\/index.php\/wp-json\/wp\/v2\/product"}],"about":[{"href":"https:\/\/roveyayinevi.com.tr\/index.php\/wp-json\/wp\/v2\/types\/product"}],"wp:attachment":[{"href":"https:\/\/roveyayinevi.com.tr\/index.php\/wp-json\/wp\/v2\/media?parent=695604"}],"wp:term":[{"taxonomy":"product_brand","embeddable":true,"href":"https:\/\/roveyayinevi.com.tr\/index.php\/wp-json\/wp\/v2\/product_brand?post=695604"},{"taxonomy":"product_cat","embeddable":true,"href":"https:\/\/roveyayinevi.com.tr\/index.php\/wp-json\/wp\/v2\/product_cat?post=695604"},{"taxonomy":"product_tag","embeddable":true,"href":"https:\/\/roveyayinevi.com.tr\/index.php\/wp-json\/wp\/v2\/product_tag?post=695604"}],"curies":[{"name":"wp","href":"https:\/\/api.w.org\/{rel}","templated":true}]}}