{"id":695597,"date":"2025-08-27T14:29:42","date_gmt":"2025-08-27T11:29:42","guid":{"rendered":"https:\/\/roveyayinevi.com.tr\/index.php\/urun\/aptallar-erken-olur\/"},"modified":"2026-04-16T02:05:41","modified_gmt":"2026-04-15T23:05:41","slug":"aptallar-erken-olur","status":"publish","type":"product","link":"https:\/\/roveyayinevi.com.tr\/index.php\/urun\/aptallar-erken-olur\/","title":{"rendered":"Aptallar Erken \u00d6l\u00fcr"},"content":{"rendered":"<p>Mafia\u2019n\u0131n egemen oldu\u011fu yeralt\u0131 d\u00fcnyas\u0131n\u0131 Baba roman\u0131yla efsanele\u015ftiren Mario Puzo, okuyucuyu bu kez p\u0131r\u0131lt\u0131l\u0131 hayatlarla \u00fcnl\u00fc Las Vegas ve Hollywood\u2019a g\u00f6t\u00fcr\u00fcyor. Bakara ve yirmibir masalar\u0131, kumarhaneyi doland\u0131ran krupiyeler, havaland\u0131rmadan gelen saf oksijenle ayakta kalan ihtirasl\u0131 kumarbazlar, \u2018\u00f6kse\u2019 kad\u0131nlar, \u2018ya\u015fl\u0131 kurt\u2019 kumarhane m\u00fcd\u00fcrleri; film yap\u0131mc\u0131lar\u0131, Hollywood y\u0131ld\u0131zlar\u0131, Beverly Hills hayat\u0131&#8230; ve roman\u0131n ana karakteri \u2018dejenere\u2019 bir kumarbaz olan \u2018Sihirbaz\u2019 Merlyn. Puzo\u2019nun g\u00fc\u00e7l\u00fc kaleminden nefis bir roman. <\/p>\n","protected":false},"excerpt":{"rendered":"<p>Mafia\u2019n\u0131n egemen oldu\u011fu yeralt\u0131 d\u00fcnyas\u0131n\u0131 Baba roman\u0131yla efsanele\u015ftiren Mario Puzo, okuyucuyu bu kez p\u0131r\u0131lt\u0131l\u0131 hayatlarla \u00fcnl\u00fc Las Vegas ve Hollywood\u2019a g\u00f6t\u00fcr\u00fcyor. Bakara ve yirmibir masalar\u0131, kumarhaneyi<span class=\"excerpt-hellip\"> [\u2026]<\/span><\/p>\n","protected":false},"featured_media":0,"template":"","meta":{"_monsterinsights_skip_tracking":false,"_monsterinsights_sitenote_active":false,"_monsterinsights_sitenote_note":"","_monsterinsights_sitenote_category":0},"product_brand":[],"product_cat":[12891,12291],"product_tag":[],"class_list":{"0":"post-695597","1":"product","2":"type-product","3":"status-publish","5":"product_cat-amerikan-edebiyati","6":"product_cat-edebiyat","7":"pa_cilt-ciltsiz","8":"pa_tur-kitap","9":"pa_yayinevi-e-yayinlari","10":"pa_yazar-mario-puzo","12":"first","13":"instock","14":"sale","15":"shipping-taxable","16":"purchasable","17":"product-type-simple"},"_links":{"self":[{"href":"https:\/\/roveyayinevi.com.tr\/index.php\/wp-json\/wp\/v2\/product\/695597","targetHints":{"allow":["GET"]}}],"collection":[{"href":"https:\/\/roveyayinevi.com.tr\/index.php\/wp-json\/wp\/v2\/product"}],"about":[{"href":"https:\/\/roveyayinevi.com.tr\/index.php\/wp-json\/wp\/v2\/types\/product"}],"wp:attachment":[{"href":"https:\/\/roveyayinevi.com.tr\/index.php\/wp-json\/wp\/v2\/media?parent=695597"}],"wp:term":[{"taxonomy":"product_brand","embeddable":true,"href":"https:\/\/roveyayinevi.com.tr\/index.php\/wp-json\/wp\/v2\/product_brand?post=695597"},{"taxonomy":"product_cat","embeddable":true,"href":"https:\/\/roveyayinevi.com.tr\/index.php\/wp-json\/wp\/v2\/product_cat?post=695597"},{"taxonomy":"product_tag","embeddable":true,"href":"https:\/\/roveyayinevi.com.tr\/index.php\/wp-json\/wp\/v2\/product_tag?post=695597"}],"curies":[{"name":"wp","href":"https:\/\/api.w.org\/{rel}","templated":true}]}}