{"id":695581,"date":"2025-08-27T14:29:38","date_gmt":"2025-08-27T11:29:38","guid":{"rendered":"https:\/\/roveyayinevi.com.tr\/index.php\/urun\/sainte-beuvee-karsi\/"},"modified":"2026-04-16T02:05:41","modified_gmt":"2026-04-15T23:05:41","slug":"sainte-beuvee-karsi","status":"publish","type":"product","link":"https:\/\/roveyayinevi.com.tr\/index.php\/urun\/sainte-beuvee-karsi\/","title":{"rendered":"Sainte Beuve&#8217;e Kar\u015f\u0131"},"content":{"rendered":"<p>1908 y\u0131l\u0131n\u0131n sonbahar\u0131n\u0131n sonunda, Proust, yorgun halde evine d\u00f6ner. Uzun s\u00fcre kendini me\u015fgul eden Kay\u0131p Zaman\u0131n \u0130zinde\u2019yi bir tarafa b\u0131rakmas\u0131 gerekecektir. Zihninde canlanan bir dizi fikir ve \u00e7\u00f6z\u00fcmlemelerin ba\u015fyap\u0131t\u0131n\u0131n i\u00e7inde yer almas\u0131n\u0131 istemez. Le Figaro i\u00e7in bir makale kaleme almaya karar verir: \u201cSainte-Beuve\u2019e Kar\u015f\u0131\u201d. Alt\u0131 ay sonra bu hacimli yaz\u0131s\u0131 \u00fc\u00e7 y\u00fcz sayfal\u0131k bir denemeye d\u00f6n\u00fc\u015fecektir. Bu kitapta annesiyle \u00f6zg\u00fcrce sohbet eden yazar, Sainte-Beuve hakk\u0131ndaki d\u00fc\u015f\u00fcncelerini ki\u015fisel hat\u0131ralar, arkada\u015f portreleri, okuma izlenimleri etraf\u0131nda \u00f6rer: \u0130\u015fte Guermantes \u015fatosu: \u0130\u015fte Balzac\u2019\u0131n b\u00fcy\u00fck okurlar\u0131&#8230; Balzac, Baudelaire ve G\u00e9rard de Nerval etraf\u0131nda yap\u0131lan okumalar&#8230; Proust, g\u00fcndelik ya\u015fam\u0131ndan kesitler sunman\u0131n \u00f6tesinde, bir insan\u0131n \u00e7evresiyle kurabilece\u011fi ola\u011fan\u00fcst\u00fc ili\u015fkiyi de g\u00f6zler \u00f6n\u00fcne serer. Y\u00fczy\u0131l\u0131n\u0131n en b\u00fcy\u00fck romanc\u0131s\u0131, ayn\u0131 zamanda b\u00fcy\u00fck bir ele\u015ftirmen olabilece\u011fini bu kitab\u0131yla kan\u0131tlar. \u201cAkla verdi\u011fim \u00f6nem her ge\u00e7en g\u00fcn azal\u0131yor. Bir yazar\u0131n, izlenimlerimize ili\u015fkin bir \u015feyleri ancak ak\u0131ldan ba\u011f\u0131ms\u0131z olarak yakalayabilece\u011fini, yani kendine ait bir \u015feylere ve sanat\u0131n tek konusuna, akl\u0131 bir kenara b\u0131rakarak ula\u015fabilece\u011fini her ge\u00e7en g\u00fcn daha iyi anl\u0131yorum. Akl\u0131n bize \u201cge\u00e7mi\u015f\u201d diye sundu\u011fu \u015fey asl\u0131nda ge\u00e7mi\u015f de\u011fildir. Asl\u0131nda hayat\u0131m\u0131z\u0131n her saati, t\u0131pk\u0131 kimi halk efsanelerindeki \u00f6l\u00fclerin ruhlar\u0131 gibi, \u00f6l\u00fcr \u00f6lmez somut bir nesnenin i\u00e7ine gizlenerek onda v\u00fccut bulur. Oraya hapsolur ve biz o nesneye rastlamazsak, temelli orada hapis kal\u0131r.\u201d<\/p>\n","protected":false},"excerpt":{"rendered":"<p>1908 y\u0131l\u0131n\u0131n sonbahar\u0131n\u0131n sonunda, Proust, yorgun halde evine d\u00f6ner. Uzun s\u00fcre kendini me\u015fgul eden Kay\u0131p Zaman\u0131n \u0130zinde\u2019yi bir tarafa b\u0131rakmas\u0131 gerekecektir. Zihninde canlanan bir dizi fikir<span class=\"excerpt-hellip\"> [\u2026]<\/span><\/p>\n","protected":false},"featured_media":0,"template":"","meta":{"_monsterinsights_skip_tracking":false,"_monsterinsights_sitenote_active":false,"_monsterinsights_sitenote_note":"","_monsterinsights_sitenote_category":0},"product_brand":[],"product_cat":[12777,12291],"product_tag":[],"class_list":{"0":"post-695581","1":"product","2":"type-product","3":"status-publish","5":"product_cat-deneme","6":"product_cat-edebiyat","7":"pa_cilt-ciltsiz","8":"pa_tur-kitap","9":"pa_yayinevi-dogu-bati-yayinlari","10":"pa_yazar-marcel-proust","12":"first","13":"instock","14":"sale","15":"shipping-taxable","16":"purchasable","17":"product-type-simple"},"_links":{"self":[{"href":"https:\/\/roveyayinevi.com.tr\/index.php\/wp-json\/wp\/v2\/product\/695581","targetHints":{"allow":["GET"]}}],"collection":[{"href":"https:\/\/roveyayinevi.com.tr\/index.php\/wp-json\/wp\/v2\/product"}],"about":[{"href":"https:\/\/roveyayinevi.com.tr\/index.php\/wp-json\/wp\/v2\/types\/product"}],"wp:attachment":[{"href":"https:\/\/roveyayinevi.com.tr\/index.php\/wp-json\/wp\/v2\/media?parent=695581"}],"wp:term":[{"taxonomy":"product_brand","embeddable":true,"href":"https:\/\/roveyayinevi.com.tr\/index.php\/wp-json\/wp\/v2\/product_brand?post=695581"},{"taxonomy":"product_cat","embeddable":true,"href":"https:\/\/roveyayinevi.com.tr\/index.php\/wp-json\/wp\/v2\/product_cat?post=695581"},{"taxonomy":"product_tag","embeddable":true,"href":"https:\/\/roveyayinevi.com.tr\/index.php\/wp-json\/wp\/v2\/product_tag?post=695581"}],"curies":[{"name":"wp","href":"https:\/\/api.w.org\/{rel}","templated":true}]}}