{"id":695556,"date":"2025-08-27T14:29:32","date_gmt":"2025-08-27T11:29:32","guid":{"rendered":"https:\/\/roveyayinevi.com.tr\/index.php\/urun\/piyasanin-idaresi-neoliberalizm-ve-bagimsiz-duzenleyici-kurumlarin-anatomisi\/"},"modified":"2026-04-16T02:05:40","modified_gmt":"2026-04-15T23:05:40","slug":"piyasanin-idaresi-neoliberalizm-ve-bagimsiz-duzenleyici-kurumlarin-anatomisi","status":"publish","type":"product","link":"https:\/\/roveyayinevi.com.tr\/index.php\/urun\/piyasanin-idaresi-neoliberalizm-ve-bagimsiz-duzenleyici-kurumlarin-anatomisi\/","title":{"rendered":"Piyasan\u0131n \u0130daresi: Neoliberalizm ve Ba\u011f\u0131ms\u0131z D\u00fczenleyici Kurumlar\u0131n Anatomisi"},"content":{"rendered":"<p>Yanl\u0131\u015f m\u0131 yapt\u0131k bilmiyorum. Ama T\u00fcrkiye\u2019de, \u00e7ok fazla \u00f6zerk kurulu\u015f kuruldu. Devlet i\u00e7inde; fakat devletten daha yetkili baz\u0131 kurulu\u015flar kuruldu. Onlara s\u00f6z ge\u00e7iremiyoruz&#8230; devletin etkinli\u011fini yeniden demokratik kurallar i\u00e7inde i\u015fler hale getirmemiz gerekti\u011fi d\u00fc\u015f\u00fcncesindeyim.  -B\u00fclent Ecevit-, 2001 Neoliberalizmin k\u00fc\u00e7\u00fck devlet g\u00fc\u00e7l\u00fc piyasa \u00fclk\u00fcs\u00fcn\u00fc devlet eliyle ger\u00e7ekle\u015ftiren kurumlar hakk\u0131nda bir kitap&#8230; Kurulu\u015flar\u0131 1980\u2019lerin ba\u015f\u0131na uzanan Sermaye Piyasas\u0131 Kurulu, Radyo ve Televizyon \u00dcst Kurulu, Rekabet Kurumu&#8230; ve 1999-2002 aras\u0131nda kurulan Bankac\u0131l\u0131k D\u00fczenleme ve Denetleme Kurumu, Bilgi Teknolojileri ve \u0130leti\u015fim Kurumu, Enerji Piyasas\u0131 D\u00fczenleme Kurumu, \u015eeker Kurumu, T\u00fct\u00fcn ve Alkol Piyasas\u0131 D\u00fczenleme Kurumu, Kamu \u0130hale Kurumu&#8230; Bu kurumlar, T\u00fcrkiye\u2019de hem devletin\/idarenin hem piyasan\u0131n \u00fcst organlar\u0131 konumundalar. \u00dcmit S\u00f6nmez, bu kurumlar \u00fczerinden, neoliberalizmin devlet-piyasa ili\u015fkisine dair tasar\u0131m\u0131n\u0131 analiz ediyor. Bu tasar\u0131ma ili\u015fkin kuramsal modelleri tart\u0131\u015f\u0131rken, neoliberal \u2018\u00e7a\u011f\u0131n\u2019 sihirli kavram\u0131 olan y\u00f6neti\u015fim hakk\u0131nda sa\u011flam bir \u00e7er\u00e7eve sunuyor. Bu kuramsal \u00e7er\u00e7eve i\u00e7inde, ba\u011f\u0131ms\u0131z d\u00fczenleyici kurumlar\u0131n somut i\u015fleyi\u015finin ayr\u0131nt\u0131l\u0131 bir tasviri ve ele\u015ftirel de\u011ferlendirmesi ihmal edilmiyor kitapta. <\/p>\n","protected":false},"excerpt":{"rendered":"<p>Yanl\u0131\u015f m\u0131 yapt\u0131k bilmiyorum. Ama T\u00fcrkiye\u2019de, \u00e7ok fazla \u00f6zerk kurulu\u015f kuruldu. Devlet i\u00e7inde; fakat devletten daha yetkili baz\u0131 kurulu\u015flar kuruldu. Onlara s\u00f6z ge\u00e7iremiyoruz&#8230; devletin etkinli\u011fini yeniden<span class=\"excerpt-hellip\"> [\u2026]<\/span><\/p>\n","protected":false},"featured_media":0,"template":"","meta":{"_monsterinsights_skip_tracking":false,"_monsterinsights_sitenote_active":false,"_monsterinsights_sitenote_note":"","_monsterinsights_sitenote_category":0},"product_brand":[],"product_cat":[12312,12304],"product_tag":[],"class_list":{"0":"post-695556","1":"product","2":"type-product","3":"status-publish","5":"product_cat-diger","6":"product_cat-tarih","7":"pa_cilt-ciltsiz","8":"pa_tur-kitap","9":"pa_yayinevi-iletisim-yayinlari","10":"pa_yazar-umit-sonmez","12":"first","13":"instock","14":"sale","15":"shipping-taxable","16":"purchasable","17":"product-type-simple"},"_links":{"self":[{"href":"https:\/\/roveyayinevi.com.tr\/index.php\/wp-json\/wp\/v2\/product\/695556","targetHints":{"allow":["GET"]}}],"collection":[{"href":"https:\/\/roveyayinevi.com.tr\/index.php\/wp-json\/wp\/v2\/product"}],"about":[{"href":"https:\/\/roveyayinevi.com.tr\/index.php\/wp-json\/wp\/v2\/types\/product"}],"wp:attachment":[{"href":"https:\/\/roveyayinevi.com.tr\/index.php\/wp-json\/wp\/v2\/media?parent=695556"}],"wp:term":[{"taxonomy":"product_brand","embeddable":true,"href":"https:\/\/roveyayinevi.com.tr\/index.php\/wp-json\/wp\/v2\/product_brand?post=695556"},{"taxonomy":"product_cat","embeddable":true,"href":"https:\/\/roveyayinevi.com.tr\/index.php\/wp-json\/wp\/v2\/product_cat?post=695556"},{"taxonomy":"product_tag","embeddable":true,"href":"https:\/\/roveyayinevi.com.tr\/index.php\/wp-json\/wp\/v2\/product_tag?post=695556"}],"curies":[{"name":"wp","href":"https:\/\/api.w.org\/{rel}","templated":true}]}}