{"id":695553,"date":"2025-08-27T14:29:31","date_gmt":"2025-08-27T11:29:31","guid":{"rendered":"https:\/\/roveyayinevi.com.tr\/index.php\/urun\/altin-nesilin-pesinde-fethullah-gulende-toplum-devlet-ahlak-otorite\/"},"modified":"2026-04-16T02:05:40","modified_gmt":"2026-04-15T23:05:40","slug":"altin-nesilin-pesinde-fethullah-gulende-toplum-devlet-ahlak-otorite","status":"publish","type":"product","link":"https:\/\/roveyayinevi.com.tr\/index.php\/urun\/altin-nesilin-pesinde-fethullah-gulende-toplum-devlet-ahlak-otorite\/","title":{"rendered":"Alt\u0131n Nesil&#8217;in Pe\u015finde: Fethullah G\u00fclen&#8217;de Toplum, Devlet, Ahlak, Otorite"},"content":{"rendered":"<p>Fethullah G\u00fclen, 1990\u2019lardan itibaren hemen herkesin T\u00fcrkiye\u2019nin en  etkili ki\u015fileri  aras\u0131nda sayaca\u011f\u0131 birisi. Din adam\u0131 ve kanaat \u00f6nderi kimli\u011fiyle b\u00fcy\u00fck bir etkiye sahip. Benimseyenler onu  ho\u015fg\u00f6r\u00fcn\u00fcn  teminat\u0131 ve  hizmet  faaliyetleri i\u00e7in ilham kayna\u011f\u0131 say\u0131yorlar; endi\u015feyle izleyenler ise sadece yayg\u0131n bir toplumsal \u00f6rg\u00fctlenmeyle kalmay\u0131p devlete de gitgide daha fazla n\u00fcfuz eden bir  Cemaat in lideri olarak g\u00f6r\u00fcyorlar. Fethullah G\u00fclen\u2019in d\u00fc\u015f\u00fcncelerini nas\u0131l yorumlamal\u0131? Onun d\u00fc\u015f\u00fcncelerinden nas\u0131l bir toplum ve insan g\u00f6r\u00fc\u015f\u00fc, nas\u0131l bir ya\u015fam ve ahlak anlay\u0131\u015f\u0131 \u00e7\u0131k\u0131yor? Elinizdeki kitap, bu sorulara cevap getiren serinkanl\u0131, titiz bir analiz ortaya koyuyor. Yavuz \u00c7obano\u011flu, b\u00fct\u00fcn metin ve konu\u015fmalar\u0131n\u0131 inceledi\u011fi Fethullah G\u00fclen\u2019in ho\u015fg\u00f6r\u00fc s\u00f6ylemini, alt\u0131n nesil ideali gibi temel motifleri etraf\u0131nda, onun d\u00fc\u015f\u00fcncesini bir sosyal ahl\u00e2k tasar\u0131m\u0131 olarak ele al\u0131yor. Bu tasar\u0131m\u0131n nas\u0131l kuvvetli bir otorite ve devlet kavram\u0131na yasland\u0131\u011f\u0131n\u0131, milliyet\u00e7ilikle nas\u0131l eklemlendi\u011fini g\u00f6steriyor. Bunlarla beraber, ele\u015ftirdi\u011fi  Bat\u0131c\u0131  modernizmin pozitivist-organizmac\u0131 \u00e7izgisini s\u00fcrd\u00fcrmesi gibi g\u00fc\u00e7l\u00fc \u2018stat\u00fckocu\u2019 damarlar\u0131na da dikkat \u00e7ekiyor. Yak\u0131n d\u00f6nem T\u00fcrkiye\u2019nin \u00f6nemli bir toplumsal olgusunu anlamak i\u00e7in sa\u011flam bir ba\u015fvuru kayna\u011f\u0131. <\/p>\n","protected":false},"excerpt":{"rendered":"<p>Fethullah G\u00fclen, 1990\u2019lardan itibaren hemen herkesin T\u00fcrkiye\u2019nin en etkili ki\u015fileri aras\u0131nda sayaca\u011f\u0131 birisi. Din adam\u0131 ve kanaat \u00f6nderi kimli\u011fiyle b\u00fcy\u00fck bir etkiye sahip. Benimseyenler onu ho\u015fg\u00f6r\u00fcn\u00fcn<span class=\"excerpt-hellip\"> [\u2026]<\/span><\/p>\n","protected":false},"featured_media":0,"template":"","meta":{"_monsterinsights_skip_tracking":false,"_monsterinsights_sitenote_active":false,"_monsterinsights_sitenote_note":"","_monsterinsights_sitenote_category":0},"product_brand":[],"product_cat":[12312,12304],"product_tag":[],"class_list":{"0":"post-695553","1":"product","2":"type-product","3":"status-publish","5":"product_cat-diger","6":"product_cat-tarih","7":"pa_cilt-ciltsiz","8":"pa_tur-kitap","9":"pa_yayinevi-iletisim-yayinlari","10":"pa_yazar-yavuz-cobanoglu","12":"first","13":"instock","14":"sale","15":"shipping-taxable","16":"purchasable","17":"product-type-simple"},"_links":{"self":[{"href":"https:\/\/roveyayinevi.com.tr\/index.php\/wp-json\/wp\/v2\/product\/695553","targetHints":{"allow":["GET"]}}],"collection":[{"href":"https:\/\/roveyayinevi.com.tr\/index.php\/wp-json\/wp\/v2\/product"}],"about":[{"href":"https:\/\/roveyayinevi.com.tr\/index.php\/wp-json\/wp\/v2\/types\/product"}],"wp:attachment":[{"href":"https:\/\/roveyayinevi.com.tr\/index.php\/wp-json\/wp\/v2\/media?parent=695553"}],"wp:term":[{"taxonomy":"product_brand","embeddable":true,"href":"https:\/\/roveyayinevi.com.tr\/index.php\/wp-json\/wp\/v2\/product_brand?post=695553"},{"taxonomy":"product_cat","embeddable":true,"href":"https:\/\/roveyayinevi.com.tr\/index.php\/wp-json\/wp\/v2\/product_cat?post=695553"},{"taxonomy":"product_tag","embeddable":true,"href":"https:\/\/roveyayinevi.com.tr\/index.php\/wp-json\/wp\/v2\/product_tag?post=695553"}],"curies":[{"name":"wp","href":"https:\/\/api.w.org\/{rel}","templated":true}]}}