{"id":695549,"date":"2025-08-27T14:29:30","date_gmt":"2025-08-27T11:29:30","guid":{"rendered":"https:\/\/roveyayinevi.com.tr\/index.php\/urun\/egitimci-bir-jon-turk-lider-ahmet-riza-bey-ve-vazife-ve-mesuliyet-eserleri\/"},"modified":"2026-04-16T02:05:40","modified_gmt":"2026-04-15T23:05:40","slug":"egitimci-bir-jon-turk-lider-ahmet-riza-bey-ve-vazife-ve-mesuliyet-eserleri","status":"publish","type":"product","link":"https:\/\/roveyayinevi.com.tr\/index.php\/urun\/egitimci-bir-jon-turk-lider-ahmet-riza-bey-ve-vazife-ve-mesuliyet-eserleri\/","title":{"rendered":"E\u011fitimci Bir J\u00f6n T\u00fcrk Lider Ahmet R\u0131za Bey ve Vazife ve Mesuliyet Eserleri"},"content":{"rendered":"<p>Vazife ve Mesuliyet kitap\u00e7\u0131klar\u0131n\u0131n \u00e7evrim yaz\u0131 ve incelemeyle yay\u0131mlanmas\u0131 T\u00fcrk e\u011fitim tarihine, son d\u00f6nem Osmanl\u0131 toplumunda modernle\u015fmenin zorunlu bir gere\u011fi olarak ortaya \u00e7\u0131kan kamu e\u011fitimi d\u00fc\u015f\u00fcncesinin ayd\u0131nlar taraf\u0131ndan nas\u0131l alg\u0131land\u0131\u011f\u0131n\u0131 ve toplum \u00fczerinde nas\u0131l ger\u00e7ekle\u015ftirilmek istendi\u011fini g\u00f6stermesi bak\u0131m\u0131ndan anahtar rol oynayacak eserlerden biridir. \u00d6zellikle gen\u00e7li\u011finden itibaren Frans\u0131z Pozitivizmine a\u015f\u0131r\u0131 bir ilgi duyan, sadece d\u00fc\u015f\u00fcncelerini de\u011fil, g\u00fcnl\u00fck ya\u015fant\u0131s\u0131n\u0131 bile Pozitivist bir disiplinle icraya kalk\u0131\u015fan Ahmed R\u0131za\u2019n\u0131n toplumsal e\u011fitimin arka plan\u0131n\u0131 nas\u0131l doldurdu\u011funu bu kitap\u00e7\u0131klardan g\u00f6rmek m\u00fcmk\u00fcnd\u00fcr. Bu eserlerin yay\u0131mlanmas\u0131ndaki ama\u00e7, Ordre et Progres ideolojisine  y\u00fczeysel  ba\u011fl\u0131 bir ayd\u0131n\u0131n, e\u011fitim ve toplum ili\u015fkisinde, yirminci y\u00fczy\u0131l\u0131n ilk yar\u0131s\u0131nda hayli reva\u00e7 bulan sosyal m\u00fchendislik zihniyetinin Osmanl\u0131 toplumu \u00f6zelinde \u00f6zg\u00fcn \u00f6rneklerinden birini sunmaya \u00e7al\u0131\u015fmakt\u0131r. <\/p>\n","protected":false},"excerpt":{"rendered":"<p>Vazife ve Mesuliyet kitap\u00e7\u0131klar\u0131n\u0131n \u00e7evrim yaz\u0131 ve incelemeyle yay\u0131mlanmas\u0131 T\u00fcrk e\u011fitim tarihine, son d\u00f6nem Osmanl\u0131 toplumunda modernle\u015fmenin zorunlu bir gere\u011fi olarak ortaya \u00e7\u0131kan kamu e\u011fitimi d\u00fc\u015f\u00fcncesinin<span class=\"excerpt-hellip\"> [\u2026]<\/span><\/p>\n","protected":false},"featured_media":0,"template":"","meta":{"_monsterinsights_skip_tracking":false,"_monsterinsights_sitenote_active":false,"_monsterinsights_sitenote_note":"","_monsterinsights_sitenote_category":0},"product_brand":[],"product_cat":[12365,12364],"product_tag":[],"class_list":{"0":"post-695549","1":"product","2":"type-product","3":"status-publish","5":"product_cat-diger-genel-konular","6":"product_cat-genel-konular","7":"pa_tur-kitap","8":"pa_yayinevi-divan-kitap","9":"pa_yazar-mustafa-gunduz","11":"first","12":"instock","13":"sale","14":"shipping-taxable","15":"purchasable","16":"product-type-simple"},"_links":{"self":[{"href":"https:\/\/roveyayinevi.com.tr\/index.php\/wp-json\/wp\/v2\/product\/695549","targetHints":{"allow":["GET"]}}],"collection":[{"href":"https:\/\/roveyayinevi.com.tr\/index.php\/wp-json\/wp\/v2\/product"}],"about":[{"href":"https:\/\/roveyayinevi.com.tr\/index.php\/wp-json\/wp\/v2\/types\/product"}],"wp:attachment":[{"href":"https:\/\/roveyayinevi.com.tr\/index.php\/wp-json\/wp\/v2\/media?parent=695549"}],"wp:term":[{"taxonomy":"product_brand","embeddable":true,"href":"https:\/\/roveyayinevi.com.tr\/index.php\/wp-json\/wp\/v2\/product_brand?post=695549"},{"taxonomy":"product_cat","embeddable":true,"href":"https:\/\/roveyayinevi.com.tr\/index.php\/wp-json\/wp\/v2\/product_cat?post=695549"},{"taxonomy":"product_tag","embeddable":true,"href":"https:\/\/roveyayinevi.com.tr\/index.php\/wp-json\/wp\/v2\/product_tag?post=695549"}],"curies":[{"name":"wp","href":"https:\/\/api.w.org\/{rel}","templated":true}]}}