{"id":695543,"date":"2025-08-27T14:29:29","date_gmt":"2025-08-27T11:29:29","guid":{"rendered":"https:\/\/roveyayinevi.com.tr\/index.php\/urun\/aklin-yonetimi-icin-kurallar-2\/"},"modified":"2026-04-16T02:05:40","modified_gmt":"2026-04-15T23:05:40","slug":"aklin-yonetimi-icin-kurallar-2","status":"publish","type":"product","link":"https:\/\/roveyayinevi.com.tr\/index.php\/urun\/aklin-yonetimi-icin-kurallar-2\/","title":{"rendered":"Akl\u0131n Y\u00f6netimi \u0130\u00e7in Kurallar"},"content":{"rendered":"<p>Descartes yaln\u0131zca bilgiyi de\u011fil, kesin ve do\u011fru bilgiyi arayan herkesi \u00f6mr\u00fcnde en az\u0131ndan bir kez bunu nas\u0131l bulabilece\u011fi \u00fczerine d\u00fc\u015f\u00fcnmeye davet ediyor. Karma\u015f\u0131k g\u00f6r\u00fcnen \u015feyleri basitle\u015ftirmek, mu\u011fl\u00e2k olan \u015feyleri a\u00e7\u0131kl\u0131\u011fa kavu\u015fturmak, do\u011fruyu yanl\u0131\u015ftan ay\u0131rabilmek ve nihayet bizi kesin ve do\u011fru bilgiye g\u00f6t\u00fcrebilecek b\u00fct\u00fcn insani imk\u00e2nlar\u0131 sonuna kadar kullanabilmek i\u00e7in akl\u0131m\u0131z\u0131 kullanmaktan ba\u015fka bir \u00e7aremiz olmad\u0131\u011f\u0131n\u0131 Descartes apa\u00e7\u0131k bir \u015fekilde g\u00f6steriyor. Yaz\u0131ld\u0131\u011f\u0131 onyedinci y\u00fczy\u0131ldan bug\u00fcne kadar d\u00fc\u015f\u00fcnmenin bizatihi kendisiyle i\u015ftigal eden herkesi kendisine \u00e7eken bu eser, sisli ve s\u00fcsl\u00fc kelimelerle bilgi k\u0131r\u0131nt\u0131lar\u0131n\u0131 eri\u015filmez da\u011flara d\u00f6n\u00fc\u015ft\u00fcren ve akl\u0131m\u0131z\u0131 adeta dumura u\u011fratmaya ahdetmi\u015f ki\u015filere b\u00fcy\u00fck bir tevazu ve sab\u0131rla hak ettikleri cevab\u0131 veriyor. Akl\u0131n Y\u00f6netimi \u0130\u00e7in Kurallar a\u00e7\u0131k, yal\u0131n ve sistemli d\u00fc\u015f\u00fcncenin \u00f6nemini vurgulamas\u0131n\u0131n d\u0131\u015f\u0131nda zihni kapasitemizi art\u0131racak \u00f6nemli ipu\u00e7lar\u0131 da sunuyor. Descartes ne d\u00fc\u015f\u00fcnd\u00fc\u011f\u00fcm\u00fcz kadar, nas\u0131l d\u00fc\u015f\u00fcnd\u00fc\u011f\u00fcm\u00fcz\u00fcn de \u00f6nemli oldu\u011funu bize her kuralda yeniden hat\u0131rlat\u0131yor. <\/p>\n","protected":false},"excerpt":{"rendered":"<p>Descartes yaln\u0131zca bilgiyi de\u011fil, kesin ve do\u011fru bilgiyi arayan herkesi \u00f6mr\u00fcnde en az\u0131ndan bir kez bunu nas\u0131l bulabilece\u011fi \u00fczerine d\u00fc\u015f\u00fcnmeye davet ediyor. Karma\u015f\u0131k g\u00f6r\u00fcnen \u015feyleri basitle\u015ftirmek,<span class=\"excerpt-hellip\"> [\u2026]<\/span><\/p>\n","protected":false},"featured_media":0,"template":"","meta":{"_monsterinsights_skip_tracking":false,"_monsterinsights_sitenote_active":false,"_monsterinsights_sitenote_note":"","_monsterinsights_sitenote_category":0},"product_brand":[],"product_cat":[12389,12388],"product_tag":[],"class_list":{"0":"post-695543","1":"product","2":"type-product","3":"status-publish","5":"product_cat-diger-felsefe","6":"product_cat-felsefe","7":"pa_tur-kitap","8":"pa_yayinevi-divan-kitap","9":"pa_yazar-rene-descartes","11":"first","12":"instock","13":"sale","14":"shipping-taxable","15":"purchasable","16":"product-type-simple"},"_links":{"self":[{"href":"https:\/\/roveyayinevi.com.tr\/index.php\/wp-json\/wp\/v2\/product\/695543","targetHints":{"allow":["GET"]}}],"collection":[{"href":"https:\/\/roveyayinevi.com.tr\/index.php\/wp-json\/wp\/v2\/product"}],"about":[{"href":"https:\/\/roveyayinevi.com.tr\/index.php\/wp-json\/wp\/v2\/types\/product"}],"wp:attachment":[{"href":"https:\/\/roveyayinevi.com.tr\/index.php\/wp-json\/wp\/v2\/media?parent=695543"}],"wp:term":[{"taxonomy":"product_brand","embeddable":true,"href":"https:\/\/roveyayinevi.com.tr\/index.php\/wp-json\/wp\/v2\/product_brand?post=695543"},{"taxonomy":"product_cat","embeddable":true,"href":"https:\/\/roveyayinevi.com.tr\/index.php\/wp-json\/wp\/v2\/product_cat?post=695543"},{"taxonomy":"product_tag","embeddable":true,"href":"https:\/\/roveyayinevi.com.tr\/index.php\/wp-json\/wp\/v2\/product_tag?post=695543"}],"curies":[{"name":"wp","href":"https:\/\/api.w.org\/{rel}","templated":true}]}}