{"id":695524,"date":"2025-08-27T14:29:25","date_gmt":"2025-08-27T11:29:25","guid":{"rendered":"https:\/\/roveyayinevi.com.tr\/index.php\/urun\/buz-prenses\/"},"modified":"2026-04-16T02:05:11","modified_gmt":"2026-04-15T23:05:11","slug":"buz-prenses","status":"publish","type":"product","link":"https:\/\/roveyayinevi.com.tr\/index.php\/urun\/buz-prenses\/","title":{"rendered":"Buz Prenses"},"content":{"rendered":"<p>Avrupa\u2019n\u0131n en \u00e7ok okunan polisiye yazarlar\u0131ndan, romanlar\u0131 25 dile \u00e7evrilen \u0130sve\u00e7li yazar Camilla L\u00e4ckberg \u015fimdi T\u00fcrk\u00e7ede. Yazar Erica Falck anne babas\u0131n\u0131n ani \u00f6l\u00fcm\u00fcnden sonra, \u00e7ocuklu\u011funun ge\u00e7ti\u011fi Fj\u00e4llbacka kasabas\u0131na d\u00f6ner. Beklenmedik bir rastlant\u0131 sonucu, y\u0131llard\u0131r g\u00f6rmedi\u011fi \u00e7ocukluk arkada\u015f\u0131 Alex\u2019in cans\u0131z bedenini bulur. G\u00fczeller g\u00fczeli Alex buz gibi evinde, k\u00fcvette yatmaktad\u0131r, bilekleri de kesiktir. Erica, Alex\u2019in ailesinin iste\u011fiyle onun hakk\u0131nda bir an\u0131 yaz\u0131s\u0131 haz\u0131rlamaya giri\u015fir. Erica\u2019n\u0131n y\u0131llar boyunca uzak kald\u0131\u011f\u0131 dostu hakk\u0131ndaki merak\u0131 giderek tak\u0131nt\u0131ya d\u00f6n\u00fc\u015f\u00fcrken, kasaban\u0131n dedektifi Patrik Hedstr\u00f6m de davayla ilgili \u015f\u00fcphelerinin izini s\u00fcrmektedir. Yollar\u0131 kesi\u015fen Erica ile Patrik kar\u015f\u0131 konulmaz bi\u00e7imde birbirlerine do\u011fru \u00e7ekilirken, bir yandan da k\u00fc\u00e7\u00fck kasaban\u0131n b\u00fcy\u00fck s\u0131rr\u0131n\u0131 \u00e7\u00f6zmeye do\u011fru ad\u0131m ad\u0131m ilerlerler. Camilla L\u00e4ckberg polisiyenin krali\u00e7esi. -Bild am Sonntag- L\u00e4ckberg korkun\u00e7 s\u0131rlar\u0131n \u00fcst\u00fcn\u00fcn asla tamamen \u00f6rt\u00fclemeyece\u011fini ve susman\u0131n ruhu nas\u0131l \u00f6ld\u00fcrd\u00fc\u011f\u00fcn\u00fc ustal\u0131kla anlat\u0131yor. -Publisher\u2019s Weekly- Elinizden b\u0131rakam\u0131yorsunuz. L\u00e4ckberg sonuna kadar heyecan\u0131 koruyor. -Viva- \u0130\u00e7inizi \u00fcrpertiyor, ayn\u0131 betimledi\u011fi buzlarla kapl\u0131 d\u00fcnya gibi. -Literary Review- \ufffcTan\u0131t\u0131m Metni<\/p>\n","protected":false},"excerpt":{"rendered":"<p>Avrupa\u2019n\u0131n en \u00e7ok okunan polisiye yazarlar\u0131ndan, romanlar\u0131 25 dile \u00e7evrilen \u0130sve\u00e7li yazar Camilla L\u00e4ckberg \u015fimdi T\u00fcrk\u00e7ede. Yazar Erica Falck anne babas\u0131n\u0131n ani \u00f6l\u00fcm\u00fcnden sonra, \u00e7ocuklu\u011funun ge\u00e7ti\u011fi<span class=\"excerpt-hellip\"> [\u2026]<\/span><\/p>\n","protected":false},"featured_media":0,"template":"","meta":{"_monsterinsights_skip_tracking":false,"_monsterinsights_sitenote_active":false,"_monsterinsights_sitenote_note":"","_monsterinsights_sitenote_category":0},"product_brand":[],"product_cat":[12891,12291],"product_tag":[],"class_list":{"0":"post-695524","1":"product","2":"type-product","3":"status-publish","5":"product_cat-amerikan-edebiyati","6":"product_cat-edebiyat","7":"pa_cilt-ciltsiz","8":"pa_tur-kitap","9":"pa_yayinevi-dogan-kitap","10":"pa_yazar-camilla-lackberg","12":"first","13":"instock","14":"sale","15":"shipping-taxable","16":"purchasable","17":"product-type-simple"},"_links":{"self":[{"href":"https:\/\/roveyayinevi.com.tr\/index.php\/wp-json\/wp\/v2\/product\/695524","targetHints":{"allow":["GET"]}}],"collection":[{"href":"https:\/\/roveyayinevi.com.tr\/index.php\/wp-json\/wp\/v2\/product"}],"about":[{"href":"https:\/\/roveyayinevi.com.tr\/index.php\/wp-json\/wp\/v2\/types\/product"}],"wp:attachment":[{"href":"https:\/\/roveyayinevi.com.tr\/index.php\/wp-json\/wp\/v2\/media?parent=695524"}],"wp:term":[{"taxonomy":"product_brand","embeddable":true,"href":"https:\/\/roveyayinevi.com.tr\/index.php\/wp-json\/wp\/v2\/product_brand?post=695524"},{"taxonomy":"product_cat","embeddable":true,"href":"https:\/\/roveyayinevi.com.tr\/index.php\/wp-json\/wp\/v2\/product_cat?post=695524"},{"taxonomy":"product_tag","embeddable":true,"href":"https:\/\/roveyayinevi.com.tr\/index.php\/wp-json\/wp\/v2\/product_tag?post=695524"}],"curies":[{"name":"wp","href":"https:\/\/api.w.org\/{rel}","templated":true}]}}