{"id":695513,"date":"2025-08-27T14:29:22","date_gmt":"2025-08-27T11:29:22","guid":{"rendered":"https:\/\/roveyayinevi.com.tr\/index.php\/urun\/nilin-kelebekleri\/"},"modified":"2026-04-16T02:05:10","modified_gmt":"2026-04-15T23:05:10","slug":"nilin-kelebekleri","status":"publish","type":"product","link":"https:\/\/roveyayinevi.com.tr\/index.php\/urun\/nilin-kelebekleri\/","title":{"rendered":"Nil\u2019in Kelebekleri"},"content":{"rendered":"<p>Kad\u0131nlar \u00e7ok seyrek olarak s\u00f6ylediklerini kastederler. As\u0131l demek istediklerini bulmak i\u00e7in, sak\u0131n \u2018ne demek istiyorsun\u2019 diye sormay\u0131n. Bu soru sizi, kastedilmeyecek ba\u015fka bir c\u00fcmleye y\u00f6nlendirir ve aslolandan gitgide uzakla\u015fman\u0131za sebep olur. Bu sebeple sonu\u00e7 ili\u015fkisi kurulmaz. Mesela s\u0131k kullan\u0131lan bir c\u00fcmleyi ele alal\u0131m: \u2018Yaln\u0131z kalmak istiyorum.\u2019 C\u00fcmlenin \u00f6znesi \u2018ben\u2019, burada \u2018sen\u2019 manas\u0131nda kullan\u0131lm\u0131\u015f. \u2018\u0130stiyorum\u2019 olumlu gibi dursa da olumsuz, yani as\u0131l k\u00f6k\u00fc \u2018istemiyorum\u2019. Buraya kadar c\u00fcmlemiz \u2018Sen yaln\u0131z kalmak istemiyorum.\u2019 B\u00f6yle bir c\u00fcmleye pek rastlanmad\u0131\u011f\u0131ndan, yuvarlamam\u0131z gerekir. Yuvarlarsak aslolan c\u00fcmleye var\u0131r\u0131z: \u2018Sen yaln\u0131z kalmam\u0131 isteme!\u2019 Bu c\u00fcmleyi canland\u0131rabilecek erkek yok denecek kadar azd\u0131r. Kad\u0131n yaln\u0131z kalmak istemiyor, bu kesin. Fakat bu yeterli de\u011fil. Onun yaln\u0131z kalmas\u0131n\u0131 istememelisiniz. Ayr\u0131ca kad\u0131n\u0131 bu raddeye getirmeyin. Kad\u0131nlar yaln\u0131z kalmay\u0131 asla istemez. \u015eayet kendilerini yaln\u0131z hissederlerse, p\u0131t diye do\u011furuverirler. Elde var iki olurlar. Bir suyla \u015faka olmaz, bir de kad\u0131nlarla&#8230; <\/p>\n","protected":false},"excerpt":{"rendered":"<p>Kad\u0131nlar \u00e7ok seyrek olarak s\u00f6ylediklerini kastederler. As\u0131l demek istediklerini bulmak i\u00e7in, sak\u0131n \u2018ne demek istiyorsun\u2019 diye sormay\u0131n. Bu soru sizi, kastedilmeyecek ba\u015fka bir c\u00fcmleye y\u00f6nlendirir ve<span class=\"excerpt-hellip\"> [\u2026]<\/span><\/p>\n","protected":false},"featured_media":0,"template":"","meta":{"_monsterinsights_skip_tracking":false,"_monsterinsights_sitenote_active":false,"_monsterinsights_sitenote_note":"","_monsterinsights_sitenote_category":0},"product_brand":[],"product_cat":[12777,12291],"product_tag":[],"class_list":{"0":"post-695513","1":"product","2":"type-product","3":"status-publish","5":"product_cat-deneme","6":"product_cat-edebiyat","7":"pa_tur-kitap","8":"pa_yayinevi-dogan-kitap","9":"pa_yazar-nil-karaibrahimgil","11":"first","12":"instock","13":"sale","14":"shipping-taxable","15":"purchasable","16":"product-type-simple"},"_links":{"self":[{"href":"https:\/\/roveyayinevi.com.tr\/index.php\/wp-json\/wp\/v2\/product\/695513","targetHints":{"allow":["GET"]}}],"collection":[{"href":"https:\/\/roveyayinevi.com.tr\/index.php\/wp-json\/wp\/v2\/product"}],"about":[{"href":"https:\/\/roveyayinevi.com.tr\/index.php\/wp-json\/wp\/v2\/types\/product"}],"wp:attachment":[{"href":"https:\/\/roveyayinevi.com.tr\/index.php\/wp-json\/wp\/v2\/media?parent=695513"}],"wp:term":[{"taxonomy":"product_brand","embeddable":true,"href":"https:\/\/roveyayinevi.com.tr\/index.php\/wp-json\/wp\/v2\/product_brand?post=695513"},{"taxonomy":"product_cat","embeddable":true,"href":"https:\/\/roveyayinevi.com.tr\/index.php\/wp-json\/wp\/v2\/product_cat?post=695513"},{"taxonomy":"product_tag","embeddable":true,"href":"https:\/\/roveyayinevi.com.tr\/index.php\/wp-json\/wp\/v2\/product_tag?post=695513"}],"curies":[{"name":"wp","href":"https:\/\/api.w.org\/{rel}","templated":true}]}}