{"id":695509,"date":"2025-08-27T14:29:21","date_gmt":"2025-08-27T11:29:21","guid":{"rendered":"https:\/\/roveyayinevi.com.tr\/index.php\/urun\/derin-yahudi-devleti\/"},"modified":"2025-11-11T02:40:50","modified_gmt":"2025-11-10T23:40:50","slug":"derin-yahudi-devleti","status":"publish","type":"product","link":"https:\/\/roveyayinevi.com.tr\/index.php\/urun\/derin-yahudi-devleti\/","title":{"rendered":"Derin Yahudi Devleti"},"content":{"rendered":"<p>&#8220;PARA ZAMANIMIZIN TANRISIDIR VE ROTHSCLD ONUN PEYGAMBER\u0130D\u0130R.&#8221;  \u2013 HEINRICH HEINE   Kara para \u00fczerine kurulu \u201cRothschild \u0130mparatorlu\u011fu\u201d zaman i\u00e7inde \u0130ngiliz ve Frans\u0131z merkez bankalar\u0131 ile Amerika\u2019daki federal rezerv bankalar\u0131n\u0131n sahibi olmu\u015ftur. Serveti d\u00fcnya servetinin yar\u0131s\u0131 olarak tahmin edilen bu ailenin 1940 y\u0131l\u0131ndaki serveti ABD GSMH\u2019sinin iki kat\u0131 olmu\u015ftur. D\u00fcnyada tek bir Yahudi imparatorlu\u011fu kurulmas\u0131 amac\u0131na \u00e7al\u0131\u015fan aile, Waterloo Deniz Sava\u015f\u0131, Amerikan \u0130\u00e7sava\u015f\u0131, I ve II. D\u00fcnya Sava\u015f\u0131\u2019ndan b\u00fcy\u00fck paralar kazanm\u0131\u015f ve Rusya\u2019da Bol\u015fevik Devrimi\u2019ni finanse etmi\u015ftir. Elinizdeki kitap tarih\u00e7esi, serveti ve sahip oldu\u011fu kurumlar net bilinmeyen ailenin ba\u015flang\u0131c\u0131ndan hen\u00fcz Amerika\u2019n\u0131n I. D\u00fcnya Sava\u015f\u0131\u2019na kat\u0131lmad\u0131\u011f\u0131 1940 y\u0131l\u0131na kadar olan olaylar\u0131 anlatmaktad\u0131r. Bu kitapta k\u00fcreselle\u015fme, AB, Birle\u015fmi\u015f Milletler, serbest pazar ekonomisi, \u00e7ok partili demokrasi ve sava\u015flar\u0131n kimlere ve nas\u0131l hizmet etti\u011fini okuyacaks\u0131n\u0131z. <\/p>\n","protected":false},"excerpt":{"rendered":"<p>&#8220;PARA ZAMANIMIZIN TANRISIDIR VE ROTHSCLD ONUN PEYGAMBER\u0130D\u0130R.&#8221; \u2013 HEINRICH HEINE Kara para \u00fczerine kurulu \u201cRothschild \u0130mparatorlu\u011fu\u201d zaman i\u00e7inde \u0130ngiliz ve Frans\u0131z merkez bankalar\u0131 ile Amerika\u2019daki federal<span class=\"excerpt-hellip\"> [\u2026]<\/span><\/p>\n","protected":false},"featured_media":0,"template":"","meta":{"_monsterinsights_skip_tracking":false,"_monsterinsights_sitenote_active":false,"_monsterinsights_sitenote_note":"","_monsterinsights_sitenote_category":0},"product_brand":[],"product_cat":[13590,12337],"product_tag":[],"class_list":{"0":"post-695509","1":"product","2":"type-product","3":"status-publish","5":"product_cat-arastirma-inceleme-politika-siyaset","6":"product_cat-politika-siyaset","7":"pa_cilt-ciltsiz","8":"pa_tur-kitap","9":"pa_yayinevi-destek-yayinlari","10":"pa_yazar-george-armstrong","12":"first","13":"instock","14":"sale","15":"shipping-taxable","16":"purchasable","17":"product-type-simple"},"_links":{"self":[{"href":"https:\/\/roveyayinevi.com.tr\/index.php\/wp-json\/wp\/v2\/product\/695509","targetHints":{"allow":["GET"]}}],"collection":[{"href":"https:\/\/roveyayinevi.com.tr\/index.php\/wp-json\/wp\/v2\/product"}],"about":[{"href":"https:\/\/roveyayinevi.com.tr\/index.php\/wp-json\/wp\/v2\/types\/product"}],"wp:attachment":[{"href":"https:\/\/roveyayinevi.com.tr\/index.php\/wp-json\/wp\/v2\/media?parent=695509"}],"wp:term":[{"taxonomy":"product_brand","embeddable":true,"href":"https:\/\/roveyayinevi.com.tr\/index.php\/wp-json\/wp\/v2\/product_brand?post=695509"},{"taxonomy":"product_cat","embeddable":true,"href":"https:\/\/roveyayinevi.com.tr\/index.php\/wp-json\/wp\/v2\/product_cat?post=695509"},{"taxonomy":"product_tag","embeddable":true,"href":"https:\/\/roveyayinevi.com.tr\/index.php\/wp-json\/wp\/v2\/product_tag?post=695509"}],"curies":[{"name":"wp","href":"https:\/\/api.w.org\/{rel}","templated":true}]}}