{"id":695497,"date":"2025-08-27T14:29:18","date_gmt":"2025-08-27T11:29:18","guid":{"rendered":"https:\/\/roveyayinevi.com.tr\/index.php\/urun\/satranc-kitabi-oyun-zemini-ve-taslari\/"},"modified":"2026-04-16T02:05:10","modified_gmt":"2026-04-15T23:05:10","slug":"satranc-kitabi-oyun-zemini-ve-taslari","status":"publish","type":"product","link":"https:\/\/roveyayinevi.com.tr\/index.php\/urun\/satranc-kitabi-oyun-zemini-ve-taslari\/","title":{"rendered":"Satran\u00e7 Kitab\u0131, Oyun Zemini ve Ta\u015flar\u0131"},"content":{"rendered":"<p>Elde kolay ta\u015f\u0131nabilir silindir kutusunda satran\u00e7 seti, kullan\u0131c\u0131ya oyunu istedi\u011fi yerde ve zamanda oynama imk\u00e2n\u0131 sunuyor. Kaymaz zemini sayesinde hem satran\u00e7 tahtas\u0131 hem de ta\u015flar\u0131, oyunun rahat oynanmas\u0131n\u0131 sa\u011fl\u0131yor. Yeni Ba\u015flayanlar \u0130\u00e7in Satran\u00e7 kitab\u0131 temel d\u00fczeyde satran\u00e7 \u00f6\u011freterek al\u0131\u015ft\u0131rmalar ile bilgiyi peki\u015ftiriyor. <\/p>\n","protected":false},"excerpt":{"rendered":"<p>Elde kolay ta\u015f\u0131nabilir silindir kutusunda satran\u00e7 seti, kullan\u0131c\u0131ya oyunu istedi\u011fi yerde ve zamanda oynama imk\u00e2n\u0131 sunuyor. Kaymaz zemini sayesinde hem satran\u00e7 tahtas\u0131 hem de ta\u015flar\u0131, oyunun<span class=\"excerpt-hellip\"> [\u2026]<\/span><\/p>\n","protected":false},"featured_media":0,"template":"","meta":{"_monsterinsights_skip_tracking":false,"_monsterinsights_sitenote_active":false,"_monsterinsights_sitenote_note":"","_monsterinsights_sitenote_category":0},"product_brand":[],"product_cat":[15563,24020],"product_tag":[],"class_list":{"0":"post-695497","1":"product","2":"type-product","3":"status-publish","5":"product_cat-hobi","6":"product_cat-kultur","7":"pa_cilt-ciltsiz","8":"pa_tur-kitap20","9":"pa_yayinevi-delta-kultur-yayinevi","10":"pa_yazar-kasim-aynaci","12":"first","13":"instock","14":"sale","15":"shipping-taxable","16":"purchasable","17":"product-type-simple"},"_links":{"self":[{"href":"https:\/\/roveyayinevi.com.tr\/index.php\/wp-json\/wp\/v2\/product\/695497","targetHints":{"allow":["GET"]}}],"collection":[{"href":"https:\/\/roveyayinevi.com.tr\/index.php\/wp-json\/wp\/v2\/product"}],"about":[{"href":"https:\/\/roveyayinevi.com.tr\/index.php\/wp-json\/wp\/v2\/types\/product"}],"wp:attachment":[{"href":"https:\/\/roveyayinevi.com.tr\/index.php\/wp-json\/wp\/v2\/media?parent=695497"}],"wp:term":[{"taxonomy":"product_brand","embeddable":true,"href":"https:\/\/roveyayinevi.com.tr\/index.php\/wp-json\/wp\/v2\/product_brand?post=695497"},{"taxonomy":"product_cat","embeddable":true,"href":"https:\/\/roveyayinevi.com.tr\/index.php\/wp-json\/wp\/v2\/product_cat?post=695497"},{"taxonomy":"product_tag","embeddable":true,"href":"https:\/\/roveyayinevi.com.tr\/index.php\/wp-json\/wp\/v2\/product_tag?post=695497"}],"curies":[{"name":"wp","href":"https:\/\/api.w.org\/{rel}","templated":true}]}}