{"id":695472,"date":"2025-08-27T14:29:13","date_gmt":"2025-08-27T11:29:13","guid":{"rendered":"https:\/\/roveyayinevi.com.tr\/index.php\/urun\/bit-palas\/"},"modified":"2026-04-16T02:05:10","modified_gmt":"2026-04-15T23:05:10","slug":"bit-palas","status":"publish","type":"product","link":"https:\/\/roveyayinevi.com.tr\/index.php\/urun\/bit-palas\/","title":{"rendered":"Bit Palas"},"content":{"rendered":"<p>Baz\u0131 romanlar bittiklerinde ba\u015fa d\u00f6n\u00fcp ilk sayfalar\u0131 tekrar okumak istersiniz. Roman\u0131 birka\u00e7 g\u00fcnde okusan\u0131z bile, sanki ilk sayfalar\u0131 okuyal\u0131 aylar, hatta y\u0131llar ge\u00e7mi\u015f gibi, nas\u0131l ve nerede ba\u015flad\u0131\u011f\u0131n\u0131 an\u0131msamakta zorlan\u0131rs\u0131n\u0131z. \u0130\u015fte Elif \u015eafak\u2019\u0131n Bit Palas roman\u0131n\u0131 bitirdikten sonra bunlar\u0131 hissettim ve tekrar ba\u015flad\u0131m okumaya&#8230; -Asuman Kafao\u011flu B\u00fcke \/ Cumhuriyet Kitap- Edebi ve yaz\u0131nsal ba\u015far\u0131s\u0131, T\u00fcrk kimli\u011fini ve \u00fclkenin tarihine yakla\u015f\u0131m\u0131n\u0131 edebiyat yoluyla yeniden tan\u0131mlamayan gen\u00e7 ku\u015fak yazarlar aras\u0131nda \u015eafak\u2019\u0131 temsilci olarak \u00f6ne \u00e7\u0131kar\u0131yor&#8230; Bu roman enerji dolu ve gizemli bir yolculu\u011fa davet ediyor insan\u0131; tutkuyla, g\u00fclmeceyle ve T\u00fcrkiye\u2019ye dair bir dolu foto\u011fraf karesiyle&#8230;<\/p>\n","protected":false},"excerpt":{"rendered":"<p>Baz\u0131 romanlar bittiklerinde ba\u015fa d\u00f6n\u00fcp ilk sayfalar\u0131 tekrar okumak istersiniz. Roman\u0131 birka\u00e7 g\u00fcnde okusan\u0131z bile, sanki ilk sayfalar\u0131 okuyal\u0131 aylar, hatta y\u0131llar ge\u00e7mi\u015f gibi, nas\u0131l ve<span class=\"excerpt-hellip\"> [\u2026]<\/span><\/p>\n","protected":false},"featured_media":0,"template":"","meta":{"_monsterinsights_skip_tracking":false,"_monsterinsights_sitenote_active":false,"_monsterinsights_sitenote_note":"","_monsterinsights_sitenote_category":0},"product_brand":[],"product_cat":[12291,12292],"product_tag":[],"class_list":{"0":"post-695472","1":"product","2":"type-product","3":"status-publish","5":"product_cat-edebiyat","6":"product_cat-turk-edebiyati","7":"pa_cilt-ciltsiz","8":"pa_tur-kitap","9":"pa_yayinevi-dogan-kitap","10":"pa_yazar-elif-safak","12":"first","13":"instock","14":"sale","15":"shipping-taxable","16":"purchasable","17":"product-type-simple"},"_links":{"self":[{"href":"https:\/\/roveyayinevi.com.tr\/index.php\/wp-json\/wp\/v2\/product\/695472","targetHints":{"allow":["GET"]}}],"collection":[{"href":"https:\/\/roveyayinevi.com.tr\/index.php\/wp-json\/wp\/v2\/product"}],"about":[{"href":"https:\/\/roveyayinevi.com.tr\/index.php\/wp-json\/wp\/v2\/types\/product"}],"wp:attachment":[{"href":"https:\/\/roveyayinevi.com.tr\/index.php\/wp-json\/wp\/v2\/media?parent=695472"}],"wp:term":[{"taxonomy":"product_brand","embeddable":true,"href":"https:\/\/roveyayinevi.com.tr\/index.php\/wp-json\/wp\/v2\/product_brand?post=695472"},{"taxonomy":"product_cat","embeddable":true,"href":"https:\/\/roveyayinevi.com.tr\/index.php\/wp-json\/wp\/v2\/product_cat?post=695472"},{"taxonomy":"product_tag","embeddable":true,"href":"https:\/\/roveyayinevi.com.tr\/index.php\/wp-json\/wp\/v2\/product_tag?post=695472"}],"curies":[{"name":"wp","href":"https:\/\/api.w.org\/{rel}","templated":true}]}}