{"id":695467,"date":"2025-08-27T14:29:11","date_gmt":"2025-08-27T11:29:11","guid":{"rendered":"https:\/\/roveyayinevi.com.tr\/index.php\/urun\/haslanmis-harikalar-diyari-ve-dunyanin-sonu\/"},"modified":"2026-04-16T02:05:10","modified_gmt":"2026-04-15T23:05:10","slug":"haslanmis-harikalar-diyari-ve-dunyanin-sonu","status":"publish","type":"product","link":"https:\/\/roveyayinevi.com.tr\/index.php\/urun\/haslanmis-harikalar-diyari-ve-dunyanin-sonu\/","title":{"rendered":"Ha\u015flanm\u0131\u015f Harikalar Diyar\u0131 ve D\u00fcnyan\u0131n Sonu"},"content":{"rendered":"<p>\u00c7ekti\u011fin ac\u0131y\u0131 ben de anl\u0131yorum. Fakat bu herkesin ba\u015f\u0131ndan ge\u00e7iyor. O y\u00fczden senin de katlanman gerek. Sonras\u0131nda kurtulu\u015f geliyor. O zaman art\u0131k sen, hi\u00e7bir \u015feyi dert etmeyecek, \u00fcz\u00fclmeyeceksin. Hepsi kaybolup gider. Ge\u00e7ici heveslerin hi\u00e7bir de\u011feri yok. Buras\u0131 d\u00fcnyan\u0131n sonu. D\u00fcnya burada sona erer, \u00f6tesi yoktur. O y\u00fczden sen de art\u0131k hi\u00e7bir yere gidemezsin. G\u00f6lgesini kaybeden, kafataslar\u0131ndan eski r\u00fcyalar\u0131 okuyan bir adam ve d\u00fcnyan\u0131n sonu gelmeden \u00f6nce ya\u015fayacak sadece birka\u00e7 saati kalm\u0131\u015f bir kahraman. Ha\u015flanm\u0131\u015f Harikalar Diyar\u0131 ve D\u00fcnyan\u0131n Sonu XXI. y\u00fczy\u0131l edebiyat\u0131na damgas\u0131n\u0131 vuran, k\u00fclt yazar Haruki Murakami\u2019den bilimkurguyu masals\u0131 bir d\u00fcnyan\u0131n i\u00e7inde var eden, Kafkaesk bir psikolojik gerilime g\u00f6z k\u0131rpan bir roman. <\/p>\n","protected":false},"excerpt":{"rendered":"<p>\u00c7ekti\u011fin ac\u0131y\u0131 ben de anl\u0131yorum. Fakat bu herkesin ba\u015f\u0131ndan ge\u00e7iyor. O y\u00fczden senin de katlanman gerek. Sonras\u0131nda kurtulu\u015f geliyor. O zaman art\u0131k sen, hi\u00e7bir \u015feyi dert<span class=\"excerpt-hellip\"> [\u2026]<\/span><\/p>\n","protected":false},"featured_media":0,"template":"","meta":{"_monsterinsights_skip_tracking":false,"_monsterinsights_sitenote_active":false,"_monsterinsights_sitenote_note":"","_monsterinsights_sitenote_category":0},"product_brand":[],"product_cat":[12291,12711],"product_tag":[],"class_list":{"0":"post-695467","1":"product","2":"type-product","3":"status-publish","5":"product_cat-edebiyat","6":"product_cat-roman-oyku","7":"pa_cilt-ciltsiz","8":"pa_tur-kitap","9":"pa_yayinevi-dogan-kitap","10":"pa_yazar-haruki-murakami","12":"first","13":"instock","14":"sale","15":"shipping-taxable","16":"purchasable","17":"product-type-simple"},"_links":{"self":[{"href":"https:\/\/roveyayinevi.com.tr\/index.php\/wp-json\/wp\/v2\/product\/695467","targetHints":{"allow":["GET"]}}],"collection":[{"href":"https:\/\/roveyayinevi.com.tr\/index.php\/wp-json\/wp\/v2\/product"}],"about":[{"href":"https:\/\/roveyayinevi.com.tr\/index.php\/wp-json\/wp\/v2\/types\/product"}],"wp:attachment":[{"href":"https:\/\/roveyayinevi.com.tr\/index.php\/wp-json\/wp\/v2\/media?parent=695467"}],"wp:term":[{"taxonomy":"product_brand","embeddable":true,"href":"https:\/\/roveyayinevi.com.tr\/index.php\/wp-json\/wp\/v2\/product_brand?post=695467"},{"taxonomy":"product_cat","embeddable":true,"href":"https:\/\/roveyayinevi.com.tr\/index.php\/wp-json\/wp\/v2\/product_cat?post=695467"},{"taxonomy":"product_tag","embeddable":true,"href":"https:\/\/roveyayinevi.com.tr\/index.php\/wp-json\/wp\/v2\/product_tag?post=695467"}],"curies":[{"name":"wp","href":"https:\/\/api.w.org\/{rel}","templated":true}]}}