{"id":695463,"date":"2025-08-27T14:29:11","date_gmt":"2025-08-27T11:29:11","guid":{"rendered":"https:\/\/roveyayinevi.com.tr\/index.php\/urun\/life-time-ingilizce-tablolarla-zamanlar\/"},"modified":"2026-04-16T02:05:09","modified_gmt":"2026-04-15T23:05:09","slug":"life-time-ingilizce-tablolarla-zamanlar","status":"publish","type":"product","link":"https:\/\/roveyayinevi.com.tr\/index.php\/urun\/life-time-ingilizce-tablolarla-zamanlar\/","title":{"rendered":"Life Time &#8211; \u0130ngilizce Tablolarla Zamanlar"},"content":{"rendered":"<p>LIFE TIME &#8211; \u0130ngilizce Tablolarla Zamanlar Bu \u00e7al\u0131\u015fmada, \u0130ngilizce \u00f6\u011frenenler i\u00e7in her zaman karma\u015f\u0131k ve zor olarak de\u011ferlendirilen ZAMAN (TENSE) kavram\u0131 tek ba\u015f\u0131na ele al\u0131nm\u0131\u015ft\u0131r. Cep boyutunda haz\u0131rlanm\u0131\u015f olan kitab\u0131n her sayfas\u0131 ikiye katlanm\u0131\u015f olup a\u00e7\u0131ld\u0131\u011f\u0131nda o TENSE\u2019i tek ba\u015f\u0131na bir tabloda b\u00fct\u00fcn detaylar\u0131yla ve \u00f6rneklemeleriyle incelemektedir. Yine her TENSE\u2019in sonunda verilen EXERCISES b\u00f6l\u00fcm\u00fc ile anlat\u0131lanlar peki\u015ftirilmi\u015ftir. \ufffcTan\u0131t\u0131m Metni<\/p>\n","protected":false},"excerpt":{"rendered":"<p>LIFE TIME &#8211; \u0130ngilizce Tablolarla Zamanlar Bu \u00e7al\u0131\u015fmada, \u0130ngilizce \u00f6\u011frenenler i\u00e7in her zaman karma\u015f\u0131k ve zor olarak de\u011ferlendirilen ZAMAN (TENSE) kavram\u0131 tek ba\u015f\u0131na ele al\u0131nm\u0131\u015ft\u0131r. Cep<span class=\"excerpt-hellip\"> [\u2026]<\/span><\/p>\n","protected":false},"featured_media":0,"template":"","meta":{"_monsterinsights_skip_tracking":false,"_monsterinsights_sitenote_active":false,"_monsterinsights_sitenote_note":"","_monsterinsights_sitenote_category":0},"product_brand":[],"product_cat":[14597,12566],"product_tag":[],"class_list":{"0":"post-695463","1":"product","2":"type-product","3":"status-publish","5":"product_cat-dil-ogrenimi","6":"product_cat-egitim","7":"pa_cilt-ciltsiz","8":"pa_tur-kitap","9":"pa_yayinevi-delta-kultur-yayinevi","10":"pa_yazar-birol-yildiz","12":"first","13":"instock","14":"sale","15":"shipping-taxable","16":"purchasable","17":"product-type-simple"},"_links":{"self":[{"href":"https:\/\/roveyayinevi.com.tr\/index.php\/wp-json\/wp\/v2\/product\/695463","targetHints":{"allow":["GET"]}}],"collection":[{"href":"https:\/\/roveyayinevi.com.tr\/index.php\/wp-json\/wp\/v2\/product"}],"about":[{"href":"https:\/\/roveyayinevi.com.tr\/index.php\/wp-json\/wp\/v2\/types\/product"}],"wp:attachment":[{"href":"https:\/\/roveyayinevi.com.tr\/index.php\/wp-json\/wp\/v2\/media?parent=695463"}],"wp:term":[{"taxonomy":"product_brand","embeddable":true,"href":"https:\/\/roveyayinevi.com.tr\/index.php\/wp-json\/wp\/v2\/product_brand?post=695463"},{"taxonomy":"product_cat","embeddable":true,"href":"https:\/\/roveyayinevi.com.tr\/index.php\/wp-json\/wp\/v2\/product_cat?post=695463"},{"taxonomy":"product_tag","embeddable":true,"href":"https:\/\/roveyayinevi.com.tr\/index.php\/wp-json\/wp\/v2\/product_tag?post=695463"}],"curies":[{"name":"wp","href":"https:\/\/api.w.org\/{rel}","templated":true}]}}