{"id":695456,"date":"2025-08-27T14:29:09","date_gmt":"2025-08-27T11:29:09","guid":{"rendered":"https:\/\/roveyayinevi.com.tr\/index.php\/urun\/bozkirdaki-yabanci\/"},"modified":"2026-04-16T02:05:09","modified_gmt":"2026-04-15T23:05:09","slug":"bozkirdaki-yabanci","status":"publish","type":"product","link":"https:\/\/roveyayinevi.com.tr\/index.php\/urun\/bozkirdaki-yabanci\/","title":{"rendered":"Bozk\u0131rdaki Yabanc\u0131"},"content":{"rendered":"<p>Nedim G\u00fcrsel \u00e7a\u011fda\u015f T\u00fcrk edebiyat\u0131 \u00fczerine yazd\u0131\u011f\u0131 incelemelerinde titiz ve \u00e7ok y\u00f6nl\u00fc bir ara\u015ft\u0131rmac\u0131 kimli\u011fi sergiliyor. Yakup Kadri, Sabahattin Ali, Ya\u015far Kemal gibi yirminci y\u00fczy\u0131l T\u00fcrk edebiyat\u0131n\u0131n \u00f6nemli yazarlar\u0131n\u0131 de\u011ferlendirirken yap\u0131tlar\u0131n\u0131n toplumsal ve metinsel ba\u011flamlar\u0131n\u0131 da ele al\u0131yor. T\u00fcrk kad\u0131n edebiyat\u0131ndan Ziya G\u00f6kalp\u2019in milliyet\u00e7ili\u011finde epik s\u00f6yleme kadar uzanan bu zengin yelpazenin bir ba\u015fka \u00f6zelli\u011fi de, edebiyat\u0131m\u0131zdaki az\u0131nl\u0131klar konusunu ele almas\u0131. Sait Faik\u2019in Rum kahramanlar\u0131 ile N\u00e2z\u0131m Hikmet, Mithat Cemal Kuntay, Oktay Akbal, Necati Cumal\u0131, Sevim Burak ve Mario Levi gibi yazarlar\u0131n yaratt\u0131\u011f\u0131 Yahudi kahramanlar, Nedim G\u00fcrsel\u2019in bak\u0131\u015f\u0131yla inceleniyor. Bozk\u0131rdaki Yabanc\u0131, \u00f6zg\u00fcn edebiyat ara\u015ft\u0131rmalar\u0131 a\u00e7\u0131s\u0131ndan pek zengin olmayan \u00fclkemizde \u00f6nemli bir bo\u015flu\u011fu doldururken, okura derin bilgiler, de\u011fi\u015fik a\u00e7\u0131l\u0131mlar, yeni tatlar da sunuyor. <\/p>\n","protected":false},"excerpt":{"rendered":"<p>Nedim G\u00fcrsel \u00e7a\u011fda\u015f T\u00fcrk edebiyat\u0131 \u00fczerine yazd\u0131\u011f\u0131 incelemelerinde titiz ve \u00e7ok y\u00f6nl\u00fc bir ara\u015ft\u0131rmac\u0131 kimli\u011fi sergiliyor. Yakup Kadri, Sabahattin Ali, Ya\u015far Kemal gibi yirminci y\u00fczy\u0131l T\u00fcrk<span class=\"excerpt-hellip\"> [\u2026]<\/span><\/p>\n","protected":false},"featured_media":0,"template":"","meta":{"_monsterinsights_skip_tracking":false,"_monsterinsights_sitenote_active":false,"_monsterinsights_sitenote_note":"","_monsterinsights_sitenote_category":0},"product_brand":[],"product_cat":[13701,12291],"product_tag":[],"class_list":{"0":"post-695456","1":"product","2":"type-product","3":"status-publish","5":"product_cat-ani-mektup-gunluk","6":"product_cat-edebiyat","7":"pa_tur-kitap","8":"pa_yayinevi-dogan-kitap","9":"pa_yazar-nedim-gursel","11":"first","12":"instock","13":"sale","14":"shipping-taxable","15":"purchasable","16":"product-type-simple"},"_links":{"self":[{"href":"https:\/\/roveyayinevi.com.tr\/index.php\/wp-json\/wp\/v2\/product\/695456","targetHints":{"allow":["GET"]}}],"collection":[{"href":"https:\/\/roveyayinevi.com.tr\/index.php\/wp-json\/wp\/v2\/product"}],"about":[{"href":"https:\/\/roveyayinevi.com.tr\/index.php\/wp-json\/wp\/v2\/types\/product"}],"wp:attachment":[{"href":"https:\/\/roveyayinevi.com.tr\/index.php\/wp-json\/wp\/v2\/media?parent=695456"}],"wp:term":[{"taxonomy":"product_brand","embeddable":true,"href":"https:\/\/roveyayinevi.com.tr\/index.php\/wp-json\/wp\/v2\/product_brand?post=695456"},{"taxonomy":"product_cat","embeddable":true,"href":"https:\/\/roveyayinevi.com.tr\/index.php\/wp-json\/wp\/v2\/product_cat?post=695456"},{"taxonomy":"product_tag","embeddable":true,"href":"https:\/\/roveyayinevi.com.tr\/index.php\/wp-json\/wp\/v2\/product_tag?post=695456"}],"curies":[{"name":"wp","href":"https:\/\/api.w.org\/{rel}","templated":true}]}}