{"id":695372,"date":"2025-08-27T14:28:09","date_gmt":"2025-08-27T11:28:09","guid":{"rendered":"https:\/\/roveyayinevi.com.tr\/index.php\/urun\/babiali-tanrilari-simavi-ailesi\/"},"modified":"2026-04-16T02:05:08","modified_gmt":"2026-04-15T23:05:08","slug":"babiali-tanrilari-simavi-ailesi","status":"publish","type":"product","link":"https:\/\/roveyayinevi.com.tr\/index.php\/urun\/babiali-tanrilari-simavi-ailesi\/","title":{"rendered":"Bab\u0131ali Tanr\u0131lar\u0131 Simavi Ailesi"},"content":{"rendered":"<p>H\u00fcrriyet Gazetesini Yaratan Ailenin Nefes Kesen \u00d6yk\u00fcs\u00fc. Sedat Simavi kimdi? Babas\u0131, Abd\u00fclhamid\u2019in gazab\u0131na ni\u00e7in u\u011fram\u0131\u015ft\u0131? Atat\u00fcrk\u2019\u00fcn yard\u0131m\u0131n\u0131 ni\u00e7in reddetmi\u015fti? H\u00fcrriyet gazetesini kurdu\u011fu g\u00fcn, ceketinin zula cebine neden siyan\u00fcr \u015fi\u015fesi yerle\u015ftirdi? H\u00fcrriyet gazetesi Yahudi sermayesiyle mi kuruldu? Simaviler \u2018Selanik Yahudisi\u2019miydi? Fuat K\u00f6pr\u00fcl\u00fc dava edince Sedat Simavi mahkemede ni\u00e7in a\u011flad\u0131? Yaz\u0131 i\u015fleri m\u00fcd\u00fcr\u00fc, Haldun ve Erol Simavi\u2019ye, Akl\u0131 k\u0131t zengin evlatlar\u0131 deyince neler oldu? Askerler, 27 May\u0131s\u2019ta H\u00fcrriyet\u2019in gen\u00e7 patronlar\u0131na ni\u00e7in di\u015f bilediler? Erol Simavi, 22 \u015eubat darbe giri\u015fiminin \u2018i\u00e7inde\u2019 miydi? Mason locas\u0131nda neden yere y\u0131\u011f\u0131lm\u0131\u015ft\u0131? G\u00f6n\u00fcl Yazar, sevgilisi Erol Simavi\u2019den ni\u00e7in tokat yedi? Haldun Simavi karde\u015fini neden terk etti? G\u00fcnayd\u0131n gazetesini kurarken ni\u00e7in Orhan Gencebay dinliyordu? G\u00fcnayd\u0131n gazetesi Demirel ailesine dil uzatt\u0131 m\u0131? Aralar\u0131ndaki kavga nas\u0131l patlak verdi? Haldun Simavi\u2019nin evindeki \u2018\u0130ngiliz casus\u2019 kimdi? Haldun Simavi Vehbi Ko\u00e7\u2019un geliniyle nas\u0131l evlendi? Erol Simavi, gazetesinden Ba\u015fbakan \u00d6zal\u2019a nas\u0131l meydan okudu? Erol Simavi\u2019nin a\u00e7\u0131k mektubundaki \u015fifreler neydi? \u00dcstat-\u0131 Muhterem, \u00d6zal\u2019la bar\u0131\u015ft\u0131\u011f\u0131 g\u00fcn hangi mason biraderini ele verdi? Erol Simavi, \u00d6zal\u2019a neyin sat\u0131\u015f\u0131 i\u00e7in komisyon teklif etti? G\u00fcnayd\u0131n gazetesi Asil Nadir\u2019e neden sat\u0131ld\u0131? H\u00fcrriyet gazetesi Maxwell\u2019e neden sat\u0131lamad\u0131? Erol Aksoy, H\u00fcrriyet\u2019e nas\u0131l ortak oldu? Aksoy, H\u00fcrriyet koridorlar\u0131nda neden avaz avaz ba\u011f\u0131r\u0131yordu? Erol Simavi, Erol Aksoy\u2019u nas\u0131l \u2018\u015fahmat\u2019 etti? Erol Simavi, H\u00fcrriyet\u2019i ni\u00e7in satt\u0131 ve o\u011flunu neden su\u00e7lad\u0131? 20. y\u00fczy\u0131l T\u00fcrkiye bas\u0131n tarihine damgas\u0131n\u0131 vuran Sedat Simavi, o\u011fullar\u0131 Haldun ve Erol Simavi ile Simavi ailesinin etraf\u0131nda H\u00fcrriyet, G\u00fcnayd\u0131n ve b\u00fct\u00fcn bir bas\u0131n camias\u0131n\u0131n bilinmeyen y\u00f6nlerini, deneyimli gazeteci \u0130rem Barut\u00e7u\u2019nun kaleminden okuyacaks\u0131n\u0131z&#8230; <\/p>\n","protected":false},"excerpt":{"rendered":"<p>H\u00fcrriyet Gazetesini Yaratan Ailenin Nefes Kesen \u00d6yk\u00fcs\u00fc. Sedat Simavi kimdi? Babas\u0131, Abd\u00fclhamid\u2019in gazab\u0131na ni\u00e7in u\u011fram\u0131\u015ft\u0131? Atat\u00fcrk\u2019\u00fcn yard\u0131m\u0131n\u0131 ni\u00e7in reddetmi\u015fti? H\u00fcrriyet gazetesini kurdu\u011fu g\u00fcn, ceketinin zula cebine<span class=\"excerpt-hellip\"> [\u2026]<\/span><\/p>\n","protected":false},"featured_media":0,"template":"","meta":{"_monsterinsights_skip_tracking":false,"_monsterinsights_sitenote_active":false,"_monsterinsights_sitenote_note":"","_monsterinsights_sitenote_category":0},"product_brand":[],"product_cat":[12337,14543],"product_tag":[],"class_list":{"0":"post-695372","1":"product","2":"type-product","3":"status-publish","5":"product_cat-politika-siyaset","6":"product_cat-turkiye-siyaseti-ve-politikasi","7":"pa_cilt-ciltsiz","8":"pa_tur-kitap","9":"pa_yayinevi-destek-yayinlari","10":"pa_yazar-irem-barutcu","12":"first","13":"instock","14":"sale","15":"shipping-taxable","16":"purchasable","17":"product-type-simple"},"_links":{"self":[{"href":"https:\/\/roveyayinevi.com.tr\/index.php\/wp-json\/wp\/v2\/product\/695372","targetHints":{"allow":["GET"]}}],"collection":[{"href":"https:\/\/roveyayinevi.com.tr\/index.php\/wp-json\/wp\/v2\/product"}],"about":[{"href":"https:\/\/roveyayinevi.com.tr\/index.php\/wp-json\/wp\/v2\/types\/product"}],"wp:attachment":[{"href":"https:\/\/roveyayinevi.com.tr\/index.php\/wp-json\/wp\/v2\/media?parent=695372"}],"wp:term":[{"taxonomy":"product_brand","embeddable":true,"href":"https:\/\/roveyayinevi.com.tr\/index.php\/wp-json\/wp\/v2\/product_brand?post=695372"},{"taxonomy":"product_cat","embeddable":true,"href":"https:\/\/roveyayinevi.com.tr\/index.php\/wp-json\/wp\/v2\/product_cat?post=695372"},{"taxonomy":"product_tag","embeddable":true,"href":"https:\/\/roveyayinevi.com.tr\/index.php\/wp-json\/wp\/v2\/product_tag?post=695372"}],"curies":[{"name":"wp","href":"https:\/\/api.w.org\/{rel}","templated":true}]}}