{"id":695370,"date":"2025-08-27T14:28:08","date_gmt":"2025-08-27T11:28:08","guid":{"rendered":"https:\/\/roveyayinevi.com.tr\/index.php\/urun\/konus-hafiza\/"},"modified":"2026-02-03T02:07:45","modified_gmt":"2026-02-02T23:07:45","slug":"konus-hafiza","status":"publish","type":"product","link":"https:\/\/roveyayinevi.com.tr\/index.php\/urun\/konus-hafiza\/","title":{"rendered":"Konu\u015f, Haf\u0131za"},"content":{"rendered":"<p>Be\u015fik bir u\u00e7urumun \u00fczerinde sallan\u0131r ve sa\u011fduyumuz bize, varolu\u015fumuzun iki ebedi karanl\u0131k aras\u0131ndaki k\u0131sa bir \u0131\u015f\u0131k \u00e7akmas\u0131ndan ba\u015fka bir \u015fey olmad\u0131\u011f\u0131n\u0131 s\u00f6yler.  -Konu\u015f, Haf\u0131za-  Nabokov, tarih\u00ee olaylar\u0131n detaylar\u0131na girerek, onlar\u0131 ne\u015feli anekdotlarla ve etkileyici bir anlat\u0131mla birle\u015ftirerek, Konu\u015f, Haf\u0131za\u2019y\u0131 bitmeyen bir okuma zevkine d\u00f6n\u00fc\u015ft\u00fcr\u00fcyor. Yazar\u0131n bilindik \u00fcslubu, di\u011fer Nabokov romanlar\u0131na dair verdi\u011fi ipu\u00e7lar\u0131na ve imalara lezzet kat\u0131yor.  -Harper\u2019s-  \u00c7a\u011f\u0131m\u0131z\u0131n en harikulade otobiyografisi. Nabokov etkileyici bir hassasiyet ve co\u015fkunlukla kay\u0131p d\u00fcnyay\u0131 ba\u015ftan yarat\u0131yor.  -The New Republic-  G\u00f6z kama\u015ft\u0131r\u0131c\u0131&#8230; bu kitapta, sonsuza dek kaybolmakta olan bir d\u00fcnyadan, insan\u0131 hayrete d\u00fc\u015f\u00fcren i\u015faretler bulacaks\u0131n\u0131z.  -New York Times- <\/p>\n","protected":false},"excerpt":{"rendered":"<p>Be\u015fik bir u\u00e7urumun \u00fczerinde sallan\u0131r ve sa\u011fduyumuz bize, varolu\u015fumuzun iki ebedi karanl\u0131k aras\u0131ndaki k\u0131sa bir \u0131\u015f\u0131k \u00e7akmas\u0131ndan ba\u015fka bir \u015fey olmad\u0131\u011f\u0131n\u0131 s\u00f6yler. -Konu\u015f, Haf\u0131za- Nabokov, tarih\u00ee<span class=\"excerpt-hellip\"> [\u2026]<\/span><\/p>\n","protected":false},"featured_media":0,"template":"","meta":{"_monsterinsights_skip_tracking":false,"_monsterinsights_sitenote_active":false,"_monsterinsights_sitenote_note":"","_monsterinsights_sitenote_category":0},"product_brand":[],"product_cat":[13661,12291],"product_tag":[],"class_list":{"0":"post-695370","1":"product","2":"type-product","3":"status-publish","5":"product_cat-diger-ulke-edebiyatlari","6":"product_cat-edebiyat","7":"pa_cilt-ciltsiz","8":"pa_tur-kitap","9":"pa_yayinevi-iletisim-yayinlari","10":"pa_yazar-vladimir-nabokov","12":"first","13":"instock","14":"sale","15":"shipping-taxable","16":"purchasable","17":"product-type-simple"},"_links":{"self":[{"href":"https:\/\/roveyayinevi.com.tr\/index.php\/wp-json\/wp\/v2\/product\/695370","targetHints":{"allow":["GET"]}}],"collection":[{"href":"https:\/\/roveyayinevi.com.tr\/index.php\/wp-json\/wp\/v2\/product"}],"about":[{"href":"https:\/\/roveyayinevi.com.tr\/index.php\/wp-json\/wp\/v2\/types\/product"}],"wp:attachment":[{"href":"https:\/\/roveyayinevi.com.tr\/index.php\/wp-json\/wp\/v2\/media?parent=695370"}],"wp:term":[{"taxonomy":"product_brand","embeddable":true,"href":"https:\/\/roveyayinevi.com.tr\/index.php\/wp-json\/wp\/v2\/product_brand?post=695370"},{"taxonomy":"product_cat","embeddable":true,"href":"https:\/\/roveyayinevi.com.tr\/index.php\/wp-json\/wp\/v2\/product_cat?post=695370"},{"taxonomy":"product_tag","embeddable":true,"href":"https:\/\/roveyayinevi.com.tr\/index.php\/wp-json\/wp\/v2\/product_tag?post=695370"}],"curies":[{"name":"wp","href":"https:\/\/api.w.org\/{rel}","templated":true}]}}