{"id":695368,"date":"2025-08-27T14:28:08","date_gmt":"2025-08-27T11:28:08","guid":{"rendered":"https:\/\/roveyayinevi.com.tr\/index.php\/urun\/sinema-dili\/"},"modified":"2026-04-16T02:05:08","modified_gmt":"2026-04-15T23:05:08","slug":"sinema-dili","status":"publish","type":"product","link":"https:\/\/roveyayinevi.com.tr\/index.php\/urun\/sinema-dili\/","title":{"rendered":"Sinema Dili"},"content":{"rendered":"<p>G\u00fcn\u00fcm\u00fczde \u00f6nemli bir sekt\u00f6r haline gelen ve \u00e7ok say\u0131da alt dala ayr\u0131larak, giderek karma\u015f\u0131kla\u015fan sinema, kendine \u00f6zg\u00fc bir dil yaratabilmenin sanc\u0131lar\u0131n\u0131 ya\u015famaktad\u0131r. \u201cSinema Dili\u201d kitab\u0131: 119 y\u0131ll\u0131k sinema tarihi boyunca deneyimlenen ve g\u00fcn\u00fcm\u00fczde klasik anlat\u0131m formatlar\u0131 haline gelmi\u015f olan sineman\u0131n bi\u00e7im ve y\u00f6ntemlerini b\u00fct\u00fcn olarak biraraya getirmeyi hedeflemi\u015ftir. Kitap kapsam\u0131nda sineman\u0131n t\u00fcm literat\u00fcr\u00fcn\u00fc i\u00e7eren 8 b\u00f6l\u00fcm bulunmaktad\u0131r. Kitap: sinema tarihinden s\u00fcz\u00fclerek gelen y\u00f6ntem ve teknikleri i\u00e7inde bar\u0131nd\u0131ran ve sineman\u0131n dilini olu\u015fturan: Senaryo &#8211; Y\u00f6netim &#8211; Yap\u0131m &#8211; G\u00f6r\u00fcnt\u00fc &#8211; Kurgu &#8211; Ses &#8211; Ayd\u0131nlatma &#8211; Film M\u00fczi\u011fi gibi temel alanlar\u0131 i\u00e7ermektedir.  Senaryo Dramaturjusi, Film Y\u00f6netim, Film Yap\u0131m, G\u00f6r\u00fcnt\u00fc, D\u00fczenleme, Kurgunun Dili, Film Ayd\u0131nlatma, Filmde Ses ve Film M\u00fczi\u011fi b\u00f6l\u00fcmleri, alan\u0131nda uzman ve uygulaman\u0131n i\u00e7inden gelen akademisyenler taraf\u0131ndan yaz\u0131lm\u0131\u015ft\u0131r. \u00c7o\u011fu T\u00fcrkiye\u2019de sinema alan\u0131nda yapt\u0131klar\u0131 kuramsal \u00e7al\u0131\u015fmalarla tan\u0131nan ve T\u00fcrkiye\u2019de II. Halka sinema profes\u00f6r\u00fc olan akademisyenler, ayn\u0131 zamanda \u00fcrettikleri sanat yap\u0131tlar\u0131yla da adlar\u0131ndan s\u00f6z ettirmi\u015flerdir. <\/p>\n","protected":false},"excerpt":{"rendered":"<p>G\u00fcn\u00fcm\u00fczde \u00f6nemli bir sekt\u00f6r haline gelen ve \u00e7ok say\u0131da alt dala ayr\u0131larak, giderek karma\u015f\u0131kla\u015fan sinema, kendine \u00f6zg\u00fc bir dil yaratabilmenin sanc\u0131lar\u0131n\u0131 ya\u015famaktad\u0131r. \u201cSinema Dili\u201d kitab\u0131: 119<span class=\"excerpt-hellip\"> [\u2026]<\/span><\/p>\n","protected":false},"featured_media":0,"template":"","meta":{"_monsterinsights_skip_tracking":false,"_monsterinsights_sitenote_active":false,"_monsterinsights_sitenote_note":"","_monsterinsights_sitenote_category":0},"product_brand":[],"product_cat":[12409,12408],"product_tag":[],"class_list":{"0":"post-695368","1":"product","2":"type-product","3":"status-publish","5":"product_cat-fotograf-sinema-tiyatro","6":"product_cat-sanat","7":"pa_tur-kitap","8":"pa_yayinevi-su-yayinevi","9":"pa_yazar-peyami-celikcan","11":"first","12":"instock","13":"sale","14":"shipping-taxable","15":"purchasable","16":"product-type-simple"},"_links":{"self":[{"href":"https:\/\/roveyayinevi.com.tr\/index.php\/wp-json\/wp\/v2\/product\/695368","targetHints":{"allow":["GET"]}}],"collection":[{"href":"https:\/\/roveyayinevi.com.tr\/index.php\/wp-json\/wp\/v2\/product"}],"about":[{"href":"https:\/\/roveyayinevi.com.tr\/index.php\/wp-json\/wp\/v2\/types\/product"}],"wp:attachment":[{"href":"https:\/\/roveyayinevi.com.tr\/index.php\/wp-json\/wp\/v2\/media?parent=695368"}],"wp:term":[{"taxonomy":"product_brand","embeddable":true,"href":"https:\/\/roveyayinevi.com.tr\/index.php\/wp-json\/wp\/v2\/product_brand?post=695368"},{"taxonomy":"product_cat","embeddable":true,"href":"https:\/\/roveyayinevi.com.tr\/index.php\/wp-json\/wp\/v2\/product_cat?post=695368"},{"taxonomy":"product_tag","embeddable":true,"href":"https:\/\/roveyayinevi.com.tr\/index.php\/wp-json\/wp\/v2\/product_tag?post=695368"}],"curies":[{"name":"wp","href":"https:\/\/api.w.org\/{rel}","templated":true}]}}