{"id":695361,"date":"2025-08-27T14:28:06","date_gmt":"2025-08-27T11:28:06","guid":{"rendered":"https:\/\/roveyayinevi.com.tr\/index.php\/urun\/okul-2-0-egitimde-sosyal-medya-ve-mobil-uygulamalar\/"},"modified":"2026-04-16T02:05:08","modified_gmt":"2026-04-15T23:05:08","slug":"okul-2-0-egitimde-sosyal-medya-ve-mobil-uygulamalar","status":"publish","type":"product","link":"https:\/\/roveyayinevi.com.tr\/index.php\/urun\/okul-2-0-egitimde-sosyal-medya-ve-mobil-uygulamalar\/","title":{"rendered":"Okul 2.0 E\u011fitimde Sosyal Medya Ve Mobil Uygulamalar"},"content":{"rendered":"<p>&#8220;Eser, bir internet dakikas\u0131ndaki h\u0131zl\u0131 hareket eden \u00f6\u011frencilerine keyifli e\u011fitim ortamlar\u0131 sunmak isteyen e\u011ftimcilere yard\u0131mc\u0131 olabilmek i\u00e7in haz\u0131rland\u0131. Fikir a\u015famas\u0131ndan yaz\u0131m a\u015famas\u0131na, d\u00fczeltmeden son haline kadar her a\u015fama \u00e7evrimi\u00e7i ortamda kotar\u0131ld\u0131. Eksik ve gediklerinin saymakla bitmeyece\u011fi bu \u00e7al\u0131\u015fmayla e\u011fitimcilere duyduklar\u0131 ama kullanmad\u0131klar\u0131 teknolojileri kullanabileceklerini g\u00f6stermek istedik. Bunu sadece teknolojiyi tan\u0131tmakla yapamayaca\u011f\u0131m\u0131z d\u00fc\u015f\u00fcncesiyle her b\u00f6l\u00fcmde yap\u0131lan uygulamalar\u0131 sunup, m\u00fcmk\u00fcn oldu\u011funca \u00f6rnek ders etkinliklerini verdik.&#8221; <\/p>\n","protected":false},"excerpt":{"rendered":"<p>&#8220;Eser, bir internet dakikas\u0131ndaki h\u0131zl\u0131 hareket eden \u00f6\u011frencilerine keyifli e\u011fitim ortamlar\u0131 sunmak isteyen e\u011ftimcilere yard\u0131mc\u0131 olabilmek i\u00e7in haz\u0131rland\u0131. Fikir a\u015famas\u0131ndan yaz\u0131m a\u015famas\u0131na, d\u00fczeltmeden son haline kadar<span class=\"excerpt-hellip\"> [\u2026]<\/span><\/p>\n","protected":false},"featured_media":0,"template":"","meta":{"_monsterinsights_skip_tracking":false,"_monsterinsights_sitenote_active":false,"_monsterinsights_sitenote_note":"","_monsterinsights_sitenote_category":0},"product_brand":[],"product_cat":[12312,12304],"product_tag":[],"class_list":{"0":"post-695361","1":"product","2":"type-product","3":"status-publish","5":"product_cat-diger","6":"product_cat-tarih","7":"pa_cilt-ciltsiz","8":"pa_tur-kitap","9":"pa_yayinevi-ani-yayincilik","10":"pa_yazar-arif-kazanci","12":"first","13":"instock","14":"sale","15":"shipping-taxable","16":"purchasable","17":"product-type-simple"},"_links":{"self":[{"href":"https:\/\/roveyayinevi.com.tr\/index.php\/wp-json\/wp\/v2\/product\/695361","targetHints":{"allow":["GET"]}}],"collection":[{"href":"https:\/\/roveyayinevi.com.tr\/index.php\/wp-json\/wp\/v2\/product"}],"about":[{"href":"https:\/\/roveyayinevi.com.tr\/index.php\/wp-json\/wp\/v2\/types\/product"}],"wp:attachment":[{"href":"https:\/\/roveyayinevi.com.tr\/index.php\/wp-json\/wp\/v2\/media?parent=695361"}],"wp:term":[{"taxonomy":"product_brand","embeddable":true,"href":"https:\/\/roveyayinevi.com.tr\/index.php\/wp-json\/wp\/v2\/product_brand?post=695361"},{"taxonomy":"product_cat","embeddable":true,"href":"https:\/\/roveyayinevi.com.tr\/index.php\/wp-json\/wp\/v2\/product_cat?post=695361"},{"taxonomy":"product_tag","embeddable":true,"href":"https:\/\/roveyayinevi.com.tr\/index.php\/wp-json\/wp\/v2\/product_tag?post=695361"}],"curies":[{"name":"wp","href":"https:\/\/api.w.org\/{rel}","templated":true}]}}