{"id":695348,"date":"2025-08-27T14:28:03","date_gmt":"2025-08-27T11:28:03","guid":{"rendered":"https:\/\/roveyayinevi.com.tr\/index.php\/urun\/icimdeki-ses\/"},"modified":"2026-04-16T02:05:07","modified_gmt":"2026-04-15T23:05:07","slug":"icimdeki-ses","status":"publish","type":"product","link":"https:\/\/roveyayinevi.com.tr\/index.php\/urun\/icimdeki-ses\/","title":{"rendered":"\u0130\u00e7imdeki Ses"},"content":{"rendered":"<p>Senaryo yazarl\u0131\u011f\u0131ndaki ustal\u0131\u011f\u0131n\u0131 \u00f6yk\u00fc ve romanlar\u0131yla peki\u015ftiren, yeni ku\u015fa\u011f\u0131n \u00f6ne \u00e7\u0131kan yazarlar\u0131ndan Gaye Boral\u0131o\u011flu, ilk gen\u00e7lik roman\u0131n\u0131 K\u00f6pr\u00fc Kitaplar i\u00e7in kaleme ald\u0131. \u00d6zg\u00fcrl\u00fc\u011f\u00fcn\u00fc ve s\u0131n\u0131rlar\u0131n\u0131 tartan bir gen\u00e7 k\u0131z\u0131n aray\u0131\u015flar\u0131n\u0131 dillendiren roman, t\u00fcketim k\u00fclt\u00fcr\u00fcn\u00fcn egemen oldu\u011fu ve d\u0131\u015f g\u00f6r\u00fcn\u00fc\u015f\u00fcn a\u015f\u0131r\u0131 \u00f6nem kazand\u0131\u011f\u0131 g\u00fcn\u00fcm\u00fcz\u00fc, bir gencin g\u00f6z\u00fcnden anlat\u0131yor. Ekonomik krizden etkilenen bankac\u0131 bir ailenin \u00e7ocu\u011fu olan Zeli\u015f&#8217;in ergenlik ser\u00fcveni, pop\u00fcler olma, marka d\u00fc\u015fk\u00fcnl\u00fc\u011f\u00fc, ilk a\u015fk, yalanlar ve \u00f6zg\u00fcrl\u00fck \u00fczerine g\u00fcl\u00fcmseten bir sorgulama ve d\u00f6n\u00fc\u015f\u00fcm s\u00fcrecine tan\u0131kl\u0131k sa\u011fl\u0131yor. Edit\u00f6rl\u00fc\u011f\u00fcn\u00fc Semih G\u00fcm\u00fc\u015f&#8217;\u00fcn \u00fcstlendi\u011fi K\u00f6pr\u00fc Kitaplar koleksiyonunun 5. y\u0131l\u0131nda a\u011f\u0131rlad\u0131\u011f\u0131 16. yazar olan Boral\u0131o\u011flu, samimi ve g\u00fc\u00e7l\u00fc diliyle her ya\u015ftan okuru gen\u00e7li\u011fin heyecanlar\u0131na, b\u00fcy\u00fcmenin sanc\u0131lar\u0131na ortak ediyor. 2010 Memet Fuat Yay\u0131nc\u0131l\u0131k \u00d6d\u00fcl\u00fc sahibi K\u00f6pr\u00fc Kitaplar koleksiyonu Cemil Kavuk\u00e7u, M\u00fcge \u0130plik\u00e7i, Beh\u00e7et \u00c7elik, Ayhan Bozf\u0131rat, Osman \u015eahin, Leyla Ruhan Okyay gibi \u00e7a\u011fda\u015f edebiyat\u0131m\u0131z\u0131n \u00f6nemli kalemlerini gen\u00e7 okurlara yak\u0131nla\u015ft\u0131r\u0131yor. \u0130lkgen\u00e7li\u011fin hevesleri ve isyanlar\u0131yla, ya\u015fad\u0131\u011f\u0131 \u00e7evreye s\u0131\u011famayan tipik bir gen\u00e7tir Zeli\u015f. Aynadaki g\u00f6r\u00fcnt\u00fcs\u00fcnden de hi\u00e7 memnun de\u011fildir. \u00dcstelik, bankac\u0131 anne babas\u0131n\u0131n ona sa\u011flad\u0131\u011f\u0131 olanaklar, okudu\u011fu kolejin &#8220;moda&#8221;lar\u0131na ayak uydurmas\u0131na yetmemektedir. Aile i\u00e7inde ya\u015fad\u0131\u011f\u0131 \u00e7at\u0131\u015fmalara ilk a\u015fk heyecan\u0131 da eklenince, daha fazla \u00f6zg\u00fcrl\u00fck u\u011fruna yalanlara ve uzaklara ka\u00e7ma hayaline s\u0131\u011f\u0131n\u0131r. Zeli\u015f&#8217;in bu sarmaldan \u00e7\u0131k\u0131\u015f yolu hi\u00e7 kolay g\u00f6r\u00fcnmemektedir&#8230;<\/p>\n","protected":false},"excerpt":{"rendered":"<p>Senaryo yazarl\u0131\u011f\u0131ndaki ustal\u0131\u011f\u0131n\u0131 \u00f6yk\u00fc ve romanlar\u0131yla peki\u015ftiren, yeni ku\u015fa\u011f\u0131n \u00f6ne \u00e7\u0131kan yazarlar\u0131ndan Gaye Boral\u0131o\u011flu, ilk gen\u00e7lik roman\u0131n\u0131 K\u00f6pr\u00fc Kitaplar i\u00e7in kaleme ald\u0131. \u00d6zg\u00fcrl\u00fc\u011f\u00fcn\u00fc ve s\u0131n\u0131rlar\u0131n\u0131 tartan<span class=\"excerpt-hellip\"> [\u2026]<\/span><\/p>\n","protected":false},"featured_media":0,"template":"","meta":{"_monsterinsights_skip_tracking":false,"_monsterinsights_sitenote_active":false,"_monsterinsights_sitenote_note":"","_monsterinsights_sitenote_category":0},"product_brand":[],"product_cat":[12291,12711],"product_tag":[],"class_list":{"0":"post-695348","1":"product","2":"type-product","3":"status-publish","5":"product_cat-edebiyat","6":"product_cat-roman-oyku","7":"pa_cilt-ciltsiz","8":"pa_tur-kitap","9":"pa_yayinevi-gunisigi-kitapligi","10":"pa_yazar-gaye-boralioglu","12":"first","13":"instock","14":"sale","15":"shipping-taxable","16":"purchasable","17":"product-type-simple"},"_links":{"self":[{"href":"https:\/\/roveyayinevi.com.tr\/index.php\/wp-json\/wp\/v2\/product\/695348","targetHints":{"allow":["GET"]}}],"collection":[{"href":"https:\/\/roveyayinevi.com.tr\/index.php\/wp-json\/wp\/v2\/product"}],"about":[{"href":"https:\/\/roveyayinevi.com.tr\/index.php\/wp-json\/wp\/v2\/types\/product"}],"wp:attachment":[{"href":"https:\/\/roveyayinevi.com.tr\/index.php\/wp-json\/wp\/v2\/media?parent=695348"}],"wp:term":[{"taxonomy":"product_brand","embeddable":true,"href":"https:\/\/roveyayinevi.com.tr\/index.php\/wp-json\/wp\/v2\/product_brand?post=695348"},{"taxonomy":"product_cat","embeddable":true,"href":"https:\/\/roveyayinevi.com.tr\/index.php\/wp-json\/wp\/v2\/product_cat?post=695348"},{"taxonomy":"product_tag","embeddable":true,"href":"https:\/\/roveyayinevi.com.tr\/index.php\/wp-json\/wp\/v2\/product_tag?post=695348"}],"curies":[{"name":"wp","href":"https:\/\/api.w.org\/{rel}","templated":true}]}}