{"id":695338,"date":"2025-08-27T14:28:00","date_gmt":"2025-08-27T11:28:00","guid":{"rendered":"https:\/\/roveyayinevi.com.tr\/index.php\/urun\/istanbul-mayista-bir-aksamdi\/"},"modified":"2026-04-16T02:05:07","modified_gmt":"2026-04-15T23:05:07","slug":"istanbul-mayista-bir-aksamdi","status":"publish","type":"product","link":"https:\/\/roveyayinevi.com.tr\/index.php\/urun\/istanbul-mayista-bir-aksamdi\/","title":{"rendered":"\u0130stanbul May\u0131sta Bir Ak\u015famd\u0131"},"content":{"rendered":"<p>Bu kez en eskilere d\u00f6nmek, en eskileri yazmak istiyorum. Kim bilir 1960\u2019larda hangi g\u00fcnd\u00fc. Tarih, sanat, mimar\u00ee, s\u00fcslemecilik konusunda hemen hi\u00e7bir \u015fey bilmedi\u011fim halde, camiin \u00e7inileri, kubbe pencerelerinden yans\u0131yan \u0131\u015f\u0131klar ortas\u0131nda, r\u00fcyay\u0131 and\u0131r\u0131r bir etki b\u0131rakm\u0131\u015ft\u0131. O kadar \u00e7ini \u0131\u015f\u0131lt\u0131s\u0131n\u0131, ancak \u00e7inilerde o kadar s\u0131r \u0131\u015f\u0131lt\u0131s\u0131na kavu\u015fabilen nar\u00e7i\u00e7e\u011fi k\u0131rm\u0131z\u0131s\u0131n\u0131, ye\u015fili ve u\u00e7suz bucaks\u0131z maviyi ilk kez g\u00f6r\u00fcyordum. \ufffcTan\u0131t\u0131m Metni<\/p>\n","protected":false},"excerpt":{"rendered":"<p>Bu kez en eskilere d\u00f6nmek, en eskileri yazmak istiyorum. Kim bilir 1960\u2019larda hangi g\u00fcnd\u00fc. Tarih, sanat, mimar\u00ee, s\u00fcslemecilik konusunda hemen hi\u00e7bir \u015fey bilmedi\u011fim halde, camiin \u00e7inileri,<span class=\"excerpt-hellip\"> [\u2026]<\/span><\/p>\n","protected":false},"featured_media":0,"template":"","meta":{"_monsterinsights_skip_tracking":false,"_monsterinsights_sitenote_active":false,"_monsterinsights_sitenote_note":"","_monsterinsights_sitenote_category":0},"product_brand":[],"product_cat":[12364],"product_tag":[],"class_list":{"0":"post-695338","1":"product","2":"type-product","3":"status-publish","5":"product_cat-genel-konular","6":"pa_tur-kitap","7":"pa_yayinevi-everest-yayinlari","8":"pa_yazar-selim-ileri","10":"first","11":"instock","12":"sale","13":"shipping-taxable","14":"purchasable","15":"product-type-simple"},"_links":{"self":[{"href":"https:\/\/roveyayinevi.com.tr\/index.php\/wp-json\/wp\/v2\/product\/695338","targetHints":{"allow":["GET"]}}],"collection":[{"href":"https:\/\/roveyayinevi.com.tr\/index.php\/wp-json\/wp\/v2\/product"}],"about":[{"href":"https:\/\/roveyayinevi.com.tr\/index.php\/wp-json\/wp\/v2\/types\/product"}],"wp:attachment":[{"href":"https:\/\/roveyayinevi.com.tr\/index.php\/wp-json\/wp\/v2\/media?parent=695338"}],"wp:term":[{"taxonomy":"product_brand","embeddable":true,"href":"https:\/\/roveyayinevi.com.tr\/index.php\/wp-json\/wp\/v2\/product_brand?post=695338"},{"taxonomy":"product_cat","embeddable":true,"href":"https:\/\/roveyayinevi.com.tr\/index.php\/wp-json\/wp\/v2\/product_cat?post=695338"},{"taxonomy":"product_tag","embeddable":true,"href":"https:\/\/roveyayinevi.com.tr\/index.php\/wp-json\/wp\/v2\/product_tag?post=695338"}],"curies":[{"name":"wp","href":"https:\/\/api.w.org\/{rel}","templated":true}]}}