{"id":695327,"date":"2025-08-27T14:27:57","date_gmt":"2025-08-27T11:27:57","guid":{"rendered":"https:\/\/roveyayinevi.com.tr\/index.php\/urun\/harry-potter-ve-melez-prens-6-kitap\/"},"modified":"2026-04-16T02:05:07","modified_gmt":"2026-04-15T23:05:07","slug":"harry-potter-ve-melez-prens-6-kitap","status":"publish","type":"product","link":"https:\/\/roveyayinevi.com.tr\/index.php\/urun\/harry-potter-ve-melez-prens-6-kitap\/","title":{"rendered":"Harry Potter ve Melez Prens (6. Kitap)"},"content":{"rendered":"<p>\u201c\u0130\u015fte orada, okulun tepesinde, g\u00f6kte as\u0131l\u0131 duruyordu: o y\u0131lan dilli, par\u0131l par\u0131l parlayan ye\u015fil kafatas\u0131; \u00d6l\u00fcm Yiyen\u2019lerin bir binaya girdiklerinde&#8230; birilerini \u00f6ld\u00fcrd\u00fcklerinde arkalar\u0131nda b\u0131rakt\u0131klar\u0131 i\u015faret&#8230;\u201d \ufffc\ufffc\ufffcTan\u0131t\u0131m Metni<\/p>\n","protected":false},"excerpt":{"rendered":"<p>\u201c\u0130\u015fte orada, okulun tepesinde, g\u00f6kte as\u0131l\u0131 duruyordu: o y\u0131lan dilli, par\u0131l par\u0131l parlayan ye\u015fil kafatas\u0131; \u00d6l\u00fcm Yiyen\u2019lerin bir binaya girdiklerinde&#8230; birilerini \u00f6ld\u00fcrd\u00fcklerinde arkalar\u0131nda b\u0131rakt\u0131klar\u0131 i\u015faret&#8230;\u201d \ufffc\ufffc\ufffcTan\u0131t\u0131m<span class=\"excerpt-hellip\"> [\u2026]<\/span><\/p>\n","protected":false},"featured_media":0,"template":"","meta":{"_monsterinsights_skip_tracking":false,"_monsterinsights_sitenote_active":false,"_monsterinsights_sitenote_note":"","_monsterinsights_sitenote_category":0},"product_brand":[],"product_cat":[12291,14777],"product_tag":[],"class_list":{"0":"post-695327","1":"product","2":"type-product","3":"status-publish","5":"product_cat-edebiyat","6":"product_cat-fantastik","7":"pa_cilt-ciltsiz","8":"pa_tur-kitap","9":"pa_yayinevi-yapi-kredi-yayinlari","10":"pa_yazar-j-k-rowling","12":"first","13":"instock","14":"sale","15":"shipping-taxable","16":"purchasable","17":"product-type-simple"},"_links":{"self":[{"href":"https:\/\/roveyayinevi.com.tr\/index.php\/wp-json\/wp\/v2\/product\/695327","targetHints":{"allow":["GET"]}}],"collection":[{"href":"https:\/\/roveyayinevi.com.tr\/index.php\/wp-json\/wp\/v2\/product"}],"about":[{"href":"https:\/\/roveyayinevi.com.tr\/index.php\/wp-json\/wp\/v2\/types\/product"}],"wp:attachment":[{"href":"https:\/\/roveyayinevi.com.tr\/index.php\/wp-json\/wp\/v2\/media?parent=695327"}],"wp:term":[{"taxonomy":"product_brand","embeddable":true,"href":"https:\/\/roveyayinevi.com.tr\/index.php\/wp-json\/wp\/v2\/product_brand?post=695327"},{"taxonomy":"product_cat","embeddable":true,"href":"https:\/\/roveyayinevi.com.tr\/index.php\/wp-json\/wp\/v2\/product_cat?post=695327"},{"taxonomy":"product_tag","embeddable":true,"href":"https:\/\/roveyayinevi.com.tr\/index.php\/wp-json\/wp\/v2\/product_tag?post=695327"}],"curies":[{"name":"wp","href":"https:\/\/api.w.org\/{rel}","templated":true}]}}