{"id":695326,"date":"2025-08-27T14:27:57","date_gmt":"2025-08-27T11:27:57","guid":{"rendered":"https:\/\/roveyayinevi.com.tr\/index.php\/urun\/pucca-gunluk-4-ay-hadi-insallah\/"},"modified":"2026-04-16T02:05:07","modified_gmt":"2026-04-15T23:05:07","slug":"pucca-gunluk-4-ay-hadi-insallah","status":"publish","type":"product","link":"https:\/\/roveyayinevi.com.tr\/index.php\/urun\/pucca-gunluk-4-ay-hadi-insallah\/","title":{"rendered":"Pucca G\u00fcnl\u00fck &#8211; 4 : Ay Hadi \u0130n\u015fallah!"},"content":{"rendered":"<p>\u201cNe anneler, ne eski sevgililer ne de etrafta dolanan s\u2026t\u00fckler! Bu kez ba\u015faracam, bu kez o duva\u011f\u0131 takcam! Hi\u00e7bir \u015fey \u00f6n\u00fcme engel olamayacak\u2026 Sen bile! Kaderimde yokmu\u015f, fal\u0131mda \u00e7\u0131km\u0131yormu\u015f, o adam bana g\u00f6re de\u011filmi\u015f\u2026 Hiiiiiiiii\u00e7 anlamam, dinlemem, o adam buraya gelecek! Ayy hadi in\u015fallah!\u201d     \u201c\u0130skambil k\u00e2\u011f\u0131tlar\u0131ndan ev yap\u0131yorum kendime Vale\u2019yi sakl\u0131yorum, K\u0131z\u2019\u0131 k\u0131skan\u0131yorum, As\u2019la hayaller kuruyorum. Hep bir\u015feyler eksik kal\u0131yor, say\u0131lar ba\u015f\u0131m\u0131 d\u00f6nd\u00fcr\u00fcyor. Fal bak\u0131yorum ma\u00e7a aram\u0131z\u0131 bozuyor, papaz ka\u00e7\u0131yor. Ve ben k\u00e2\u011f\u0131ttan evin i\u00e7ine bir t\u00fcrl\u00fc s\u0131\u011fam\u0131yorum\u2026\u201d     Bu kitab\u0131n okuyucular\u0131na bir uyar\u0131s\u0131 olsayd\u0131, o da \u201cPucca bu, an\u0131lar\u0131n\u0131 mutlaka okuyun ama sak\u0131n ola ili\u015fkinizde uygulamay\u0131n!\u201d olurdu\u2026 Sosyal Medya\u2019n\u0131n krali\u00e7esi Pucca, 4. kitab\u0131 Ay Hadi \u0130n\u015fallah\u2018ta yine kad\u0131n zek\u00e2s\u0131n\u0131, komikli\u011fini, sinsili\u011fini, \u015fa\u015fk\u0131nl\u0131\u011f\u0131n\u0131 ve hani o bildi\u011fimiz, \u201cNe onunla ne onsuz!\u201d a\u015fk\u0131 en yal\u0131n haliyle yazd\u0131\u2026 \u0130lk kitab\u0131ndan itibaren ba\u015f\u0131na gelen her \u015feyi t\u00fcm samimiyetiyle anlat\u0131p \u00e7o\u011fu zaman, \u201cSanki beni anlatm\u0131\u015fs\u0131n\u2026\u201d dedirten Pucca\u2019n\u0131n g\u00fcnl\u00fc\u011f\u00fcnde bu kez en bilinen a\u015fk\u0131 Ceri ile olan hik\u00e2yesini okuyaca\u011f\u0131z.   Her durumdan bir kavga \u00e7\u0131karan, her kavgada ayr\u0131lan, her ayr\u0131l\u0131ktan 10 dakika sonra bar\u0131\u015fan Pucca ve Ceri\u2019yi okurken, bakal\u0131m siz hangi tarafta yer alacaks\u0131n\u0131z? <\/p>\n","protected":false},"excerpt":{"rendered":"<p>\u201cNe anneler, ne eski sevgililer ne de etrafta dolanan s\u2026t\u00fckler! Bu kez ba\u015faracam, bu kez o duva\u011f\u0131 takcam! Hi\u00e7bir \u015fey \u00f6n\u00fcme engel olamayacak\u2026 Sen bile! Kaderimde<span class=\"excerpt-hellip\"> [\u2026]<\/span><\/p>\n","protected":false},"featured_media":0,"template":"","meta":{"_monsterinsights_skip_tracking":false,"_monsterinsights_sitenote_active":false,"_monsterinsights_sitenote_note":"","_monsterinsights_sitenote_category":0},"product_brand":[],"product_cat":[12777,12291],"product_tag":[],"class_list":{"0":"post-695326","1":"product","2":"type-product","3":"status-publish","5":"product_cat-deneme","6":"product_cat-edebiyat","7":"pa_cilt-ciltsiz","8":"pa_tur-kitap","9":"pa_yayinevi-okuyan-us-yayin","10":"pa_yazar-pucca","12":"first","13":"instock","14":"sale","15":"shipping-taxable","16":"purchasable","17":"product-type-simple"},"_links":{"self":[{"href":"https:\/\/roveyayinevi.com.tr\/index.php\/wp-json\/wp\/v2\/product\/695326","targetHints":{"allow":["GET"]}}],"collection":[{"href":"https:\/\/roveyayinevi.com.tr\/index.php\/wp-json\/wp\/v2\/product"}],"about":[{"href":"https:\/\/roveyayinevi.com.tr\/index.php\/wp-json\/wp\/v2\/types\/product"}],"wp:attachment":[{"href":"https:\/\/roveyayinevi.com.tr\/index.php\/wp-json\/wp\/v2\/media?parent=695326"}],"wp:term":[{"taxonomy":"product_brand","embeddable":true,"href":"https:\/\/roveyayinevi.com.tr\/index.php\/wp-json\/wp\/v2\/product_brand?post=695326"},{"taxonomy":"product_cat","embeddable":true,"href":"https:\/\/roveyayinevi.com.tr\/index.php\/wp-json\/wp\/v2\/product_cat?post=695326"},{"taxonomy":"product_tag","embeddable":true,"href":"https:\/\/roveyayinevi.com.tr\/index.php\/wp-json\/wp\/v2\/product_tag?post=695326"}],"curies":[{"name":"wp","href":"https:\/\/api.w.org\/{rel}","templated":true}]}}