{"id":695324,"date":"2025-08-27T14:27:56","date_gmt":"2025-08-27T11:27:56","guid":{"rendered":"https:\/\/roveyayinevi.com.tr\/index.php\/urun\/mutlu-prens-ciltli\/"},"modified":"2026-04-16T02:05:07","modified_gmt":"2026-04-15T23:05:07","slug":"mutlu-prens-ciltli","status":"publish","type":"product","link":"https:\/\/roveyayinevi.com.tr\/index.php\/urun\/mutlu-prens-ciltli\/","title":{"rendered":"Mutlu Prens (Ciltli)"},"content":{"rendered":"<p>Kentin y\u00fckseklerinde uzun bir s\u00fctunun \u00fczerinde Mutlu Prens&#8217;in heykeli y\u00fckselmekteydi. Prens&#8217;in t\u00fcm g\u00f6vdesi k\u00fc\u00e7\u00fck saf alt\u0131n yapraklarla kaplanm\u0131\u015ft\u0131. G\u00f6zlerinin yerinde iki parlak safir s\u00f6n\u00fcyor, k\u0131l\u0131c\u0131n\u0131n kabzas\u0131nda k\u0131rm\u0131z\u0131 bir yakut parl\u0131yordu. Ger\u00e7ekten \u00e7ok be\u011feniliyordu Prens. \u015eehir meclisi \u00fcyelerinden biri ince bir sanat anlay\u0131\u015f\u0131 oldu\u011funu kan\u0131tlamak istercesine, heykel hakk\u0131nda &#8221;Bir r\u00fczgarg\u00fcl\u00fc kadar g\u00fczel,&#8221; yorumunu yapm\u0131\u015f, sonra da insanlar\u0131n onun pratik d\u00fc\u015f\u00fcnen biri olmad\u0131\u011f\u0131 d\u00fc\u015f\u00fcncesine kap\u0131laca\u011f\u0131 kayg\u0131s\u0131yla &#8221;Ama onun kadar i\u015fe yaram\u0131yor!&#8221; diye eklemi\u015fti.<\/p>\n","protected":false},"excerpt":{"rendered":"<p>Kentin y\u00fckseklerinde uzun bir s\u00fctunun \u00fczerinde Mutlu Prens&#8217;in heykeli y\u00fckselmekteydi. Prens&#8217;in t\u00fcm g\u00f6vdesi k\u00fc\u00e7\u00fck saf alt\u0131n yapraklarla kaplanm\u0131\u015ft\u0131. G\u00f6zlerinin yerinde iki parlak safir s\u00f6n\u00fcyor, k\u0131l\u0131c\u0131n\u0131n kabzas\u0131nda<span class=\"excerpt-hellip\"> [\u2026]<\/span><\/p>\n","protected":false},"featured_media":0,"template":"","meta":{"_monsterinsights_skip_tracking":false,"_monsterinsights_sitenote_active":false,"_monsterinsights_sitenote_note":"","_monsterinsights_sitenote_category":0},"product_brand":[],"product_cat":[12274,12467],"product_tag":[],"class_list":{"0":"post-695324","1":"product","2":"type-product","3":"status-publish","5":"product_cat-cocuk-ve-genclik-kitaplari","6":"product_cat-dunya-klasikleri","7":"pa_cilt-ciltli","8":"pa_tur-kitap","9":"pa_yayinevi-epsilon-yayinlari","10":"pa_yazar-oscar-wilde","12":"first","13":"instock","14":"sale","15":"shipping-taxable","16":"purchasable","17":"product-type-simple"},"_links":{"self":[{"href":"https:\/\/roveyayinevi.com.tr\/index.php\/wp-json\/wp\/v2\/product\/695324","targetHints":{"allow":["GET"]}}],"collection":[{"href":"https:\/\/roveyayinevi.com.tr\/index.php\/wp-json\/wp\/v2\/product"}],"about":[{"href":"https:\/\/roveyayinevi.com.tr\/index.php\/wp-json\/wp\/v2\/types\/product"}],"wp:attachment":[{"href":"https:\/\/roveyayinevi.com.tr\/index.php\/wp-json\/wp\/v2\/media?parent=695324"}],"wp:term":[{"taxonomy":"product_brand","embeddable":true,"href":"https:\/\/roveyayinevi.com.tr\/index.php\/wp-json\/wp\/v2\/product_brand?post=695324"},{"taxonomy":"product_cat","embeddable":true,"href":"https:\/\/roveyayinevi.com.tr\/index.php\/wp-json\/wp\/v2\/product_cat?post=695324"},{"taxonomy":"product_tag","embeddable":true,"href":"https:\/\/roveyayinevi.com.tr\/index.php\/wp-json\/wp\/v2\/product_tag?post=695324"}],"curies":[{"name":"wp","href":"https:\/\/api.w.org\/{rel}","templated":true}]}}