{"id":695314,"date":"2025-08-27T14:27:54","date_gmt":"2025-08-27T11:27:54","guid":{"rendered":"https:\/\/roveyayinevi.com.tr\/index.php\/urun\/jung-psikolojisinin-ana-hatlari\/"},"modified":"2026-04-16T02:05:07","modified_gmt":"2026-04-15T23:05:07","slug":"jung-psikolojisinin-ana-hatlari","status":"publish","type":"product","link":"https:\/\/roveyayinevi.com.tr\/index.php\/urun\/jung-psikolojisinin-ana-hatlari\/","title":{"rendered":"Jung Psikolojisinin Ana Hatlar\u0131"},"content":{"rendered":"<p>\u00c7a\u011fda\u015f psikolojinin \u00fc\u00e7 b\u00fcy\u00fck devinden biri ve analitik psikolojinin kurucusu olan C. G. Jung, Frieda Fordham i\u00e7in, \u0130nsan ruhunun daha iyi ve daha anla\u015f\u0131l\u0131r bir \u015fekilde kavranmas\u0131na y\u00f6nelik \u00e7e\u015fitli \u00e7abalar\u0131m\u0131n okunabilir bir \u00f6zetini ortaya \u00e7\u0131karmak gibi hi\u00e7 de kolay olmayan bir g\u00f6revi \u00fcstlenmi\u015f. Bu hayranl\u0131k duyulacak yap\u0131t i\u00e7in kendisine te\u015fekk\u00fcr bor\u00e7luyum, diyor. Frieda Fordham, psikolojik tipler, kolektif bilin\u00e7d\u0131\u015f\u0131n\u0131n arketipleri, din ve bireyle\u015fme s\u00fcreci, psikoterapi, r\u00fcyalar ve yorumlar\u0131 ile psikoloji ve e\u011fitim gibi ba\u015fl\u0131klar alt\u0131nda, Jung psikolojisini olabildi\u011fince a\u00e7\u0131k, sadece bir bi\u00e7imde ve polemiklere girmeden inceliyor. <\/p>\n","protected":false},"excerpt":{"rendered":"<p>\u00c7a\u011fda\u015f psikolojinin \u00fc\u00e7 b\u00fcy\u00fck devinden biri ve analitik psikolojinin kurucusu olan C. G. Jung, Frieda Fordham i\u00e7in, \u0130nsan ruhunun daha iyi ve daha anla\u015f\u0131l\u0131r bir \u015fekilde<span class=\"excerpt-hellip\"> [\u2026]<\/span><\/p>\n","protected":false},"featured_media":0,"template":"","meta":{"_monsterinsights_skip_tracking":false,"_monsterinsights_sitenote_active":false,"_monsterinsights_sitenote_note":"","_monsterinsights_sitenote_category":0},"product_brand":[],"product_cat":[12358,12357],"product_tag":[],"class_list":{"0":"post-695314","1":"product","2":"type-product","3":"status-publish","5":"product_cat-genel-psikoloji","6":"product_cat-psikoloji","7":"pa_cilt-ciltsiz","8":"pa_tur-kitap","9":"pa_yayinevi-say-yayinlari","10":"pa_yazar-frieda-fordham","12":"first","13":"instock","14":"sale","15":"shipping-taxable","16":"purchasable","17":"product-type-simple"},"_links":{"self":[{"href":"https:\/\/roveyayinevi.com.tr\/index.php\/wp-json\/wp\/v2\/product\/695314","targetHints":{"allow":["GET"]}}],"collection":[{"href":"https:\/\/roveyayinevi.com.tr\/index.php\/wp-json\/wp\/v2\/product"}],"about":[{"href":"https:\/\/roveyayinevi.com.tr\/index.php\/wp-json\/wp\/v2\/types\/product"}],"wp:attachment":[{"href":"https:\/\/roveyayinevi.com.tr\/index.php\/wp-json\/wp\/v2\/media?parent=695314"}],"wp:term":[{"taxonomy":"product_brand","embeddable":true,"href":"https:\/\/roveyayinevi.com.tr\/index.php\/wp-json\/wp\/v2\/product_brand?post=695314"},{"taxonomy":"product_cat","embeddable":true,"href":"https:\/\/roveyayinevi.com.tr\/index.php\/wp-json\/wp\/v2\/product_cat?post=695314"},{"taxonomy":"product_tag","embeddable":true,"href":"https:\/\/roveyayinevi.com.tr\/index.php\/wp-json\/wp\/v2\/product_tag?post=695314"}],"curies":[{"name":"wp","href":"https:\/\/api.w.org\/{rel}","templated":true}]}}