{"id":695290,"date":"2025-08-27T14:27:48","date_gmt":"2025-08-27T11:27:48","guid":{"rendered":"https:\/\/roveyayinevi.com.tr\/index.php\/urun\/guney\/"},"modified":"2026-04-16T02:05:06","modified_gmt":"2026-04-15T23:05:06","slug":"guney","status":"publish","type":"product","link":"https:\/\/roveyayinevi.com.tr\/index.php\/urun\/guney\/","title":{"rendered":"G\u00fcney"},"content":{"rendered":"<p>Bu d\u00fcnyada baz\u0131 insanlar hayat\u0131 cehenneme \u00e7evirmek i\u00e7in var; bir i\u015fi ortaya \u00e7\u0131karmak i\u00e7in de\u011fil de tam tersine engellemek i\u00e7in harcad\u0131klar\u0131 enerji \u00e7ok daha g\u00fc\u00e7l\u00fc ve yo\u011fun. Ben bunun nedenini onlar\u0131n bilin\u00e7alt\u0131na ba\u011fl\u0131yorum. Kendi u\u011frad\u0131klar\u0131 haks\u0131zl\u0131klar\u0131n daha beterini ba\u015fkalar\u0131na yaparak mutlu oluyorlar. <\/p>\n","protected":false},"excerpt":{"rendered":"<p>Bu d\u00fcnyada baz\u0131 insanlar hayat\u0131 cehenneme \u00e7evirmek i\u00e7in var; bir i\u015fi ortaya \u00e7\u0131karmak i\u00e7in de\u011fil de tam tersine engellemek i\u00e7in harcad\u0131klar\u0131 enerji \u00e7ok daha g\u00fc\u00e7l\u00fc ve<span class=\"excerpt-hellip\"> [\u2026]<\/span><\/p>\n","protected":false},"featured_media":0,"template":"","meta":{"_monsterinsights_skip_tracking":false,"_monsterinsights_sitenote_active":false,"_monsterinsights_sitenote_note":"","_monsterinsights_sitenote_category":0},"product_brand":[],"product_cat":[12777,12291],"product_tag":[],"class_list":{"0":"post-695290","1":"product","2":"type-product","3":"status-publish","5":"product_cat-deneme","6":"product_cat-edebiyat","7":"pa_tur-kitap","8":"pa_yayinevi-efil-yayinevi","9":"pa_yazar-sancar-seckiner","11":"first","12":"instock","13":"sale","14":"shipping-taxable","15":"purchasable","16":"product-type-simple"},"_links":{"self":[{"href":"https:\/\/roveyayinevi.com.tr\/index.php\/wp-json\/wp\/v2\/product\/695290","targetHints":{"allow":["GET"]}}],"collection":[{"href":"https:\/\/roveyayinevi.com.tr\/index.php\/wp-json\/wp\/v2\/product"}],"about":[{"href":"https:\/\/roveyayinevi.com.tr\/index.php\/wp-json\/wp\/v2\/types\/product"}],"wp:attachment":[{"href":"https:\/\/roveyayinevi.com.tr\/index.php\/wp-json\/wp\/v2\/media?parent=695290"}],"wp:term":[{"taxonomy":"product_brand","embeddable":true,"href":"https:\/\/roveyayinevi.com.tr\/index.php\/wp-json\/wp\/v2\/product_brand?post=695290"},{"taxonomy":"product_cat","embeddable":true,"href":"https:\/\/roveyayinevi.com.tr\/index.php\/wp-json\/wp\/v2\/product_cat?post=695290"},{"taxonomy":"product_tag","embeddable":true,"href":"https:\/\/roveyayinevi.com.tr\/index.php\/wp-json\/wp\/v2\/product_tag?post=695290"}],"curies":[{"name":"wp","href":"https:\/\/api.w.org\/{rel}","templated":true}]}}