{"id":695269,"date":"2025-08-27T14:27:43","date_gmt":"2025-08-27T11:27:43","guid":{"rendered":"https:\/\/roveyayinevi.com.tr\/index.php\/urun\/hacli-seferleri-zamaninda-dogu-ve-bati\/"},"modified":"2026-04-16T02:05:05","modified_gmt":"2026-04-15T23:05:05","slug":"hacli-seferleri-zamaninda-dogu-ve-bati","status":"publish","type":"product","link":"https:\/\/roveyayinevi.com.tr\/index.php\/urun\/hacli-seferleri-zamaninda-dogu-ve-bati\/","title":{"rendered":"Ha\u00e7l\u0131 Seferleri Zaman\u0131nda Do\u011fu ve Bat\u0131"},"content":{"rendered":"<p>Ha\u00e7l\u0131 Seferlerinin ilan\u0131ndan itibaren, T\u00fcrkler, Ha\u00e7\u0131 kabul etmi\u015f olan Bat\u0131l\u0131larla s\u00fcrekli temas halinde oldular. Bu temas sadece sava\u015f meydanlar\u0131ndaki bozgunlar veya zaferlerden ibaret de\u011fildi. Ha\u00e7\u0131 kabul ederek sava\u015fmaya gelen Bat\u0131l\u0131lar ve Do\u011fu\u2019ya yerle\u015fmi\u015f olan Latinlerin T\u00fcrklerle diplomatik, ekonomik, sosyal ve k\u00fclt\u00fcrel alanlarda da ili\u015fkiler geli\u015ftirdikleri bir realitedir. Bu ger\u00e7e\u011fin bilinmesine ve Ha\u00e7l\u0131lar\u0131 ilk kar\u015f\u0131layanlar\u0131n T\u00fcrkler olmas\u0131na ra\u011fmen Ha\u00e7l\u0131 Seferleri tarihine ili\u015fkin \u00fclkemiz tarih\u00e7ileri aras\u0131nda b\u00fcy\u00fck bir kay\u0131ts\u0131zl\u0131k g\u00f6r\u00fclmektedir. Bat\u0131 da ise kabul etmesi g\u00fc\u00e7 olsa da Ha\u00e7l\u0131 Seferlerinin her y\u00f6n\u00fcyle iyi tan\u0131n tarihsel bir olay oldu\u011fu s\u00f6ylenemez. Y\u00fczy\u0131llarca ruhban s\u0131n\u0131f\u0131na mensup ara\u015ft\u0131rmac\u0131lar\u0131n adeta tekelinde kalan Ha\u00e7l\u0131 Seferleri Kilise ve H\u0131ristiyanl\u0131\u011f\u0131n \u00f6v\u00fcn\u00e7 vesilesi olarak g\u00f6r\u00fcld\u00fc. Modern zamanlarda ise Ha\u00e7l\u0131 Seferlerini ho\u015fg\u00f6r\u00fcs\u00fczl\u00fck veya karanl\u0131k bir giri\u015fim olarak g\u00f6rme e\u011filimi g\u00f6sterenler oldu\u011fu gibi bu seferlere Fransa\u2019n\u0131n Do\u011fu\u2019daki k\u00fclt\u00fcrel etkisinin \u015fafa\u011f\u0131 diyenler de g\u00f6r\u00fcld\u00fc. <\/p>\n","protected":false},"excerpt":{"rendered":"<p>Ha\u00e7l\u0131 Seferlerinin ilan\u0131ndan itibaren, T\u00fcrkler, Ha\u00e7\u0131 kabul etmi\u015f olan Bat\u0131l\u0131larla s\u00fcrekli temas halinde oldular. Bu temas sadece sava\u015f meydanlar\u0131ndaki bozgunlar veya zaferlerden ibaret de\u011fildi. Ha\u00e7\u0131 kabul<span class=\"excerpt-hellip\"> [\u2026]<\/span><\/p>\n","protected":false},"featured_media":0,"template":"","meta":{"_monsterinsights_skip_tracking":false,"_monsterinsights_sitenote_active":false,"_monsterinsights_sitenote_note":"","_monsterinsights_sitenote_category":0},"product_brand":[],"product_cat":[12305,12304],"product_tag":[],"class_list":{"0":"post-695269","1":"product","2":"type-product","3":"status-publish","5":"product_cat-dunya-tarihi","6":"product_cat-tarih","7":"pa_cilt-ciltsiz","8":"pa_tur-kitap","9":"pa_yayinevi-yeditepe-yayinevi","10":"pa_yazar-claude-cahen","12":"first","13":"instock","14":"sale","15":"shipping-taxable","16":"purchasable","17":"product-type-simple"},"_links":{"self":[{"href":"https:\/\/roveyayinevi.com.tr\/index.php\/wp-json\/wp\/v2\/product\/695269","targetHints":{"allow":["GET"]}}],"collection":[{"href":"https:\/\/roveyayinevi.com.tr\/index.php\/wp-json\/wp\/v2\/product"}],"about":[{"href":"https:\/\/roveyayinevi.com.tr\/index.php\/wp-json\/wp\/v2\/types\/product"}],"wp:attachment":[{"href":"https:\/\/roveyayinevi.com.tr\/index.php\/wp-json\/wp\/v2\/media?parent=695269"}],"wp:term":[{"taxonomy":"product_brand","embeddable":true,"href":"https:\/\/roveyayinevi.com.tr\/index.php\/wp-json\/wp\/v2\/product_brand?post=695269"},{"taxonomy":"product_cat","embeddable":true,"href":"https:\/\/roveyayinevi.com.tr\/index.php\/wp-json\/wp\/v2\/product_cat?post=695269"},{"taxonomy":"product_tag","embeddable":true,"href":"https:\/\/roveyayinevi.com.tr\/index.php\/wp-json\/wp\/v2\/product_tag?post=695269"}],"curies":[{"name":"wp","href":"https:\/\/api.w.org\/{rel}","templated":true}]}}

Haçlı Seferleri Zamanında Doğu ve Batı

<p>Haçlı Seferlerinin ilanından itibaren, Türkler, Haçı kabul etmiş olan Batılılarla sürekli temas halinde oldular. Bu temas sadece savaş meydanlarındaki bozgunlar veya zaferlerden ibaret değildi. Haçı kabul ederek savaşmaya gelen Batılılar ve Doğu’ya yerleşmiş olan Latinlerin Türklerle diplomatik, ekonomik, sosyal ve kültürel alanlarda da ilişkiler geliştirdikleri bir realitedir. Bu gerçeğin bilinmesine ve Haçlıları ilk karşılayanların Türkler olmasına rağmen Haçlı Seferleri tarihine ilişkin ülkemiz tarihçileri arasında büyük bir kayıtsızlık görülmektedir. Batı da ise kabul etmesi güç olsa da Haçlı Seferlerinin her yönüyle iyi tanın tarihsel bir olay olduğu söylenemez. Yüzyıllarca ruhban sınıfına mensup araştırmacıların adeta tekelinde kalan Haçlı Seferleri Kilise ve Hıristiyanlığın övünç vesilesi olarak görüldü. Modern zamanlarda ise Haçlı Seferlerini hoşgörüsüzlük veya karanlık bir girişim olarak görme eğilimi gösterenler olduğu gibi bu seferlere Fransa’nın Doğu’daki kültürel etkisinin şafağı diyenler de görüldü. </p>

<p>Haçlı Seferlerinin ilanından itibaren, Türkler, Haçı kabul etmiş olan Batılılarla sürekli temas halinde oldular. Bu temas sadece savaş meydanlarındaki bozgunlar veya zaferlerden ibaret değildi. Haçı kabul<span class="excerpt-hellip"> […]</span></p>
