{"id":695265,"date":"2025-08-27T14:27:42","date_gmt":"2025-08-27T11:27:42","guid":{"rendered":"https:\/\/roveyayinevi.com.tr\/index.php\/urun\/inanc-psikolojisi-ve-bilim\/"},"modified":"2026-04-16T02:05:05","modified_gmt":"2026-04-15T23:05:05","slug":"inanc-psikolojisi-ve-bilim","status":"publish","type":"product","link":"https:\/\/roveyayinevi.com.tr\/index.php\/urun\/inanc-psikolojisi-ve-bilim\/","title":{"rendered":"\u0130nan\u00e7 Psikolojisi ve Bilim"},"content":{"rendered":"<p>Dinsiz bilim topal, bilimsiz din k\u00f6rd\u00fcr&#8230; (Albert Einstein) Modern d\u00fcnya, akl\u0131 ve bilimi yegane de\u011ferler say\u0131p kutsarken; inan\u00e7 konusunu bilim ile birlikte anmaktan, iki olguyu ayn\u0131 \u00e7izgide bulu\u015fturmaktan adeta ka\u00e7\u0131nd\u0131. Prof. Dr. Nevzat Tarhan bu kitapta inan\u00e7 konusuna ak\u0131l ve ele\u015ftirinin \u00f6n planda oldu\u011fu, dinler ve mezhepler \u00fcst\u00fc bir tutumla ve bilimsel bir y\u00f6ntemle yakla\u015f\u0131yor. Bunun \u00f6tesinde, sa\u011flam inanc\u0131n ve onun olu\u015fturdu\u011fu dini gelene\u011fin ruh sa\u011fl\u0131\u011f\u0131 i\u00e7in gereklili\u011fini vurguluyor. \u0130nan\u00e7 Psikolojisi, Dinin kurallar\u0131 vard\u0131r, inanca dayan\u0131r. Bilim, do\u011fas\u0131 gere\u011fi b\u00fct\u00fcn kural ve inan\u00e7lar\u0131 reddeder. O halde bilim ve din asla birlikte d\u00fc\u015f\u00fcn\u00fclemez diyenlerin ezberlerini bozacak nitelikte&#8230; D\u00fcnyan\u0131n yarad\u0131l\u0131\u015f gayesi nedir? \u0130nanc\u0131n psikolojik sa\u011fl\u0131\u011fa etkileri nelerdir? Kan\u0131ta dayal\u0131 din nas\u0131l olur? \u0130nsan kendini hem \u00f6zg\u00fcr, hem de yarat\u0131c\u0131n\u0131n varl\u0131\u011f\u0131na teslim olmu\u015f hissedebilir mi? \u0130nan\u00e7 geni var m\u0131d\u0131r? Din bir tak\u0131nt\u0131 m\u0131d\u0131r? Ruh nas\u0131l bir programd\u0131r? Ruh, beyin, beden ili\u015fkisi nas\u0131l olur? Bilim ne zaman dinin alan\u0131na m\u00fcdahale eder? Dua ve ibadetin psikolojik ve fizyolojik faydalar\u0131 nelerdir? \ufffcTan\u0131t\u0131m Metni<\/p>\n","protected":false},"excerpt":{"rendered":"<p>Dinsiz bilim topal, bilimsiz din k\u00f6rd\u00fcr&#8230; (Albert Einstein) Modern d\u00fcnya, akl\u0131 ve bilimi yegane de\u011ferler say\u0131p kutsarken; inan\u00e7 konusunu bilim ile birlikte anmaktan, iki olguyu ayn\u0131<span class=\"excerpt-hellip\"> [\u2026]<\/span><\/p>\n","protected":false},"featured_media":0,"template":"","meta":{"_monsterinsights_skip_tracking":false,"_monsterinsights_sitenote_active":false,"_monsterinsights_sitenote_note":"","_monsterinsights_sitenote_category":0},"product_brand":[],"product_cat":[12358,12357],"product_tag":[],"class_list":{"0":"post-695265","1":"product","2":"type-product","3":"status-publish","5":"product_cat-genel-psikoloji","6":"product_cat-psikoloji","7":"pa_cilt-ciltsiz","8":"pa_tur-kitap","9":"pa_yayinevi-timas-yayinlari","10":"pa_yazar-nevzat-tarhan","12":"first","13":"instock","14":"sale","15":"shipping-taxable","16":"purchasable","17":"product-type-simple"},"_links":{"self":[{"href":"https:\/\/roveyayinevi.com.tr\/index.php\/wp-json\/wp\/v2\/product\/695265","targetHints":{"allow":["GET"]}}],"collection":[{"href":"https:\/\/roveyayinevi.com.tr\/index.php\/wp-json\/wp\/v2\/product"}],"about":[{"href":"https:\/\/roveyayinevi.com.tr\/index.php\/wp-json\/wp\/v2\/types\/product"}],"wp:attachment":[{"href":"https:\/\/roveyayinevi.com.tr\/index.php\/wp-json\/wp\/v2\/media?parent=695265"}],"wp:term":[{"taxonomy":"product_brand","embeddable":true,"href":"https:\/\/roveyayinevi.com.tr\/index.php\/wp-json\/wp\/v2\/product_brand?post=695265"},{"taxonomy":"product_cat","embeddable":true,"href":"https:\/\/roveyayinevi.com.tr\/index.php\/wp-json\/wp\/v2\/product_cat?post=695265"},{"taxonomy":"product_tag","embeddable":true,"href":"https:\/\/roveyayinevi.com.tr\/index.php\/wp-json\/wp\/v2\/product_tag?post=695265"}],"curies":[{"name":"wp","href":"https:\/\/api.w.org\/{rel}","templated":true}]}}