{"id":695246,"date":"2025-08-27T14:27:37","date_gmt":"2025-08-27T11:27:37","guid":{"rendered":"https:\/\/roveyayinevi.com.tr\/index.php\/urun\/aysegul-60-ciftlikte-bir-gun\/"},"modified":"2026-04-16T02:05:05","modified_gmt":"2026-04-15T23:05:05","slug":"aysegul-60-ciftlikte-bir-gun","status":"publish","type":"product","link":"https:\/\/roveyayinevi.com.tr\/index.php\/urun\/aysegul-60-ciftlikte-bir-gun\/","title":{"rendered":"Ay\u015feg\u00fcl 60 &#8211; \u00c7iftlikte Bir G\u00fcn"},"content":{"rendered":"<p>\u00c7ocukluk arkada\u015f\u0131m\u0131z Ay\u015feg\u00fcl bu son maceras\u0131nda \u00e7ifli\u011fin o e\u011flenceli d\u00fcnyas\u0131n\u0131n tad\u0131n\u0131 \u00e7\u0131kar\u0131yor. Ancak Ay\u015feg\u00fcl yaln\u0131z de\u011fil, ona bu maceras\u0131nda birbirinden sevimli hayvanlar da e\u015flik ediyor.<\/p>\n","protected":false},"excerpt":{"rendered":"<p>\u00c7ocukluk arkada\u015f\u0131m\u0131z Ay\u015feg\u00fcl bu son maceras\u0131nda \u00e7ifli\u011fin o e\u011flenceli d\u00fcnyas\u0131n\u0131n tad\u0131n\u0131 \u00e7\u0131kar\u0131yor. Ancak Ay\u015feg\u00fcl yaln\u0131z de\u011fil, ona bu maceras\u0131nda birbirinden sevimli hayvanlar da e\u015flik ediyor.<\/p>\n","protected":false},"featured_media":0,"template":"","meta":{"_monsterinsights_skip_tracking":false,"_monsterinsights_sitenote_active":false,"_monsterinsights_sitenote_note":"","_monsterinsights_sitenote_category":0},"product_brand":[],"product_cat":[12274,12284],"product_tag":[],"class_list":{"0":"post-695246","1":"product","2":"type-product","3":"status-publish","5":"product_cat-cocuk-ve-genclik-kitaplari","6":"product_cat-hikayeler","7":"pa_cilt-ciltsiz","8":"pa_tur-kitap","9":"pa_yayinevi-yapi-kredi-yayinlari","10":"pa_yazar-marcel-marlier","12":"first","13":"instock","14":"sale","15":"shipping-taxable","16":"purchasable","17":"product-type-simple"},"_links":{"self":[{"href":"https:\/\/roveyayinevi.com.tr\/index.php\/wp-json\/wp\/v2\/product\/695246","targetHints":{"allow":["GET"]}}],"collection":[{"href":"https:\/\/roveyayinevi.com.tr\/index.php\/wp-json\/wp\/v2\/product"}],"about":[{"href":"https:\/\/roveyayinevi.com.tr\/index.php\/wp-json\/wp\/v2\/types\/product"}],"wp:attachment":[{"href":"https:\/\/roveyayinevi.com.tr\/index.php\/wp-json\/wp\/v2\/media?parent=695246"}],"wp:term":[{"taxonomy":"product_brand","embeddable":true,"href":"https:\/\/roveyayinevi.com.tr\/index.php\/wp-json\/wp\/v2\/product_brand?post=695246"},{"taxonomy":"product_cat","embeddable":true,"href":"https:\/\/roveyayinevi.com.tr\/index.php\/wp-json\/wp\/v2\/product_cat?post=695246"},{"taxonomy":"product_tag","embeddable":true,"href":"https:\/\/roveyayinevi.com.tr\/index.php\/wp-json\/wp\/v2\/product_tag?post=695246"}],"curies":[{"name":"wp","href":"https:\/\/api.w.org\/{rel}","templated":true}]}}