{"id":695232,"date":"2025-08-27T14:26:45","date_gmt":"2025-08-27T11:26:45","guid":{"rendered":"https:\/\/roveyayinevi.com.tr\/index.php\/urun\/okul-psikolojik-danismanlari-icin-el-kitabi\/"},"modified":"2026-04-16T02:05:05","modified_gmt":"2026-04-15T23:05:05","slug":"okul-psikolojik-danismanlari-icin-el-kitabi","status":"publish","type":"product","link":"https:\/\/roveyayinevi.com.tr\/index.php\/urun\/okul-psikolojik-danismanlari-icin-el-kitabi\/","title":{"rendered":"Okul Psikolojik Dan\u0131\u015fmanlar\u0131 \u0130\u00e7in El Kitab\u0131"},"content":{"rendered":"<p>Psikolojik dan\u0131\u015fma ve rehberlik uygulamal\u0131 bir meslek alan\u0131d\u0131r ve \u00f6\u011frencilerle, farkl\u0131 ya\u015f ve \u00f6zellikteki dan\u0131\u015fanlarla uygulama yapmay\u0131 gerektirir. Ancak etkili uygulama yapmak her zaman \u00e7ok kolay olmayabilir. Psikolojik dan\u0131\u015fmanlar baz\u0131 \u00f6\u011frencilerle\/dan\u0131\u015fanlarla daha kolay ileti\u015fim kurmalar\u0131n\u0131 sa\u011flayacak baz\u0131 ara\u00e7lara gereksinim duymaktad\u0131rlar. Yazarlar Dean W Owen, psikolojik dan\u0131\u015fmanlar\u0131n, di\u011fer baz\u0131 meslek alanlar\u0131n\u0131n uygulay\u0131c\u0131lar\u0131 gibi i\u015flerin daha etkili, kolay ve h\u0131zl\u0131 yapabilmelerini sa\u011flayacak a\u00e7arlar\u0131 bir arada bulundurduklar\u0131 alet \u00e7antas\u0131na benzer bir kayna\u011fa gereksinimleri olduklar\u0131n\u0131 d\u00fc\u015f\u00fcnmektedir. Kitap olu\u015fturulurken kitab\u0131n dayanaklar\u0131ndan, kullan\u0131lan tekniklerin akademik a\u00e7\u0131klamalar\u0131ndan da s\u00f6z etmek gerekti\u011fi d\u00fc\u015f\u00fcn\u00fclm\u00fc\u015ft\u00fcr. O nedenle giri\u015f k\u0131sm\u0131nda \u00f6\u011frencilerin ve dan\u0131\u015fanlar\u0131n kendi hikayelerini anlatmalar\u0131na ve yeniden olu\u015fturmalar\u0131na yarayabilen yap\u0131land\u0131rmac\u0131 yakla\u015f\u0131ma temel olan niteliksel teknikler a\u00e7\u0131klanm\u0131\u015ft\u0131r.&#8221; <\/p>\n","protected":false},"excerpt":{"rendered":"<p>Psikolojik dan\u0131\u015fma ve rehberlik uygulamal\u0131 bir meslek alan\u0131d\u0131r ve \u00f6\u011frencilerle, farkl\u0131 ya\u015f ve \u00f6zellikteki dan\u0131\u015fanlarla uygulama yapmay\u0131 gerektirir. Ancak etkili uygulama yapmak her zaman \u00e7ok kolay<span class=\"excerpt-hellip\"> [\u2026]<\/span><\/p>\n","protected":false},"featured_media":0,"template":"","meta":{"_monsterinsights_skip_tracking":false,"_monsterinsights_sitenote_active":false,"_monsterinsights_sitenote_note":"","_monsterinsights_sitenote_category":0},"product_brand":[],"product_cat":[25175,12357],"product_tag":[],"class_list":{"0":"post-695232","1":"product","2":"type-product","3":"status-publish","5":"product_cat-egitim-psikolojisi","6":"product_cat-psikoloji","7":"pa_cilt-ciltsiz","8":"pa_tur-kitap","9":"pa_yayinevi-ani-yayincilik","10":"pa_yazar-fidan-korkut-owen","12":"first","13":"instock","14":"sale","15":"shipping-taxable","16":"purchasable","17":"product-type-simple"},"_links":{"self":[{"href":"https:\/\/roveyayinevi.com.tr\/index.php\/wp-json\/wp\/v2\/product\/695232","targetHints":{"allow":["GET"]}}],"collection":[{"href":"https:\/\/roveyayinevi.com.tr\/index.php\/wp-json\/wp\/v2\/product"}],"about":[{"href":"https:\/\/roveyayinevi.com.tr\/index.php\/wp-json\/wp\/v2\/types\/product"}],"wp:attachment":[{"href":"https:\/\/roveyayinevi.com.tr\/index.php\/wp-json\/wp\/v2\/media?parent=695232"}],"wp:term":[{"taxonomy":"product_brand","embeddable":true,"href":"https:\/\/roveyayinevi.com.tr\/index.php\/wp-json\/wp\/v2\/product_brand?post=695232"},{"taxonomy":"product_cat","embeddable":true,"href":"https:\/\/roveyayinevi.com.tr\/index.php\/wp-json\/wp\/v2\/product_cat?post=695232"},{"taxonomy":"product_tag","embeddable":true,"href":"https:\/\/roveyayinevi.com.tr\/index.php\/wp-json\/wp\/v2\/product_tag?post=695232"}],"curies":[{"name":"wp","href":"https:\/\/api.w.org\/{rel}","templated":true}]}}