{"id":695223,"date":"2025-08-27T14:26:43","date_gmt":"2025-08-27T11:26:43","guid":{"rendered":"https:\/\/roveyayinevi.com.tr\/index.php\/urun\/kpss-ve-meslek-sinavlari-icin-kariyer-maliye\/"},"modified":"2026-04-16T02:05:04","modified_gmt":"2026-04-15T23:05:04","slug":"kpss-ve-meslek-sinavlari-icin-kariyer-maliye","status":"publish","type":"product","link":"https:\/\/roveyayinevi.com.tr\/index.php\/urun\/kpss-ve-meslek-sinavlari-icin-kariyer-maliye\/","title":{"rendered":"KPSS ve Meslek S\u0131navlar\u0131 \u0130\u00e7in Kariyer Maliye"},"content":{"rendered":"<p>KPSS ve Meslek S\u0131navlar\u0131 \u0130\u00e7in Kariyer MaliyeKonu Anlat\u0131m\u0131 \u00c7\u0131km\u0131\u015f sorular \u00c7\u00f6z\u00fcml\u00fc Klasik Sorular <\/p>\n","protected":false},"excerpt":{"rendered":"<p>KPSS ve Meslek S\u0131navlar\u0131 \u0130\u00e7in Kariyer MaliyeKonu Anlat\u0131m\u0131 \u00c7\u0131km\u0131\u015f sorular \u00c7\u00f6z\u00fcml\u00fc Klasik Sorular<\/p>\n","protected":false},"featured_media":0,"template":"","meta":{"_monsterinsights_skip_tracking":false,"_monsterinsights_sitenote_active":false,"_monsterinsights_sitenote_note":"","_monsterinsights_sitenote_category":0},"product_brand":[],"product_cat":[12566,25157,13473],"product_tag":[],"class_list":{"0":"post-695223","1":"product","2":"type-product","3":"status-publish","5":"product_cat-egitim","6":"product_cat-kpss-kitaplari","7":"product_cat-sinavlara-hazirlik-okula-yardimci-kaynaklar","8":"pa_cilt-ciltsiz","9":"pa_tur-kitap","10":"pa_yayinevi-gazi-kitabevi-sinav-kitaplari","11":"pa_yazar-adem-yilmaz","13":"first","14":"instock","15":"sale","16":"shipping-taxable","17":"purchasable","18":"product-type-simple"},"_links":{"self":[{"href":"https:\/\/roveyayinevi.com.tr\/index.php\/wp-json\/wp\/v2\/product\/695223","targetHints":{"allow":["GET"]}}],"collection":[{"href":"https:\/\/roveyayinevi.com.tr\/index.php\/wp-json\/wp\/v2\/product"}],"about":[{"href":"https:\/\/roveyayinevi.com.tr\/index.php\/wp-json\/wp\/v2\/types\/product"}],"wp:attachment":[{"href":"https:\/\/roveyayinevi.com.tr\/index.php\/wp-json\/wp\/v2\/media?parent=695223"}],"wp:term":[{"taxonomy":"product_brand","embeddable":true,"href":"https:\/\/roveyayinevi.com.tr\/index.php\/wp-json\/wp\/v2\/product_brand?post=695223"},{"taxonomy":"product_cat","embeddable":true,"href":"https:\/\/roveyayinevi.com.tr\/index.php\/wp-json\/wp\/v2\/product_cat?post=695223"},{"taxonomy":"product_tag","embeddable":true,"href":"https:\/\/roveyayinevi.com.tr\/index.php\/wp-json\/wp\/v2\/product_tag?post=695223"}],"curies":[{"name":"wp","href":"https:\/\/api.w.org\/{rel}","templated":true}]}}