{"id":695218,"date":"2025-08-27T14:26:41","date_gmt":"2025-08-27T11:26:41","guid":{"rendered":"https:\/\/roveyayinevi.com.tr\/index.php\/urun\/antonio-gramsci-bir-devrimcinin-yasami\/"},"modified":"2026-04-16T02:05:04","modified_gmt":"2026-04-15T23:05:04","slug":"antonio-gramsci-bir-devrimcinin-yasami","status":"publish","type":"product","link":"https:\/\/roveyayinevi.com.tr\/index.php\/urun\/antonio-gramsci-bir-devrimcinin-yasami\/","title":{"rendered":"Antonio Gramsci: Bir Devrimcinin Ya\u015fam\u0131"},"content":{"rendered":"<p>Teorisyenli\u011fiyle oldu\u011fu kadar siyasal duru\u015fu ve m\u00fccadeleci yan\u0131yla da en \u00f6nemli Marksist d\u00fc\u015f\u00fcn\u00fcrlerden olan Antonio Gramsci\u2019nin hayat\u0131n\u0131 t\u00fcm y\u00f6nleriyle ele alan bu kitap, Gramsci \u00fczerine yap\u0131lm\u0131\u015f en iyi \u00e7al\u0131\u015fmalardan birisi. Fa\u015fist Mussolini \u0130talyas\u0131 savc\u0131lar\u0131n\u0131n  Bu beynin i\u015flemesini yirmi y\u0131l durdurmal\u0131y\u0131z,  dedikleri, en verimli y\u0131llar\u0131n\u0131 hapishanelerde ge\u00e7irmek zorunda kalan Gramsci\u2019nin ya\u015fam\u0131n\u0131 yak\u0131nlar\u0131yla yapt\u0131\u011f\u0131 g\u00f6r\u00fc\u015fmelerin yan\u0131 s\u0131ra, mektuplar\u0131 ve yaz\u0131lar\u0131yla i\u015fleyen Fiori, sadece bir hayat\u0131 anlatmakla kalm\u0131yor d\u00f6nemin zengin bir panoramas\u0131n\u0131 da sunuyor.  Akl\u0131n k\u00f6t\u00fcmserli\u011fi, iradenin iyimserli\u011fi  d\u00fcsturunu sahiplenmi\u015f, en \u00f6zg\u00fcn ve d\u00fc\u015f\u00fcnceleri hi\u00e7 eskimeyen devrimciyi daha iyi kavramak i\u00e7in mutlaka okunmas\u0131 gereken bir eser.  \u00c7ocuklar\u0131n foto\u011fraflar\u0131n\u0131 ald\u0131m, beni ne kadar sevindirdi\u011fini tahmin edersin. Ger\u00e7ekten g\u00f6vdeleri ve bacaklar\u0131 oldu\u011funu kendi g\u00f6zlerimle g\u00f6rmek de \u00e7ok sevindiriciydi, \u00fc\u00e7 y\u0131ld\u0131r yaln\u0131zca ba\u015flar\u0131n\u0131 g\u00f6rd\u00fc\u011f\u00fcm i\u00e7in kanats\u0131z meleklere d\u00f6n\u00fc\u015ft\u00fcklerini d\u00fc\u015f\u00fcn\u00fcp \u00fcz\u00fclmeye ba\u015fl\u0131yordum.  Bu kitab\u0131n amac\u0131 da Gramsci\u2019nin kendi portresini tamamlamak, zaten bildi\u011fimiz  ba\u015f\u0131na  -d\u00fc\u015f\u00fcn adam\u0131 ve siyasal \u00f6nder-  g\u00f6vde ve bacaklar  eklemek. Yani \u00e7ocukluktan olgunlu\u011fa, a\u00e7l\u0131k, a\u015fk ve yava\u015f \u00f6l\u00fcm g\u00fcnlerinde,  b\u00fct\u00fcn  ki\u015fili\u011fini olu\u015fturan insan\u00ee etkenleri g\u00f6stermek. Kitap, yak\u0131n arkada\u015flar\u0131n\u0131n verdi\u011fi adla  Nino  Gramsci\u2019nin portresidir. -Guiseppe Fiori <\/p>\n","protected":false},"excerpt":{"rendered":"<p>Teorisyenli\u011fiyle oldu\u011fu kadar siyasal duru\u015fu ve m\u00fccadeleci yan\u0131yla da en \u00f6nemli Marksist d\u00fc\u015f\u00fcn\u00fcrlerden olan Antonio Gramsci\u2019nin hayat\u0131n\u0131 t\u00fcm y\u00f6nleriyle ele alan bu kitap, Gramsci \u00fczerine yap\u0131lm\u0131\u015f<span class=\"excerpt-hellip\"> [\u2026]<\/span><\/p>\n","protected":false},"featured_media":0,"template":"","meta":{"_monsterinsights_skip_tracking":false,"_monsterinsights_sitenote_active":false,"_monsterinsights_sitenote_note":"","_monsterinsights_sitenote_category":0},"product_brand":[],"product_cat":[14009,12291],"product_tag":[],"class_list":{"0":"post-695218","1":"product","2":"type-product","3":"status-publish","5":"product_cat-biyografi-otobiyografi-edebiyat","6":"product_cat-edebiyat","7":"pa_cilt-ciltsiz","8":"pa_tur-kitap","9":"pa_yayinevi-iletisim-yayinlari","10":"pa_yazar-giuseppe-fiori","12":"first","13":"instock","14":"sale","15":"shipping-taxable","16":"purchasable","17":"product-type-simple"},"_links":{"self":[{"href":"https:\/\/roveyayinevi.com.tr\/index.php\/wp-json\/wp\/v2\/product\/695218","targetHints":{"allow":["GET"]}}],"collection":[{"href":"https:\/\/roveyayinevi.com.tr\/index.php\/wp-json\/wp\/v2\/product"}],"about":[{"href":"https:\/\/roveyayinevi.com.tr\/index.php\/wp-json\/wp\/v2\/types\/product"}],"wp:attachment":[{"href":"https:\/\/roveyayinevi.com.tr\/index.php\/wp-json\/wp\/v2\/media?parent=695218"}],"wp:term":[{"taxonomy":"product_brand","embeddable":true,"href":"https:\/\/roveyayinevi.com.tr\/index.php\/wp-json\/wp\/v2\/product_brand?post=695218"},{"taxonomy":"product_cat","embeddable":true,"href":"https:\/\/roveyayinevi.com.tr\/index.php\/wp-json\/wp\/v2\/product_cat?post=695218"},{"taxonomy":"product_tag","embeddable":true,"href":"https:\/\/roveyayinevi.com.tr\/index.php\/wp-json\/wp\/v2\/product_tag?post=695218"}],"curies":[{"name":"wp","href":"https:\/\/api.w.org\/{rel}","templated":true}]}}