{"id":695187,"date":"2025-08-27T14:26:34","date_gmt":"2025-08-27T11:26:34","guid":{"rendered":"https:\/\/roveyayinevi.com.tr\/index.php\/urun\/genc-arkadasima-mektuplar\/"},"modified":"2026-04-16T02:05:04","modified_gmt":"2026-04-15T23:05:04","slug":"genc-arkadasima-mektuplar","status":"publish","type":"product","link":"https:\/\/roveyayinevi.com.tr\/index.php\/urun\/genc-arkadasima-mektuplar\/","title":{"rendered":"Gen\u00e7 Arkada\u015f\u0131ma Mektuplar"},"content":{"rendered":"<p>\u201cSevgili Hocam,Size ula\u015fabilmesi \u00fcmidiyle k\u0131sa bir mektup yazmak istedim. Ne zaman bir \u00fcmitsizlik, gayretsizlik, \u015fevksizlik hali ya\u015fasam kitaplar\u0131n\u0131z imdad\u0131ma yeti\u015fiyor. Rahats\u0131zl\u0131klar\u0131n\u0131z oldu\u011funu gazetelerden okumu\u015ftum. Sizi hastal\u0131klar\u0131n\u0131za ra\u011fmen b\u00f6yle gayretli \u00e7al\u0131\u015f\u0131rken g\u00f6rmek bana da gayret veriyor\u2026\u201d Ay\u015fe \u201cSevgili Ay\u015fe,\u2026G\u00fcnlerim k\u00fct\u00fcphanemde okuyarak, yazarak ge\u00e7iyor. Fel\u00e7 olmam k\u00fct\u00fcphanedeki kitaplar\u0131 \u00e7o\u011fu zaman almama mani oluyor. Daktiloda da yaz\u0131 yazam\u0131yorum. Bunlar\u0131 \u015fik\u00e2yet i\u00e7in s\u00f6ylemiyorum, sevk-i ilahi vard\u0131r. Bir astsubay\u0131 bug\u00fcnk\u00fc duruma getiren Allah, \u015fimdi de fel\u00e7 ederek mevcut halimi istemi\u015f, bana d\u00fc\u015fen vazife \u201cElhamd\u00fclillah\u201d demektir. Her \u015feye ra\u011fmen yazmaya devam edece\u011fim\u2026\u201d Hekimo\u011flu \u0130smail Mektuplarda, pek \u00e7ok gencin ya\u015fad\u0131\u011f\u0131 sorunlar\u0131 ve Hekimo\u011flu \u0130smail\u2019in ila\u00e7 niteli\u011findeki cevaplar\u0131n\u0131 bulacaks\u0131n\u0131z. Kitap, gen\u00e7 okur \u00fczerinde bir \u00e7e\u015fit terapi yap\u0131yor, yol g\u00f6steriyor. Dertlerinin dermanlar\u0131n\u0131 anlat\u0131yor. Derdi olmayanlar\u0131n gayretini art\u0131r\u0131yor. <\/p>\n","protected":false},"excerpt":{"rendered":"<p>\u201cSevgili Hocam,Size ula\u015fabilmesi \u00fcmidiyle k\u0131sa bir mektup yazmak istedim. Ne zaman bir \u00fcmitsizlik, gayretsizlik, \u015fevksizlik hali ya\u015fasam kitaplar\u0131n\u0131z imdad\u0131ma yeti\u015fiyor. Rahats\u0131zl\u0131klar\u0131n\u0131z oldu\u011funu gazetelerden okumu\u015ftum. Sizi hastal\u0131klar\u0131n\u0131za<span class=\"excerpt-hellip\"> [\u2026]<\/span><\/p>\n","protected":false},"featured_media":0,"template":"","meta":{"_monsterinsights_skip_tracking":false,"_monsterinsights_sitenote_active":false,"_monsterinsights_sitenote_note":"","_monsterinsights_sitenote_category":0},"product_brand":[],"product_cat":[12718,18102,12719],"product_tag":[],"class_list":{"0":"post-695187","1":"product","2":"type-product","3":"status-publish","5":"product_cat-din","6":"product_cat-edebiyat-roman","7":"product_cat-islam","8":"pa_tur-kitap","9":"pa_yayinevi-timas-yayinlari","10":"pa_yazar-hekimoglu-ismail","12":"first","13":"instock","14":"sale","15":"shipping-taxable","16":"purchasable","17":"product-type-simple"},"_links":{"self":[{"href":"https:\/\/roveyayinevi.com.tr\/index.php\/wp-json\/wp\/v2\/product\/695187","targetHints":{"allow":["GET"]}}],"collection":[{"href":"https:\/\/roveyayinevi.com.tr\/index.php\/wp-json\/wp\/v2\/product"}],"about":[{"href":"https:\/\/roveyayinevi.com.tr\/index.php\/wp-json\/wp\/v2\/types\/product"}],"wp:attachment":[{"href":"https:\/\/roveyayinevi.com.tr\/index.php\/wp-json\/wp\/v2\/media?parent=695187"}],"wp:term":[{"taxonomy":"product_brand","embeddable":true,"href":"https:\/\/roveyayinevi.com.tr\/index.php\/wp-json\/wp\/v2\/product_brand?post=695187"},{"taxonomy":"product_cat","embeddable":true,"href":"https:\/\/roveyayinevi.com.tr\/index.php\/wp-json\/wp\/v2\/product_cat?post=695187"},{"taxonomy":"product_tag","embeddable":true,"href":"https:\/\/roveyayinevi.com.tr\/index.php\/wp-json\/wp\/v2\/product_tag?post=695187"}],"curies":[{"name":"wp","href":"https:\/\/api.w.org\/{rel}","templated":true}]}}