{"id":695179,"date":"2025-08-27T14:26:32","date_gmt":"2025-08-27T11:26:32","guid":{"rendered":"https:\/\/roveyayinevi.com.tr\/index.php\/urun\/dunya-ekonomisinin-tarihi\/"},"modified":"2026-04-16T02:05:03","modified_gmt":"2026-04-15T23:05:03","slug":"dunya-ekonomisinin-tarihi","status":"publish","type":"product","link":"https:\/\/roveyayinevi.com.tr\/index.php\/urun\/dunya-ekonomisinin-tarihi\/","title":{"rendered":"D\u00fcnya Ekonomisinin Tarihi"},"content":{"rendered":"<p>Bu ders kitab\u0131nda sadece ger\u00e7ek tarihsel-ekonomik olay ve problemler \u00fczerinde durulmu\u015ftur. D\u00fcnya ekonomisinin olu\u015fumu, \u015fekillenmesi ve geli\u015fim s\u00fcrecinin problemler ve olaylar \u00e7oklu\u011fu, \u00f6zellikle \u00f6zel \u00f6nem ta\u015f\u0131yan olaylar detayl\u0131 olarak a\u00e7\u0131klanm\u0131\u015ft\u0131r. Ders kitab\u0131n\u0131n ana \u00e7izgisini &#8220;\u00e7\u0131plak&#8221; kronolojik rakamlar de\u011fil, global ekonomik sistemin olu\u015fumunun i\u00e7sel mant\u0131\u011f\u0131 ve \u00e7e\u015fitli tarihsel d\u00f6nemlerde ya\u015fanm\u0131\u015f ekonomik olaylarda yans\u0131ma \u015fekilleri olu\u015fturur.Konu Ba\u015fl\u0131klar\u0131Bilim Dal\u0131 Olarak D\u00fcnya Ekonomisinin TarihiD\u00fcnya Ekonomisinin Olu\u015fumu \u00d6ncesi D\u00f6nemD\u00fcnya Ekonomisinin Olu\u015fum D\u00f6nemiD\u00fcnya Ekonomisinin \u015eekillenmesi D\u00f6nemiD\u00fcnya Ekonomisinin Geli\u015fim D\u00f6nemi <\/p>\n","protected":false},"excerpt":{"rendered":"<p>Bu ders kitab\u0131nda sadece ger\u00e7ek tarihsel-ekonomik olay ve problemler \u00fczerinde durulmu\u015ftur. D\u00fcnya ekonomisinin olu\u015fumu, \u015fekillenmesi ve geli\u015fim s\u00fcrecinin problemler ve olaylar \u00e7oklu\u011fu, \u00f6zellikle \u00f6zel \u00f6nem ta\u015f\u0131yan<span class=\"excerpt-hellip\"> [\u2026]<\/span><\/p>\n","protected":false},"featured_media":0,"template":"","meta":{"_monsterinsights_skip_tracking":false,"_monsterinsights_sitenote_active":false,"_monsterinsights_sitenote_note":"","_monsterinsights_sitenote_category":0},"product_brand":[],"product_cat":[12573,12566],"product_tag":[],"class_list":{"0":"post-695179","1":"product","2":"type-product","3":"status-publish","5":"product_cat-akademik-kitaplar","6":"product_cat-egitim","7":"pa_cilt-ciltsiz","8":"pa_tur-kitap","9":"pa_yayinevi-gazi-kitabevi","10":"pa_yazar-s-h-haciyev","12":"first","13":"instock","14":"sale","15":"shipping-taxable","16":"purchasable","17":"product-type-simple"},"_links":{"self":[{"href":"https:\/\/roveyayinevi.com.tr\/index.php\/wp-json\/wp\/v2\/product\/695179","targetHints":{"allow":["GET"]}}],"collection":[{"href":"https:\/\/roveyayinevi.com.tr\/index.php\/wp-json\/wp\/v2\/product"}],"about":[{"href":"https:\/\/roveyayinevi.com.tr\/index.php\/wp-json\/wp\/v2\/types\/product"}],"wp:attachment":[{"href":"https:\/\/roveyayinevi.com.tr\/index.php\/wp-json\/wp\/v2\/media?parent=695179"}],"wp:term":[{"taxonomy":"product_brand","embeddable":true,"href":"https:\/\/roveyayinevi.com.tr\/index.php\/wp-json\/wp\/v2\/product_brand?post=695179"},{"taxonomy":"product_cat","embeddable":true,"href":"https:\/\/roveyayinevi.com.tr\/index.php\/wp-json\/wp\/v2\/product_cat?post=695179"},{"taxonomy":"product_tag","embeddable":true,"href":"https:\/\/roveyayinevi.com.tr\/index.php\/wp-json\/wp\/v2\/product_tag?post=695179"}],"curies":[{"name":"wp","href":"https:\/\/api.w.org\/{rel}","templated":true}]}}