{"id":695158,"date":"2025-08-27T14:26:27","date_gmt":"2025-08-27T11:26:27","guid":{"rendered":"https:\/\/roveyayinevi.com.tr\/index.php\/urun\/yasamim-ve-psikanaliz\/"},"modified":"2026-04-16T02:05:03","modified_gmt":"2026-04-15T23:05:03","slug":"yasamim-ve-psikanaliz","status":"publish","type":"product","link":"https:\/\/roveyayinevi.com.tr\/index.php\/urun\/yasamim-ve-psikanaliz\/","title":{"rendered":"Ya\u015fam\u0131m ve Psikanaliz"},"content":{"rendered":"<p>Freud, bir yap\u0131tla onu yaratan\u0131n ruhsal yap\u0131s\u0131 aras\u0131nda s\u0131k\u0131 bir ili\u015fkinin varl\u0131\u011f\u0131n\u0131 savunmakla kalmam\u0131\u015f, bu ili\u015fkiyi somut \u00f6rnekler \u00fczerinden ara\u015ft\u0131rm\u0131\u015ft\u0131r. Ya\u015fam\u00f6yk\u00fcs\u00fc, erken bir d\u00f6nemden itibaren Freud ve \u00e7al\u0131\u015fma arkada\u015flar\u0131n\u0131n temel ara\u015ft\u0131rma konular\u0131ndan biri olmu\u015ftur. Freud\u2019a g\u00f6re, bir ya\u015fam\u00f6yk\u00fcs\u00fc ger\u00e7ekten insan\u0131n ruhsal ya\u015fam\u0131n\u0131 anlama amac\u0131 g\u00fcd\u00fcyorsa, tarihsel malzemenin g\u00fcn \u0131\u015f\u0131\u011f\u0131na \u00e7\u0131kar\u0131lmas\u0131 d\u0131\u015f\u0131nda, o ki\u015finin cinsel \u00f6zelliklerini ve ya\u015famsal d\u0131\u015favurumlar\u0131n\u0131 suskunlukla ge\u00e7i\u015ftirmemelidir. \ufffcTan\u0131t\u0131m Metni<\/p>\n","protected":false},"excerpt":{"rendered":"<p>Freud, bir yap\u0131tla onu yaratan\u0131n ruhsal yap\u0131s\u0131 aras\u0131nda s\u0131k\u0131 bir ili\u015fkinin varl\u0131\u011f\u0131n\u0131 savunmakla kalmam\u0131\u015f, bu ili\u015fkiyi somut \u00f6rnekler \u00fczerinden ara\u015ft\u0131rm\u0131\u015ft\u0131r. Ya\u015fam\u00f6yk\u00fcs\u00fc, erken bir d\u00f6nemden itibaren Freud<span class=\"excerpt-hellip\"> [\u2026]<\/span><\/p>\n","protected":false},"featured_media":0,"template":"","meta":{"_monsterinsights_skip_tracking":false,"_monsterinsights_sitenote_active":false,"_monsterinsights_sitenote_note":"","_monsterinsights_sitenote_category":0},"product_brand":[],"product_cat":[12312,12304],"product_tag":[],"class_list":{"0":"post-695158","1":"product","2":"type-product","3":"status-publish","5":"product_cat-diger","6":"product_cat-tarih","7":"pa_cilt-ciltsiz","8":"pa_tur-kitap","9":"pa_yayinevi-say-yayinlari","10":"pa_yazar-sigmund-freud","12":"first","13":"instock","14":"sale","15":"shipping-taxable","16":"purchasable","17":"product-type-simple"},"_links":{"self":[{"href":"https:\/\/roveyayinevi.com.tr\/index.php\/wp-json\/wp\/v2\/product\/695158","targetHints":{"allow":["GET"]}}],"collection":[{"href":"https:\/\/roveyayinevi.com.tr\/index.php\/wp-json\/wp\/v2\/product"}],"about":[{"href":"https:\/\/roveyayinevi.com.tr\/index.php\/wp-json\/wp\/v2\/types\/product"}],"wp:attachment":[{"href":"https:\/\/roveyayinevi.com.tr\/index.php\/wp-json\/wp\/v2\/media?parent=695158"}],"wp:term":[{"taxonomy":"product_brand","embeddable":true,"href":"https:\/\/roveyayinevi.com.tr\/index.php\/wp-json\/wp\/v2\/product_brand?post=695158"},{"taxonomy":"product_cat","embeddable":true,"href":"https:\/\/roveyayinevi.com.tr\/index.php\/wp-json\/wp\/v2\/product_cat?post=695158"},{"taxonomy":"product_tag","embeddable":true,"href":"https:\/\/roveyayinevi.com.tr\/index.php\/wp-json\/wp\/v2\/product_tag?post=695158"}],"curies":[{"name":"wp","href":"https:\/\/api.w.org\/{rel}","templated":true}]}}