{"id":695153,"date":"2025-08-27T14:26:26","date_gmt":"2025-08-27T11:26:26","guid":{"rendered":"https:\/\/roveyayinevi.com.tr\/index.php\/urun\/butun-eserleri-7-anamin-kitabi\/"},"modified":"2026-04-16T02:05:03","modified_gmt":"2026-04-15T23:05:03","slug":"butun-eserleri-7-anamin-kitabi","status":"publish","type":"product","link":"https:\/\/roveyayinevi.com.tr\/index.php\/urun\/butun-eserleri-7-anamin-kitabi\/","title":{"rendered":"B\u00fct\u00fcn Eserleri 7 &#8211; Anam\u0131n Kitab\u0131"},"content":{"rendered":"<p>Yakup Kadri bu kitab\u0131yla, \u201cinsanlar\u0131n \u015fimdiye kadar besledikleri bir zann\u0131 -\u00e7ocuklu\u011fun en mutlu bir \u00e7a\u011f oldu\u011fu zann\u0131n\u0131- k\u00f6k\u00fcnden sarsmak istedi\u011fini\u201d s\u00f6ylemi\u015f. \u00d6ns\u00f6z\u00fcnde, \u201c\u0130nsan, \u015fuurunun alt\u0131na kadar inmeyince kendi kendini nas\u0131l tan\u0131yabilir? Bizim k\u00f6klerimiz orada de\u011fil midir?\u201d diye sordu\u011fu kitab\u0131nda \u201cbelki romanlar\u0131n\u0131n b\u00fct\u00fcn anahtarlar\u0131n\u0131 vermi\u015f olaca\u011f\u0131n\u0131\u201d ileri s\u00fcr\u00fcyor.\ufffc<\/p>\n","protected":false},"excerpt":{"rendered":"<p>Yakup Kadri bu kitab\u0131yla, \u201cinsanlar\u0131n \u015fimdiye kadar besledikleri bir zann\u0131 -\u00e7ocuklu\u011fun en mutlu bir \u00e7a\u011f oldu\u011fu zann\u0131n\u0131- k\u00f6k\u00fcnden sarsmak istedi\u011fini\u201d s\u00f6ylemi\u015f. \u00d6ns\u00f6z\u00fcnde, \u201c\u0130nsan, \u015fuurunun alt\u0131na kadar<span class=\"excerpt-hellip\"> [\u2026]<\/span><\/p>\n","protected":false},"featured_media":0,"template":"","meta":{"_monsterinsights_skip_tracking":false,"_monsterinsights_sitenote_active":false,"_monsterinsights_sitenote_note":"","_monsterinsights_sitenote_category":0},"product_brand":[],"product_cat":[13701,12291],"product_tag":[],"class_list":{"0":"post-695153","1":"product","2":"type-product","3":"status-publish","5":"product_cat-ani-mektup-gunluk","6":"product_cat-edebiyat","7":"pa_cilt-ciltsiz","8":"pa_tur-kitap","9":"pa_yayinevi-iletisim-yayinlari","10":"pa_yazar-yakup-kadri-karaosmanoglu","12":"first","13":"instock","14":"sale","15":"shipping-taxable","16":"purchasable","17":"product-type-simple"},"_links":{"self":[{"href":"https:\/\/roveyayinevi.com.tr\/index.php\/wp-json\/wp\/v2\/product\/695153","targetHints":{"allow":["GET"]}}],"collection":[{"href":"https:\/\/roveyayinevi.com.tr\/index.php\/wp-json\/wp\/v2\/product"}],"about":[{"href":"https:\/\/roveyayinevi.com.tr\/index.php\/wp-json\/wp\/v2\/types\/product"}],"wp:attachment":[{"href":"https:\/\/roveyayinevi.com.tr\/index.php\/wp-json\/wp\/v2\/media?parent=695153"}],"wp:term":[{"taxonomy":"product_brand","embeddable":true,"href":"https:\/\/roveyayinevi.com.tr\/index.php\/wp-json\/wp\/v2\/product_brand?post=695153"},{"taxonomy":"product_cat","embeddable":true,"href":"https:\/\/roveyayinevi.com.tr\/index.php\/wp-json\/wp\/v2\/product_cat?post=695153"},{"taxonomy":"product_tag","embeddable":true,"href":"https:\/\/roveyayinevi.com.tr\/index.php\/wp-json\/wp\/v2\/product_tag?post=695153"}],"curies":[{"name":"wp","href":"https:\/\/api.w.org\/{rel}","templated":true}]}}