{"id":695143,"date":"2025-08-27T14:26:23","date_gmt":"2025-08-27T11:26:23","guid":{"rendered":"https:\/\/roveyayinevi.com.tr\/index.php\/urun\/makaleler-serisi-4-turk-modernlesmesi\/"},"modified":"2026-02-03T02:07:39","modified_gmt":"2026-02-02T23:07:39","slug":"makaleler-serisi-4-turk-modernlesmesi","status":"publish","type":"product","link":"https:\/\/roveyayinevi.com.tr\/index.php\/urun\/makaleler-serisi-4-turk-modernlesmesi\/","title":{"rendered":"Makaleler Serisi 4 &#8211; T\u00fcrk Modernle\u015fmesi"},"content":{"rendered":"<p>T\u00fcrkiye\u2019nin modernle\u015fme\/Bat\u0131l\u0131la\u015fma eksenindeki m\u00fczmin tart\u0131\u015fma konular\u0131na Mardin\u2019in yakla\u015f\u0131m\u0131, modernle\u015fme s\u00fcrecini \u201cileri\u201d-\u201cgeri\u201d kutupla\u015fmas\u0131na indirgemiyor. Derlemede, modernle\u015fmeyi ve farkl\u0131 d\u00fc\u015f\u00fcnce ak\u0131mlar\u0131n\u0131n modernle\u015fmeyi alg\u0131lay\u0131\u015flar\u0131n\u0131 ele alan makaleler yan\u0131nda modernle\u015fme s\u00fcrecinin gen\u00e7lik, k\u00fclt\u00fcr, kitle, demokrasi gibi kurumsal-kavramsal \u00e7er\u00e7evelerdeki \u00f6zg\u00fcl izd\u00fc\u015f\u00fcmlerini, dinamiklerini tart\u0131\u015fan yaz\u0131lar yeral\u0131yor.<\/p>\n","protected":false},"excerpt":{"rendered":"<p>T\u00fcrkiye\u2019nin modernle\u015fme\/Bat\u0131l\u0131la\u015fma eksenindeki m\u00fczmin tart\u0131\u015fma konular\u0131na Mardin\u2019in yakla\u015f\u0131m\u0131, modernle\u015fme s\u00fcrecini \u201cileri\u201d-\u201cgeri\u201d kutupla\u015fmas\u0131na indirgemiyor. Derlemede, modernle\u015fmeyi ve farkl\u0131 d\u00fc\u015f\u00fcnce ak\u0131mlar\u0131n\u0131n modernle\u015fmeyi alg\u0131lay\u0131\u015flar\u0131n\u0131 ele alan makaleler yan\u0131nda modernle\u015fme<span class=\"excerpt-hellip\"> [\u2026]<\/span><\/p>\n","protected":false},"featured_media":0,"template":"","meta":{"_monsterinsights_skip_tracking":false,"_monsterinsights_sitenote_active":false,"_monsterinsights_sitenote_note":"","_monsterinsights_sitenote_category":0},"product_brand":[],"product_cat":[13517,12304],"product_tag":[],"class_list":{"0":"post-695143","1":"product","2":"type-product","3":"status-publish","5":"product_cat-osmanli-tarihi","6":"product_cat-tarih","7":"pa_cilt-ciltsiz","8":"pa_tur-kitap","9":"pa_yayinevi-iletisim-yayinlari","10":"pa_yazar-serif-mardin","12":"first","13":"instock","14":"sale","15":"shipping-taxable","16":"purchasable","17":"product-type-simple"},"_links":{"self":[{"href":"https:\/\/roveyayinevi.com.tr\/index.php\/wp-json\/wp\/v2\/product\/695143","targetHints":{"allow":["GET"]}}],"collection":[{"href":"https:\/\/roveyayinevi.com.tr\/index.php\/wp-json\/wp\/v2\/product"}],"about":[{"href":"https:\/\/roveyayinevi.com.tr\/index.php\/wp-json\/wp\/v2\/types\/product"}],"wp:attachment":[{"href":"https:\/\/roveyayinevi.com.tr\/index.php\/wp-json\/wp\/v2\/media?parent=695143"}],"wp:term":[{"taxonomy":"product_brand","embeddable":true,"href":"https:\/\/roveyayinevi.com.tr\/index.php\/wp-json\/wp\/v2\/product_brand?post=695143"},{"taxonomy":"product_cat","embeddable":true,"href":"https:\/\/roveyayinevi.com.tr\/index.php\/wp-json\/wp\/v2\/product_cat?post=695143"},{"taxonomy":"product_tag","embeddable":true,"href":"https:\/\/roveyayinevi.com.tr\/index.php\/wp-json\/wp\/v2\/product_tag?post=695143"}],"curies":[{"name":"wp","href":"https:\/\/api.w.org\/{rel}","templated":true}]}}

Makaleler Serisi 4 &#8211; Türk Modernleşmesi

<p>Türkiye’nin modernleşme/Batılılaşma eksenindeki müzmin tartışma konularına Mardin’in yaklaşımı, modernleşme sürecini “ileri”-“geri” kutuplaşmasına indirgemiyor. Derlemede, modernleşmeyi ve farklı düşünce akımlarının modernleşmeyi algılayışlarını ele alan makaleler yanında modernleşme sürecinin gençlik, kültür, kitle, demokrasi gibi kurumsal-kavramsal çerçevelerdeki özgül izdüşümlerini, dinamiklerini tartışan yazılar yeralıyor.</p>

<p>Türkiye’nin modernleşme/Batılılaşma eksenindeki müzmin tartışma konularına Mardin’in yaklaşımı, modernleşme sürecini “ileri”-“geri” kutuplaşmasına indirgemiyor. Derlemede, modernleşmeyi ve farklı düşünce akımlarının modernleşmeyi algılayışlarını ele alan makaleler yanında modernleşme<span class="excerpt-hellip"> […]</span></p>
