{"id":695141,"date":"2025-08-27T14:26:23","date_gmt":"2025-08-27T11:26:23","guid":{"rendered":"https:\/\/roveyayinevi.com.tr\/index.php\/urun\/sanatci-elestirmen-yalanci-katil-estetik-ve-etik-uzerine\/"},"modified":"2026-04-16T02:05:03","modified_gmt":"2026-04-15T23:05:03","slug":"sanatci-elestirmen-yalanci-katil-estetik-ve-etik-uzerine","status":"publish","type":"product","link":"https:\/\/roveyayinevi.com.tr\/index.php\/urun\/sanatci-elestirmen-yalanci-katil-estetik-ve-etik-uzerine\/","title":{"rendered":"Sanat\u00e7\u0131: Ele\u015ftirmen, Yalanc\u0131, Katil: Estetik ve Etik \u00dczerine"},"content":{"rendered":"<p>Oscar Wilde modernist edebiyat\u0131n Baudelaire ve Mallarm\u00e9 gibi \u00f6nc\u00fcleriyle birlikte an\u0131l\u0131r. Ama o yaln\u0131zca edebiyat\u0131yla de\u011fil, sanat ve edebiyat \u00fczerine ele\u015ftirileriyle de 20. y\u00fczy\u0131l avangard\u0131 \u00fczerinde etkili olur. Ayr\u0131ca, onun en \u00f6nde gelen eseri ku\u015fkusuz hayat\u0131d\u0131r. Zaten dehas\u0131n\u0131 hayat\u0131na katt\u0131\u011f\u0131n\u0131, eserlerine ise sadece yetene\u011fini koydu\u011funu s\u00f6yler. Bu derlemedeki yaz\u0131lar\u0131nda, Oscar Wilde\u2019\u0131n modernist sanat ve edebiyat d\u00fc\u015f\u00fcncesi kadar, \u00e7evresine meydan okuyan hayat\u0131n\u0131 da izleriz. Kitab\u0131n ilk yaz\u0131s\u0131 Sanat\u00e7\u0131 Olarak Ele\u015ftirmen de Wilde, bir sanat eserini yorumlaman\u0131n onu \u00fcretmekten daha yarat\u0131c\u0131 bir etkinlik say\u0131lmas\u0131 gerekti\u011fini ve ele\u015ftirmenin en yetkin sanat\u00e7\u0131 oldu\u011funu ileri s\u00fcrer. Kalem ve Zehir de sanat\u0131n ve sanat\u00e7\u0131n\u0131n her t\u00fcrl\u00fc ahlak\u00ee yarg\u0131dan ba\u011f\u0131ms\u0131z oldu\u011funu, Yalan\u0131n G\u00f6zden D\u00fc\u015f\u00fc\u015f\u00fc nde ise sanat\u0131n do\u011fay\u0131 ve hayat\u0131 de\u011fil, hayat\u0131n ve do\u011fan\u0131n sanat\u0131 taklit etti\u011fini savunur; ona g\u00f6re ger\u00e7ekli\u011fe ba\u011fl\u0131l\u0131k ilkesi sanat\u0131 adeta zehirler. Kitaptaki son metni Sosyalizm ve \u0130nsan Ruhu nda da Wilde, insanl\u0131\u011f\u0131n di\u011ferk\u00e2ml\u0131k ve hay\u0131rseverlik gibi erdem kisvesine b\u00fcr\u00fcnm\u00fc\u015f iki s\u0131k\u0131c\u0131 y\u00fckten sosyalizm sayesinde kurtulabilece\u011fini iddia eder.<\/p>\n","protected":false},"excerpt":{"rendered":"<p>Oscar Wilde modernist edebiyat\u0131n Baudelaire ve Mallarm\u00e9 gibi \u00f6nc\u00fcleriyle birlikte an\u0131l\u0131r. Ama o yaln\u0131zca edebiyat\u0131yla de\u011fil, sanat ve edebiyat \u00fczerine ele\u015ftirileriyle de 20. y\u00fczy\u0131l avangard\u0131 \u00fczerinde<span class=\"excerpt-hellip\"> [\u2026]<\/span><\/p>\n","protected":false},"featured_media":0,"template":"","meta":{"_monsterinsights_skip_tracking":false,"_monsterinsights_sitenote_active":false,"_monsterinsights_sitenote_note":"","_monsterinsights_sitenote_category":0},"product_brand":[],"product_cat":[12408,14197],"product_tag":[],"class_list":{"0":"post-695141","1":"product","2":"type-product","3":"status-publish","5":"product_cat-sanat","6":"product_cat-sanat-tarihi","7":"pa_cilt-ciltsiz","8":"pa_tur-kitap","9":"pa_yayinevi-iletisim-yayinlari","10":"pa_yazar-oscar-wilde","12":"first","13":"instock","14":"sale","15":"shipping-taxable","16":"purchasable","17":"product-type-simple"},"_links":{"self":[{"href":"https:\/\/roveyayinevi.com.tr\/index.php\/wp-json\/wp\/v2\/product\/695141","targetHints":{"allow":["GET"]}}],"collection":[{"href":"https:\/\/roveyayinevi.com.tr\/index.php\/wp-json\/wp\/v2\/product"}],"about":[{"href":"https:\/\/roveyayinevi.com.tr\/index.php\/wp-json\/wp\/v2\/types\/product"}],"wp:attachment":[{"href":"https:\/\/roveyayinevi.com.tr\/index.php\/wp-json\/wp\/v2\/media?parent=695141"}],"wp:term":[{"taxonomy":"product_brand","embeddable":true,"href":"https:\/\/roveyayinevi.com.tr\/index.php\/wp-json\/wp\/v2\/product_brand?post=695141"},{"taxonomy":"product_cat","embeddable":true,"href":"https:\/\/roveyayinevi.com.tr\/index.php\/wp-json\/wp\/v2\/product_cat?post=695141"},{"taxonomy":"product_tag","embeddable":true,"href":"https:\/\/roveyayinevi.com.tr\/index.php\/wp-json\/wp\/v2\/product_tag?post=695141"}],"curies":[{"name":"wp","href":"https:\/\/api.w.org\/{rel}","templated":true}]}}