{"id":695139,"date":"2025-08-27T14:26:23","date_gmt":"2025-08-27T11:26:23","guid":{"rendered":"https:\/\/roveyayinevi.com.tr\/index.php\/urun\/denizlerin-otesine\/"},"modified":"2026-04-16T02:05:03","modified_gmt":"2026-04-15T23:05:03","slug":"denizlerin-otesine","status":"publish","type":"product","link":"https:\/\/roveyayinevi.com.tr\/index.php\/urun\/denizlerin-otesine\/","title":{"rendered":"Denizlerin \u00d6tesine"},"content":{"rendered":"<p>De\u011ferli \u00c7ocuklar, T\u00fcrkler, M\u00fcsl\u00fcmanlar ile Hz. Osman d\u00f6neminde kar\u015f\u0131 kar\u015f\u0131ya geldiler&#8230; Emeviler d\u00f6neminde k\u00fc\u00e7\u00fck gruplar halinde \u0130slamiyet\u2019i se\u00e7meye ba\u015flad\u0131lar&#8230; Toluno\u011fullar\u0131 ve \u0130h\u015fidiler, y\u00f6netim ve halk aras\u0131ndaki uyu\u015fmazl\u0131klar y\u00fcz\u00fcnden k\u0131sa s\u00fcrede y\u0131k\u0131ld\u0131&#8230; \u0130slamiyet\u2019i kabul eden ilk T\u00fcrk devleti Karahanl\u0131lar\u2019d\u0131&#8230; Gazneli Mahmut, sultan unvan\u0131 alan ilk h\u00fck\u00fcmdard\u0131&#8230; \u0130lk T\u00fcrk \u0130slam devletlerinde ordunun T\u00fcrk askerlerinden olu\u015fturulmas\u0131na \u00f6zen g\u00f6sterilirdi&#8230; <\/p>\n","protected":false},"excerpt":{"rendered":"<p>De\u011ferli \u00c7ocuklar, T\u00fcrkler, M\u00fcsl\u00fcmanlar ile Hz. Osman d\u00f6neminde kar\u015f\u0131 kar\u015f\u0131ya geldiler&#8230; Emeviler d\u00f6neminde k\u00fc\u00e7\u00fck gruplar halinde \u0130slamiyet\u2019i se\u00e7meye ba\u015flad\u0131lar&#8230; Toluno\u011fullar\u0131 ve \u0130h\u015fidiler, y\u00f6netim ve halk aras\u0131ndaki<span class=\"excerpt-hellip\"> [\u2026]<\/span><\/p>\n","protected":false},"featured_media":0,"template":"","meta":{"_monsterinsights_skip_tracking":false,"_monsterinsights_sitenote_active":false,"_monsterinsights_sitenote_note":"","_monsterinsights_sitenote_category":0},"product_brand":[],"product_cat":[12274,12284],"product_tag":[],"class_list":{"0":"post-695139","1":"product","2":"type-product","3":"status-publish","5":"product_cat-cocuk-ve-genclik-kitaplari","6":"product_cat-hikayeler","7":"pa_cilt-ciltsiz","8":"pa_tur-kitap","9":"pa_yayinevi-genc-timas","10":"pa_yazar-metin-ozdamarlar","12":"first","13":"instock","14":"sale","15":"shipping-taxable","16":"purchasable","17":"product-type-simple"},"_links":{"self":[{"href":"https:\/\/roveyayinevi.com.tr\/index.php\/wp-json\/wp\/v2\/product\/695139","targetHints":{"allow":["GET"]}}],"collection":[{"href":"https:\/\/roveyayinevi.com.tr\/index.php\/wp-json\/wp\/v2\/product"}],"about":[{"href":"https:\/\/roveyayinevi.com.tr\/index.php\/wp-json\/wp\/v2\/types\/product"}],"wp:attachment":[{"href":"https:\/\/roveyayinevi.com.tr\/index.php\/wp-json\/wp\/v2\/media?parent=695139"}],"wp:term":[{"taxonomy":"product_brand","embeddable":true,"href":"https:\/\/roveyayinevi.com.tr\/index.php\/wp-json\/wp\/v2\/product_brand?post=695139"},{"taxonomy":"product_cat","embeddable":true,"href":"https:\/\/roveyayinevi.com.tr\/index.php\/wp-json\/wp\/v2\/product_cat?post=695139"},{"taxonomy":"product_tag","embeddable":true,"href":"https:\/\/roveyayinevi.com.tr\/index.php\/wp-json\/wp\/v2\/product_tag?post=695139"}],"curies":[{"name":"wp","href":"https:\/\/api.w.org\/{rel}","templated":true}]}}

Denizlerin Ötesine

<p>Değerli Çocuklar, Türkler, Müslümanlar ile Hz. Osman döneminde karşı karşıya geldiler&#8230; Emeviler döneminde küçük gruplar halinde İslamiyet’i seçmeye başladılar&#8230; Tolunoğulları ve İhşidiler, yönetim ve halk arasındaki uyuşmazlıklar yüzünden kısa sürede yıkıldı&#8230; İslamiyet’i kabul eden ilk Türk devleti Karahanlılar’dı&#8230; Gazneli Mahmut, sultan unvanı alan ilk hükümdardı&#8230; İlk Türk İslam devletlerinde ordunun Türk askerlerinden oluşturulmasına özen gösterilirdi&#8230; </p>

<p>Değerli Çocuklar, Türkler, Müslümanlar ile Hz. Osman döneminde karşı karşıya geldiler&#8230; Emeviler döneminde küçük gruplar halinde İslamiyet’i seçmeye başladılar&#8230; Tolunoğulları ve İhşidiler, yönetim ve halk arasındaki<span class="excerpt-hellip"> […]</span></p>
