{"id":695132,"date":"2025-08-27T14:26:21","date_gmt":"2025-08-27T11:26:21","guid":{"rendered":"https:\/\/roveyayinevi.com.tr\/index.php\/urun\/yabanlar-ve-yerliler-baskent-olma-surecinde-ankara\/"},"modified":"2026-03-12T02:07:07","modified_gmt":"2026-03-11T23:07:07","slug":"yabanlar-ve-yerliler-baskent-olma-surecinde-ankara","status":"publish","type":"product","link":"https:\/\/roveyayinevi.com.tr\/index.php\/urun\/yabanlar-ve-yerliler-baskent-olma-surecinde-ankara\/","title":{"rendered":"Yabanlar ve Yerliler: Ba\u015fkent Olma S\u00fcrecinde Ankara"},"content":{"rendered":"<p>Ankara\u2019n\u0131n Cumhuriyet T\u00fcrkiyesi\u2019nin ba\u015fkenti olarak yeniden kurulu\u015fu, tutkularla ve sanc\u0131larla y\u00fckl\u00fc bir s\u00fcre\u00e7ti. Yeni T\u00fcrk ulusunun in\u015fas\u0131n\u0131n s\u00f6ylemsel modeli ve bir nevi sergi mek\u00e2n\u0131 idi, Ankara. Halk\u0131 vatanda\u015fa d\u00f6n\u00fc\u015ft\u00fcrme projesinin, Bat\u0131l\u0131la\u015fma, modernle\u015fme, medenile\u015fme \u00fclk\u00fclerinin sosyal \u015fantiyesi idi&#8230; Bu kitap,  bozk\u0131r kasabas\u0131ndan ba\u015fkent yaratma  mitolojisinin ulus-devlet kurulu\u015fundaki i\u015flevine ili\u015fkin bir kuramsal analiz \u00e7er\u00e7evesinde, bu mitolojinin berisindeki \u00e7eli\u015fkileri, sosyo-psikolojik \u00e7alkant\u0131lar\u0131 irdeliyor. Ulusun  Babas\u0131  olarak Mustafa Kemal\u2019in \u015fehirde bir disiplin fantazisi yaratan varl\u0131\u011f\u0131 ve insanlar\u0131n kendilerini O\u2019nun s\u00fcrekli g\u00f6zetimi alt\u0131nda alg\u0131lad\u0131klar\u0131 bir \u015fehir hayat\u0131&#8230; Ankara\u2019y\u0131, \u0130stanbul\u2019la z\u0131tl\u0131k i\u00e7inde tahayy\u00fcl etmenin moral karma\u015falar\u0131&#8230; Medenile\u015fme arzusu ile ayd\u0131n despotizminin yol a\u00e7t\u0131\u011f\u0131 tepkiler aras\u0131ndaki gerilim&#8230; Ankara\u2019n\u0131n eski halk\u0131n\u0131  yabani ta\u015fral\u0131lar  olarak g\u00f6ren  yeni\/zoraki Ankaral\u0131lar  &#8211; onlar\u0131  yaban d\u0131\u015farl\u0131kl\u0131lar  olarak g\u00f6ren yerliler&#8230; L. Funda \u015eenol Cantek, edebiyat\u0131m\u0131zdaki  Ankara  imgeleri ve d\u00f6nemin bas\u0131n\u0131 yan\u0131nda, eski Ankaral\u0131lar\u0131n bu  modernle\u015fme  tecr\u00fcbesine ili\u015fkin hat\u0131rlamalar\u0131na ba\u015fvurarak, son derece canl\u0131 bir tasvir koyuyor ortaya. <\/p>\n","protected":false},"excerpt":{"rendered":"<p>Ankara\u2019n\u0131n Cumhuriyet T\u00fcrkiyesi\u2019nin ba\u015fkenti olarak yeniden kurulu\u015fu, tutkularla ve sanc\u0131larla y\u00fckl\u00fc bir s\u00fcre\u00e7ti. Yeni T\u00fcrk ulusunun in\u015fas\u0131n\u0131n s\u00f6ylemsel modeli ve bir nevi sergi mek\u00e2n\u0131 idi, Ankara.<span class=\"excerpt-hellip\"> [\u2026]<\/span><\/p>\n","protected":false},"featured_media":0,"template":"","meta":{"_monsterinsights_skip_tracking":false,"_monsterinsights_sitenote_active":false,"_monsterinsights_sitenote_note":"","_monsterinsights_sitenote_category":0},"product_brand":[],"product_cat":[12312,12304],"product_tag":[],"class_list":{"0":"post-695132","1":"product","2":"type-product","3":"status-publish","5":"product_cat-diger","6":"product_cat-tarih","7":"pa_cilt-ciltsiz","8":"pa_tur-kitap","9":"pa_yayinevi-iletisim-yayinlari","10":"pa_yazar-l-funda-senol-cantek","12":"first","13":"instock","14":"sale","15":"shipping-taxable","16":"purchasable","17":"product-type-simple"},"_links":{"self":[{"href":"https:\/\/roveyayinevi.com.tr\/index.php\/wp-json\/wp\/v2\/product\/695132","targetHints":{"allow":["GET"]}}],"collection":[{"href":"https:\/\/roveyayinevi.com.tr\/index.php\/wp-json\/wp\/v2\/product"}],"about":[{"href":"https:\/\/roveyayinevi.com.tr\/index.php\/wp-json\/wp\/v2\/types\/product"}],"wp:attachment":[{"href":"https:\/\/roveyayinevi.com.tr\/index.php\/wp-json\/wp\/v2\/media?parent=695132"}],"wp:term":[{"taxonomy":"product_brand","embeddable":true,"href":"https:\/\/roveyayinevi.com.tr\/index.php\/wp-json\/wp\/v2\/product_brand?post=695132"},{"taxonomy":"product_cat","embeddable":true,"href":"https:\/\/roveyayinevi.com.tr\/index.php\/wp-json\/wp\/v2\/product_cat?post=695132"},{"taxonomy":"product_tag","embeddable":true,"href":"https:\/\/roveyayinevi.com.tr\/index.php\/wp-json\/wp\/v2\/product_tag?post=695132"}],"curies":[{"name":"wp","href":"https:\/\/api.w.org\/{rel}","templated":true}]}}