{"id":695111,"date":"2025-08-27T14:26:16","date_gmt":"2025-08-27T11:26:16","guid":{"rendered":"https:\/\/roveyayinevi.com.tr\/index.php\/urun\/ben-kimim-turkiyede-sozlu-tarih-kimlik-ve-oznellik\/"},"modified":"2026-04-16T02:05:02","modified_gmt":"2026-04-15T23:05:02","slug":"ben-kimim-turkiyede-sozlu-tarih-kimlik-ve-oznellik","status":"publish","type":"product","link":"https:\/\/roveyayinevi.com.tr\/index.php\/urun\/ben-kimim-turkiyede-sozlu-tarih-kimlik-ve-oznellik\/","title":{"rendered":"Ben Kimim? : T\u00fcrkiye&#8217;de S\u00f6zl\u00fc Tarih, Kimlik ve \u00d6znellik"},"content":{"rendered":"<p>Ben Kimim? Herkesin kendine bir ara ya da ara ara mutlaka sordu\u011fu soru de\u011fil mi bu? Belki de insan\u0131n as\u0131l sorusu&#8230; Leyla Neyzi\u2019yle ya\u015fam \u00f6yk\u00fclerini payla\u015fan insanlar sa bu soruyu soruyorlar, bu as\u0131l sorunun ve cevaplar\u0131n\u0131n izini s\u00fcr\u00fcyorlar. Sava\u015f\u0131 s\u0131ras\u0131nda cephede tuttu\u011fu g\u00fcnl\u00fckte T\u00fcrkiyeli bir Yahudi olarak M\u00fcsl\u00fcmanlar ve H\u0131ristiyanlar aras\u0131nda kal\u0131\u015f\u0131n\u0131, ironi ve mizahla yenmeye \u00e7al\u0131\u015fan Ya\u015far Paker&#8230; \u0130zmir yang\u0131n\u0131n\u0131 anlat\u0131rken kimi zaman kozmopolit ge\u00e7mi\u015fi kimi zaman da T\u00fcrk milliyet\u00e7ili\u011fini olumlayan G\u00fclfem \u0130ren&#8230; Dedelerinin belle\u011fi yoluyla Dersimli kimliklerini yeniden ke\u015ffeden Metin ve Kemal Kahraman&#8230; Dersim \u201838\u2019i ya\u015fam \u00f6yk\u00fcs\u00fcn\u00fcn ba\u015flang\u0131\u00e7 noktas\u0131 olarak alan 1970 do\u011fumlu G\u00fcl\u00fcmser Kalik&#8230; Hem kendi topra\u011f\u0131nda hem de g\u00f6\u00e7 etti\u011fi yerde az\u0131nl\u0131k olan Antakyal\u0131 Arap H\u0131ristiyan Can K\u0131l\u00e7\u0131ks\u0131z&#8230; Diasporada solcu bir \u00f6\u011fretmen \u00e7ocu\u011fu olarak yeti\u015fen ve hem T\u00fcrkiyelili\u011fe hem de Hollandal\u0131l\u0131\u011fa mesafeli duran \u00d6zg\u00fcr Canel&#8230; Bu ya\u015fam ve kimlik \u00f6yk\u00fclerinin oda\u011f\u0131nda, ulusal kimlik duruyor. T\u00fcrk ulusal kimli\u011finin nas\u0131l ayn\u0131 anda kapsay\u0131c\u0131 ve d\u0131\u015flay\u0131c\u0131 oldu\u011funu g\u00f6r\u00fcyorsunuz. Leyla Neyzi\u2019nin 1996-2003 y\u0131llar\u0131 aras\u0131nda yapt\u0131\u011f\u0131 s\u00f6zl\u00fc tarih g\u00f6r\u00fc\u015fmelerinden yola \u00e7\u0131karak yazd\u0131\u011f\u0131 yaz\u0131lar, ulusal kimlikle ilgili tart\u0131\u015fmalara katk\u0131da bulunman\u0131n yan\u0131s\u0131ra tarih ve bellek aras\u0131ndaki ili\u015fkiyi de irdeliyor. Sessizle\u015ftirilenlerin seslerini duymak, ya\u015fanm\u0131\u015f tarihle y\u00fczle\u015fmek i\u00e7in&#8230; \ufffcTan\u0131t\u0131m Metni<\/p>\n","protected":false},"excerpt":{"rendered":"<p>Ben Kimim? Herkesin kendine bir ara ya da ara ara mutlaka sordu\u011fu soru de\u011fil mi bu? Belki de insan\u0131n as\u0131l sorusu&#8230; Leyla Neyzi\u2019yle ya\u015fam \u00f6yk\u00fclerini payla\u015fan<span class=\"excerpt-hellip\"> [\u2026]<\/span><\/p>\n","protected":false},"featured_media":0,"template":"","meta":{"_monsterinsights_skip_tracking":false,"_monsterinsights_sitenote_active":false,"_monsterinsights_sitenote_note":"","_monsterinsights_sitenote_category":0},"product_brand":[],"product_cat":[12364],"product_tag":[],"class_list":{"0":"post-695111","1":"product","2":"type-product","3":"status-publish","5":"product_cat-genel-konular","6":"pa_cilt-ciltsiz","7":"pa_tur-kitap","8":"pa_yayinevi-iletisim-yayinlari","9":"pa_yazar-leyla-neyzi","11":"first","12":"instock","13":"sale","14":"shipping-taxable","15":"purchasable","16":"product-type-simple"},"_links":{"self":[{"href":"https:\/\/roveyayinevi.com.tr\/index.php\/wp-json\/wp\/v2\/product\/695111","targetHints":{"allow":["GET"]}}],"collection":[{"href":"https:\/\/roveyayinevi.com.tr\/index.php\/wp-json\/wp\/v2\/product"}],"about":[{"href":"https:\/\/roveyayinevi.com.tr\/index.php\/wp-json\/wp\/v2\/types\/product"}],"wp:attachment":[{"href":"https:\/\/roveyayinevi.com.tr\/index.php\/wp-json\/wp\/v2\/media?parent=695111"}],"wp:term":[{"taxonomy":"product_brand","embeddable":true,"href":"https:\/\/roveyayinevi.com.tr\/index.php\/wp-json\/wp\/v2\/product_brand?post=695111"},{"taxonomy":"product_cat","embeddable":true,"href":"https:\/\/roveyayinevi.com.tr\/index.php\/wp-json\/wp\/v2\/product_cat?post=695111"},{"taxonomy":"product_tag","embeddable":true,"href":"https:\/\/roveyayinevi.com.tr\/index.php\/wp-json\/wp\/v2\/product_tag?post=695111"}],"curies":[{"name":"wp","href":"https:\/\/api.w.org\/{rel}","templated":true}]}}