{"id":695097,"date":"2025-08-27T14:26:13","date_gmt":"2025-08-27T11:26:13","guid":{"rendered":"https:\/\/roveyayinevi.com.tr\/index.php\/urun\/postmodernizmin-yanilsamalari\/"},"modified":"2026-04-16T02:05:02","modified_gmt":"2026-04-15T23:05:02","slug":"postmodernizmin-yanilsamalari","status":"publish","type":"product","link":"https:\/\/roveyayinevi.com.tr\/index.php\/urun\/postmodernizmin-yanilsamalari\/","title":{"rendered":"Postmodernizmin Yan\u0131lsamalar\u0131"},"content":{"rendered":"<p>Girdab\u0131na kap\u0131ld\u0131\u011f\u0131m\u0131z ulusa\u015f\u0131r\u0131 kapitalizm \u00e7a\u011f\u0131n\u0131 kavrayabilmek i\u00e7in ba\u015fvura-bilece\u011fimiz s\u00f6ylenen postmodern d\u00fc\u015f\u00fcnce tarz\u0131n\u0131n bir\u00e7ok tuhaf ve \u00e7eli\u015fkili bo-yut bar\u0131nd\u0131rd\u0131\u011f\u0131n\u0131 seziyorduk&#8230; Bu tuhafl\u0131\u011f\u0131n en belirgin \u00f6\u011fesi, temelde Ayd\u0131nlan-mac\u0131 fikirlere y\u00f6nelik ele\u015ftirilerden kaynaklan\u0131yordu. T\u00fcm bilimselcilik, temelcilik, evrenselcilik, totalite, \u00f6zde\u015f-d\u00fc\u015f\u00fcnme, \u00f6zerk ve bile\u015fik \u00f6zne ve benzerlerine y\u00f6nelik ele\u015ftiriler b\u00fcy\u00fck \u00f6l\u00e7\u00fcde yabanc\u0131s\u0131 oldu\u011fumuz terimlerle ya da pek tan\u0131-mad\u0131\u011f\u0131m\u0131z bir s\u00f6ylem tarz\u0131yla dile getirilse de, bu ele\u015ftirilerin i\u00e7eriklerine hi\u00e7 de yabanc\u0131 de\u011fildik. Ama nedense, bu ele\u015ftirilerden \u00f6ncelikle sosyalistler gocundular. Oysa&#8230;<\/p>\n","protected":false},"excerpt":{"rendered":"<p>Girdab\u0131na kap\u0131ld\u0131\u011f\u0131m\u0131z ulusa\u015f\u0131r\u0131 kapitalizm \u00e7a\u011f\u0131n\u0131 kavrayabilmek i\u00e7in ba\u015fvura-bilece\u011fimiz s\u00f6ylenen postmodern d\u00fc\u015f\u00fcnce tarz\u0131n\u0131n bir\u00e7ok tuhaf ve \u00e7eli\u015fkili bo-yut bar\u0131nd\u0131rd\u0131\u011f\u0131n\u0131 seziyorduk&#8230; Bu tuhafl\u0131\u011f\u0131n en belirgin \u00f6\u011fesi, temelde Ayd\u0131nlan-mac\u0131<span class=\"excerpt-hellip\"> [\u2026]<\/span><\/p>\n","protected":false},"featured_media":0,"template":"","meta":{"_monsterinsights_skip_tracking":false,"_monsterinsights_sitenote_active":false,"_monsterinsights_sitenote_note":"","_monsterinsights_sitenote_category":0},"product_brand":[],"product_cat":[12388,15309],"product_tag":[],"class_list":{"0":"post-695097","1":"product","2":"type-product","3":"status-publish","5":"product_cat-felsefe","6":"product_cat-felsefi-akimlar","7":"pa_cilt-ciltsiz","8":"pa_tur-kitap","9":"pa_yayinevi-ayrinti-yayinlari","10":"pa_yazar-terry-eagleton","12":"first","13":"instock","14":"sale","15":"shipping-taxable","16":"purchasable","17":"product-type-simple"},"_links":{"self":[{"href":"https:\/\/roveyayinevi.com.tr\/index.php\/wp-json\/wp\/v2\/product\/695097","targetHints":{"allow":["GET"]}}],"collection":[{"href":"https:\/\/roveyayinevi.com.tr\/index.php\/wp-json\/wp\/v2\/product"}],"about":[{"href":"https:\/\/roveyayinevi.com.tr\/index.php\/wp-json\/wp\/v2\/types\/product"}],"wp:attachment":[{"href":"https:\/\/roveyayinevi.com.tr\/index.php\/wp-json\/wp\/v2\/media?parent=695097"}],"wp:term":[{"taxonomy":"product_brand","embeddable":true,"href":"https:\/\/roveyayinevi.com.tr\/index.php\/wp-json\/wp\/v2\/product_brand?post=695097"},{"taxonomy":"product_cat","embeddable":true,"href":"https:\/\/roveyayinevi.com.tr\/index.php\/wp-json\/wp\/v2\/product_cat?post=695097"},{"taxonomy":"product_tag","embeddable":true,"href":"https:\/\/roveyayinevi.com.tr\/index.php\/wp-json\/wp\/v2\/product_tag?post=695097"}],"curies":[{"name":"wp","href":"https:\/\/api.w.org\/{rel}","templated":true}]}}