{"id":695090,"date":"2025-08-27T14:26:11","date_gmt":"2025-08-27T11:26:11","guid":{"rendered":"https:\/\/roveyayinevi.com.tr\/index.php\/urun\/okuyucu\/"},"modified":"2026-04-16T02:05:02","modified_gmt":"2026-04-15T23:05:02","slug":"okuyucu","status":"publish","type":"product","link":"https:\/\/roveyayinevi.com.tr\/index.php\/urun\/okuyucu\/","title":{"rendered":"Okuyucu"},"content":{"rendered":"<p>K\u0131rk\u0131 a\u015fk\u0131n dile \u00e7evrilen ve sinemaya uyarlanan Okuyucu, 20. y\u00fczy\u0131l Alman edebiyat\u0131n\u0131n en parlak romanlar\u0131ndan biri. Okuyucu, \u0130kinci D\u00fcnya Sava\u015f\u0131 ertesinde, on be\u015findeki lise \u00f6\u011frencisi Michael Berg ile otuz alt\u0131 ya\u015f\u0131ndaki Hanna Schmitz aras\u0131ndaki tutkulu a\u015fk \u00fczerine kurulu bir hik\u00e2ye anlat\u0131yor. Hanna\u2019n\u0131n aniden ortadan kaybolmas\u0131yla kesintiye u\u011frayan bu birliktelik, ikilinin y\u0131llar sonra bir mahkeme salonunda kar\u015f\u0131la\u015fmas\u0131yla devam ediyor: Hanna sava\u015f s\u0131ras\u0131nda bir kilisede tutulan bir grup Yahudi\u2019nin \u00f6l\u00fcm\u00fcne sebep olmaktan yarg\u0131lanmakta; hukuk e\u011fitimi alan Michael ise, sevdi\u011fi kad\u0131n\u0131n b\u00f6ylesi korkun\u00e7 bir su\u00e7a kar\u0131\u015f\u0131p kar\u0131\u015fmad\u0131\u011f\u0131n\u0131 anlamak \u00fczere mahkemeyi izlemektedir&#8230; Bernhard Schlink Okuyucu\u2019da, sade ve dolays\u0131z bir anlat\u0131mla su\u00e7, ahl\u00e2k, vicdan, utan\u00e7 ve s\u0131r sarmal\u0131 etraf\u0131nda \u00f6r\u00fclen ba\u015f d\u00f6nd\u00fcr\u00fcc\u00fc ve gerilim dolu bir hik\u00e2ye anlat\u0131yor. \u0130kinci D\u00fcnya Sava\u015f\u0131 sonras\u0131 ku\u015fa\u011f\u0131n Nazi d\u00f6nemiyle hesapla\u015fmas\u0131 ve anne babalar\u0131yla uzla\u015fma aray\u0131\u015f\u0131 \u00fczerine g\u00fc\u00e7l\u00fc bir yorum. \u201cOkuyucu bizi&#8230; d\u00fc\u015f\u00fcnmemeyi tercih etti\u011fimiz konular \u00fczerine d\u00fc\u015f\u00fcnd\u00fcr\u00fcyor.\u201d The New York Review of Books-The New York Review of Books <\/p>\n","protected":false},"excerpt":{"rendered":"<p>K\u0131rk\u0131 a\u015fk\u0131n dile \u00e7evrilen ve sinemaya uyarlanan Okuyucu, 20. y\u00fczy\u0131l Alman edebiyat\u0131n\u0131n en parlak romanlar\u0131ndan biri. Okuyucu, \u0130kinci D\u00fcnya Sava\u015f\u0131 ertesinde, on be\u015findeki lise \u00f6\u011frencisi Michael<span class=\"excerpt-hellip\"> [\u2026]<\/span><\/p>\n","protected":false},"featured_media":0,"template":"","meta":{"_monsterinsights_skip_tracking":false,"_monsterinsights_sitenote_active":false,"_monsterinsights_sitenote_note":"","_monsterinsights_sitenote_category":0},"product_brand":[],"product_cat":[12782,12291],"product_tag":[],"class_list":{"0":"post-695090","1":"product","2":"type-product","3":"status-publish","5":"product_cat-alman-edebiyati","6":"product_cat-edebiyat","7":"pa_cilt-ciltsiz","8":"pa_tur-kitap","9":"pa_yayinevi-iletisim-yayinlari","10":"pa_yazar-bernhard-schlink","12":"first","13":"instock","14":"sale","15":"shipping-taxable","16":"purchasable","17":"product-type-simple"},"_links":{"self":[{"href":"https:\/\/roveyayinevi.com.tr\/index.php\/wp-json\/wp\/v2\/product\/695090","targetHints":{"allow":["GET"]}}],"collection":[{"href":"https:\/\/roveyayinevi.com.tr\/index.php\/wp-json\/wp\/v2\/product"}],"about":[{"href":"https:\/\/roveyayinevi.com.tr\/index.php\/wp-json\/wp\/v2\/types\/product"}],"wp:attachment":[{"href":"https:\/\/roveyayinevi.com.tr\/index.php\/wp-json\/wp\/v2\/media?parent=695090"}],"wp:term":[{"taxonomy":"product_brand","embeddable":true,"href":"https:\/\/roveyayinevi.com.tr\/index.php\/wp-json\/wp\/v2\/product_brand?post=695090"},{"taxonomy":"product_cat","embeddable":true,"href":"https:\/\/roveyayinevi.com.tr\/index.php\/wp-json\/wp\/v2\/product_cat?post=695090"},{"taxonomy":"product_tag","embeddable":true,"href":"https:\/\/roveyayinevi.com.tr\/index.php\/wp-json\/wp\/v2\/product_tag?post=695090"}],"curies":[{"name":"wp","href":"https:\/\/api.w.org\/{rel}","templated":true}]}}