{"id":695087,"date":"2025-08-27T14:26:11","date_gmt":"2025-08-27T11:26:11","guid":{"rendered":"https:\/\/roveyayinevi.com.tr\/index.php\/urun\/turkiyede-toplum-ve-siyaset-makaleler-1\/"},"modified":"2025-11-22T02:38:57","modified_gmt":"2025-11-21T23:38:57","slug":"turkiyede-toplum-ve-siyaset-makaleler-1","status":"publish","type":"product","link":"https:\/\/roveyayinevi.com.tr\/index.php\/urun\/turkiyede-toplum-ve-siyaset-makaleler-1\/","title":{"rendered":"T\u00fcrkiye&#8217;de Toplum ve Siyaset: Makaleler 1"},"content":{"rendered":"<p>Mardin\u2019in yerli ve yabanc\u0131 dergilerde yay\u0131mlanm\u0131\u015f makaleleri ve yazarla yap\u0131lm\u0131\u015f s\u00f6yle\u015filerin sistematik derlemesinin ilk cildi, Osmanl\u0131 \u0130mparatorlu\u011fu\u2019ndan ba\u015flayarak sivil toplum, siyasal k\u00fclt\u00fcr ve sosyal yap\u0131y\u0131 \u00e7e\u015fitli altba\u015fl\u0131klar halinde kapsaml\u0131 bir bi\u00e7imde ele al\u0131yor.<\/p>\n","protected":false},"excerpt":{"rendered":"<p>Mardin\u2019in yerli ve yabanc\u0131 dergilerde yay\u0131mlanm\u0131\u015f makaleleri ve yazarla yap\u0131lm\u0131\u015f s\u00f6yle\u015filerin sistematik derlemesinin ilk cildi, Osmanl\u0131 \u0130mparatorlu\u011fu\u2019ndan ba\u015flayarak sivil toplum, siyasal k\u00fclt\u00fcr ve sosyal yap\u0131y\u0131 \u00e7e\u015fitli<span class=\"excerpt-hellip\"> [\u2026]<\/span><\/p>\n","protected":false},"featured_media":0,"template":"","meta":{"_monsterinsights_skip_tracking":false,"_monsterinsights_sitenote_active":false,"_monsterinsights_sitenote_note":"","_monsterinsights_sitenote_category":0},"product_brand":[],"product_cat":[13517,12304],"product_tag":[],"class_list":{"0":"post-695087","1":"product","2":"type-product","3":"status-publish","5":"product_cat-osmanli-tarihi","6":"product_cat-tarih","7":"pa_cilt-ciltsiz","8":"pa_tur-kitap","9":"pa_yayinevi-iletisim-yayinlari","10":"pa_yazar-serif-mardin","12":"first","13":"instock","14":"sale","15":"shipping-taxable","16":"purchasable","17":"product-type-simple"},"_links":{"self":[{"href":"https:\/\/roveyayinevi.com.tr\/index.php\/wp-json\/wp\/v2\/product\/695087","targetHints":{"allow":["GET"]}}],"collection":[{"href":"https:\/\/roveyayinevi.com.tr\/index.php\/wp-json\/wp\/v2\/product"}],"about":[{"href":"https:\/\/roveyayinevi.com.tr\/index.php\/wp-json\/wp\/v2\/types\/product"}],"wp:attachment":[{"href":"https:\/\/roveyayinevi.com.tr\/index.php\/wp-json\/wp\/v2\/media?parent=695087"}],"wp:term":[{"taxonomy":"product_brand","embeddable":true,"href":"https:\/\/roveyayinevi.com.tr\/index.php\/wp-json\/wp\/v2\/product_brand?post=695087"},{"taxonomy":"product_cat","embeddable":true,"href":"https:\/\/roveyayinevi.com.tr\/index.php\/wp-json\/wp\/v2\/product_cat?post=695087"},{"taxonomy":"product_tag","embeddable":true,"href":"https:\/\/roveyayinevi.com.tr\/index.php\/wp-json\/wp\/v2\/product_tag?post=695087"}],"curies":[{"name":"wp","href":"https:\/\/api.w.org\/{rel}","templated":true}]}}