{"id":695083,"date":"2025-08-27T14:26:10","date_gmt":"2025-08-27T11:26:10","guid":{"rendered":"https:\/\/roveyayinevi.com.tr\/index.php\/urun\/buyumus-marksizm\/"},"modified":"2026-01-29T02:09:07","modified_gmt":"2026-01-28T23:09:07","slug":"buyumus-marksizm","status":"publish","type":"product","link":"https:\/\/roveyayinevi.com.tr\/index.php\/urun\/buyumus-marksizm\/","title":{"rendered":"B\u00fcy\u00fcm\u00fc\u015f Marksizm"},"content":{"rendered":"<p>Marksizm sadece siyaset-politika de\u011fildir. Sadece sosyalizm, felsefe ele\u015ftirisi de\u011fildir. Ayn\u0131 zamanda ekonomi politi\u011fin ele\u015ftirisidir. Bu ele\u015ftiriyi i\u00e7ermemi\u015f bir Marksizm tek g\u00f6z\u00fc k\u00f6r insana benzer. B\u00f6yle bir Marksizm ne kapitalizmi bilimsel olarak analiz edebilir, ne de sosyalizm teorisini bilimsel zeminde kurabilir.B\u00fcy\u00fcm\u00fc\u015f Marksizm \u00f6z olarak ekonomi politi\u011fi a\u015fm\u0131\u015f Marksizm demektir. Bu kitap, Marx\u2019\u0131n en az yirmi be\u015f y\u0131lda \u00fcretti\u011fi Grundrisse\u2019nin, Ekonomi Politi\u011fin Ele\u015ftirisine Katk\u0131\u2019n\u0131n, \u00dccret-Fiyat ve K\u00e2r\u2019\u0131n ve Kapital\u2019in d\u00f6rt cildinin ana g\u00f6r\u00fc\u015flerini i\u00e7eriyor. Bu \u00e7al\u0131\u015fma Marx\u2019\u0131n uzun y\u0131llar emek vererek yaratt\u0131\u011f\u0131 ekonomi politik ele\u015ftiriyi temel noktalarda ortaya koymay\u0131 ama\u00e7l\u0131yor. Marksizm\u2019in ekonomi politi\u011fin devam\u0131 olmad\u0131\u011f\u0131n\u0131, Marksizm\u2019in ekonomi politi\u011fi a\u015fma noktalar\u0131n\u0131, \u00f6z ve anla\u015f\u0131l\u0131r bi\u00e7imde \u00f6zetliyor. Ya\u015fayan Marksizm\u2019in bug\u00fcn de kapitalizmin ele\u015ftirisiyle canl\u0131l\u0131\u011f\u0131n\u0131 korudu\u011funu g\u00f6stermeyi hedefliyor. <\/p>\n","protected":false},"excerpt":{"rendered":"<p>Marksizm sadece siyaset-politika de\u011fildir. Sadece sosyalizm, felsefe ele\u015ftirisi de\u011fildir. Ayn\u0131 zamanda ekonomi politi\u011fin ele\u015ftirisidir. Bu ele\u015ftiriyi i\u00e7ermemi\u015f bir Marksizm tek g\u00f6z\u00fc k\u00f6r insana benzer. B\u00f6yle bir<span class=\"excerpt-hellip\"> [\u2026]<\/span><\/p>\n","protected":false},"featured_media":0,"template":"","meta":{"_monsterinsights_skip_tracking":false,"_monsterinsights_sitenote_active":false,"_monsterinsights_sitenote_note":"","_monsterinsights_sitenote_category":0},"product_brand":[],"product_cat":[12388,14717],"product_tag":[],"class_list":{"0":"post-695083","1":"product","2":"type-product","3":"status-publish","5":"product_cat-felsefe","6":"product_cat-felsefe-tarihi","7":"pa_cilt-ciltsiz","8":"pa_tur-kitap","9":"pa_yayinevi-utopya-yayinevi","10":"pa_yazar-mehmet-inanc-turan","12":"first","13":"instock","14":"sale","15":"shipping-taxable","16":"purchasable","17":"product-type-simple"},"_links":{"self":[{"href":"https:\/\/roveyayinevi.com.tr\/index.php\/wp-json\/wp\/v2\/product\/695083","targetHints":{"allow":["GET"]}}],"collection":[{"href":"https:\/\/roveyayinevi.com.tr\/index.php\/wp-json\/wp\/v2\/product"}],"about":[{"href":"https:\/\/roveyayinevi.com.tr\/index.php\/wp-json\/wp\/v2\/types\/product"}],"wp:attachment":[{"href":"https:\/\/roveyayinevi.com.tr\/index.php\/wp-json\/wp\/v2\/media?parent=695083"}],"wp:term":[{"taxonomy":"product_brand","embeddable":true,"href":"https:\/\/roveyayinevi.com.tr\/index.php\/wp-json\/wp\/v2\/product_brand?post=695083"},{"taxonomy":"product_cat","embeddable":true,"href":"https:\/\/roveyayinevi.com.tr\/index.php\/wp-json\/wp\/v2\/product_cat?post=695083"},{"taxonomy":"product_tag","embeddable":true,"href":"https:\/\/roveyayinevi.com.tr\/index.php\/wp-json\/wp\/v2\/product_tag?post=695083"}],"curies":[{"name":"wp","href":"https:\/\/api.w.org\/{rel}","templated":true}]}}